{"id":967,"date":"2016-05-19T00:00:00","date_gmt":"2016-05-18T22:00:00","guid":{"rendered":"https:\/\/retradycja.eu\/tworca\/danuta-radulska\/"},"modified":"2022-08-16T07:01:49","modified_gmt":"2022-08-16T05:01:49","slug":"danuta-radulska","status":"publish","type":"tworca","link":"https:\/\/retradycja.eu\/pl\/tworca\/danuta-radulska\/","title":{"rendered":"Danuta Radulska"},"content":{"rendered":"<p style=\"text-align: justify;\">Jak wspomina pani Danuta Radulska, ko\u0142owrotek i krosno od zawsze by\u0142y obecne w jej rodzinnym domu. Mama pani Danuty&nbsp;wykonywa\u0142a tkaniny wielonicielnicowe. Pani&nbsp;Danuta tkactwa dwuosnowowego nauczy\u0142a si\u0119 od pani Teresy Pryzmont w po\u0142owie lat 80-tych. Materia\u0142, kt\u00f3rego u\u017cywa do tkania to we\u0142na owcza koloru naturalnego lub barwiona. Tkactwo dwuosnowowe jest bardzo skomplikowane, ale technik\u0105 t\u0105 mo\u017cna utka\u0107 r\u00f3\u017cnego rodzaju wzory \u2013&nbsp;kwiaty, postaci ludzkie, zwierz\u0119ta.&nbsp;Na stoisku pani Danuty znajdziemy&nbsp;dywany, bie\u017cniki, makaty i poduszki. Pani Radulska nale\u017cy do Stowarzyszenia Tw\u00f3rc\u00f3w Ludowych, a jej pracownia znajduje si\u0119 na szlaku Gin\u0105cych Zawod\u00f3w wojew\u00f3dztwa Podlaskiego. Otrzyma\u0142a srebrny krzy\u017c zas\u0142ug za dzia\u0142alno\u015b\u0107 tw\u00f3rcz\u0105 oraz Nagrod\u0119 im. Oskara Kolberga. W 2019 r. zosta\u0142a tak\u017ce stypendystk\u0105 Ministra Kultury i Dziedzictwa Narodowego.<\/p>\n<p style=\"text-align: justify;\">&nbsp;<\/p>\n<p style=\"text-align: justify;\"><strong>Kontakt<\/strong><\/p>\n<p style=\"text-align: justify;\">www: <a href=\"http:\/\/tkanina-dwuosnowowa.pl\/\" target=\"_blank\" rel=\"noopener noreferrer\">tkanina-dwuosnowowa.pl<\/a><\/p>\n<p style=\"text-align: justify;\">e-mail: leszek.danuta@onet.eu<\/p>\n<p style=\"text-align: justify;\">telefon: +48 500006249<\/p>\n<p style=\"text-align: justify;\">&nbsp;<\/p>\n","protected":false},"featured_media":971,"template":"","meta":{"_acf_changed":false,"ngg_post_thumbnail":0},"dziedzina_tworczosci":[35],"kategoria_wydarzenia":[],"kategoria_tworcy":[9,17],"edycja":[10,11,12,26,27,31],"kraj_tworcy":[275],"acf":[],"yoast_head":"<!-- This site is optimized with the Yoast SEO plugin v22.2 - https:\/\/yoast.com\/wordpress\/plugins\/seo\/ -->\n<title>Danuta Radulska - Festiwal Re:tradycja - Jarmark Jagiello\u0144ski<\/title>\n<meta name=\"robots\" content=\"index, follow, max-snippet:-1, max-image-preview:large, max-video-preview:-1\" \/>\n<link rel=\"canonical\" href=\"https:\/\/retradycja.eu\/pl\/tworca\/danuta-radulska\/\" \/>\n<meta property=\"og:locale\" content=\"pl_PL\" \/>\n<meta property=\"og:type\" content=\"article\" \/>\n<meta property=\"og:title\" content=\"Danuta Radulska - Festiwal Re:tradycja - Jarmark Jagiello\u0144ski\" \/>\n<meta property=\"og:description\" content=\"Jak wspomina pani Danuta Radulska, ko\u0142owrotek i krosno od zawsze by\u0142y obecne w jej rodzinnym domu. Mama pani Danuty&nbsp;wykonywa\u0142a tkaniny [&hellip;]\" \/>\n<meta property=\"og:url\" content=\"https:\/\/retradycja.eu\/pl\/tworca\/danuta-radulska\/\" \/>\n<meta property=\"og:site_name\" content=\"Festiwal Re:tradycja - Jarmark Jagiello\u0144ski\" \/>\n<meta property=\"article:publisher\" content=\"https:\/\/www.facebook.com\/retradycja\" \/>\n<meta property=\"article:modified_time\" content=\"2022-08-16T05:01:49+00:00\" \/>\n<meta property=\"og:image\" content=\"https:\/\/retradycja.eu\/wp-content\/uploads\/2020\/08\/Tomasz-Bylina-13-4.jpg\" \/>\n\t<meta property=\"og:image:width\" content=\"2000\" \/>\n\t<meta property=\"og:image:height\" content=\"1333\" \/>\n\t<meta property=\"og:image:type\" content=\"image\/jpeg\" \/>\n<meta name=\"twitter:card\" content=\"summary_large_image\" \/>\n<meta name=\"twitter:label1\" content=\"Szacowany czas czytania\" \/>\n\t<meta name=\"twitter:data1\" content=\"1 minuta\" \/>\n<script type=\"application\/ld+json\" class=\"yoast-schema-graph\">{\"@context\":\"https:\/\/schema.org\",\"@graph\":[{\"@type\":\"WebPage\",\"@id\":\"https:\/\/retradycja.eu\/pl\/tworca\/danuta-radulska\/\",\"url\":\"https:\/\/retradycja.eu\/pl\/tworca\/danuta-radulska\/\",\"name\":\"Danuta Radulska - Festiwal Re:tradycja - Jarmark Jagiello\u0144ski\",\"isPartOf\":{\"@id\":\"https:\/\/retradycja.eu\/pl\/#website\"},\"primaryImageOfPage\":{\"@id\":\"https:\/\/retradycja.eu\/pl\/tworca\/danuta-radulska\/#primaryimage\"},\"image\":{\"@id\":\"https:\/\/retradycja.eu\/pl\/tworca\/danuta-radulska\/#primaryimage\"},\"thumbnailUrl\":\"https:\/\/retradycja.eu\/wp-content\/uploads\/2020\/08\/Tomasz-Bylina-13-4.jpg\",\"datePublished\":\"2016-05-18T22:00:00+00:00\",\"dateModified\":\"2022-08-16T05:01:49+00:00\",\"breadcrumb\":{\"@id\":\"https:\/\/retradycja.eu\/pl\/tworca\/danuta-radulska\/#breadcrumb\"},\"inLanguage\":\"pl-PL\",\"potentialAction\":[{\"@type\":\"ReadAction\",\"target\":[\"https:\/\/retradycja.eu\/pl\/tworca\/danuta-radulska\/\"]}]},{\"@type\":\"ImageObject\",\"inLanguage\":\"pl-PL\",\"@id\":\"https:\/\/retradycja.eu\/pl\/tworca\/danuta-radulska\/#primaryimage\",\"url\":\"https:\/\/retradycja.eu\/wp-content\/uploads\/2020\/08\/Tomasz-Bylina-13-4.jpg\",\"contentUrl\":\"https:\/\/retradycja.eu\/wp-content\/uploads\/2020\/08\/Tomasz-Bylina-13-4.jpg\",\"width\":2000,\"height\":1333,\"caption\":\"[Kobieta stoi na swoim stoisku z tradycyjnym r\u0119kodzie\u0142em.]\"},{\"@type\":\"BreadcrumbList\",\"@id\":\"https:\/\/retradycja.eu\/pl\/tworca\/danuta-radulska\/#breadcrumb\",\"itemListElement\":[{\"@type\":\"ListItem\",\"position\":1,\"name\":\"Strona g\u0142\u00f3wna\",\"item\":\"https:\/\/retradycja.eu\/pl\/\"},{\"@type\":\"ListItem\",\"position\":2,\"name\":\"Danuta Radulska\"}]},{\"@type\":\"WebSite\",\"@id\":\"https:\/\/retradycja.eu\/pl\/#website\",\"url\":\"https:\/\/retradycja.eu\/pl\/\",\"name\":\"Festiwal Re:tradycja - Jarmark Jagiello\u0144ski\",\"description\":\" Lublin, Stare Miasto\",\"publisher\":{\"@id\":\"https:\/\/retradycja.eu\/pl\/#organization\"},\"potentialAction\":[{\"@type\":\"SearchAction\",\"target\":{\"@type\":\"EntryPoint\",\"urlTemplate\":\"https:\/\/retradycja.eu\/pl\/?s={search_term_string}\"},\"query-input\":\"required name=search_term_string\"}],\"inLanguage\":\"pl-PL\"},{\"@type\":\"Organization\",\"@id\":\"https:\/\/retradycja.eu\/pl\/#organization\",\"name\":\"Warsztaty Kultury w Lublinie\",\"url\":\"https:\/\/retradycja.eu\/pl\/\",\"logo\":{\"@type\":\"ImageObject\",\"inLanguage\":\"pl-PL\",\"@id\":\"https:\/\/retradycja.eu\/pl\/#\/schema\/logo\/image\/\",\"url\":\"https:\/\/retradycja.eu\/wp-content\/uploads\/2022\/06\/logo_retradycje-01.png\",\"contentUrl\":\"https:\/\/retradycja.eu\/wp-content\/uploads\/2022\/06\/logo_retradycje-01.png\",\"width\":332,\"height\":63,\"caption\":\"Warsztaty Kultury w Lublinie\"},\"image\":{\"@id\":\"https:\/\/retradycja.eu\/pl\/#\/schema\/logo\/image\/\"},\"sameAs\":[\"https:\/\/www.facebook.com\/retradycja\",\"https:\/\/www.instagram.com\/retradycja_jarmarkjagiellonski\/\",\"https:\/\/www.youtube.com\/user\/JarmarkJagiellonski\"]}]}<\/script>\n<!-- \/ Yoast SEO plugin. -->","yoast_head_json":{"title":"Danuta Radulska - Festiwal Re:tradycja - Jarmark Jagiello\u0144ski","robots":{"index":"index","follow":"follow","max-snippet":"max-snippet:-1","max-image-preview":"max-image-preview:large","max-video-preview":"max-video-preview:-1"},"canonical":"https:\/\/retradycja.eu\/pl\/tworca\/danuta-radulska\/","og_locale":"pl_PL","og_type":"article","og_title":"Danuta Radulska - Festiwal Re:tradycja - Jarmark Jagiello\u0144ski","og_description":"Jak wspomina pani Danuta Radulska, ko\u0142owrotek i krosno od zawsze by\u0142y obecne w jej rodzinnym domu. Mama pani Danuty&nbsp;wykonywa\u0142a tkaniny [&hellip;]","og_url":"https:\/\/retradycja.eu\/pl\/tworca\/danuta-radulska\/","og_site_name":"Festiwal Re:tradycja - Jarmark Jagiello\u0144ski","article_publisher":"https:\/\/www.facebook.com\/retradycja","article_modified_time":"2022-08-16T05:01:49+00:00","og_image":[{"width":2000,"height":1333,"url":"https:\/\/retradycja.eu\/wp-content\/uploads\/2020\/08\/Tomasz-Bylina-13-4.jpg","type":"image\/jpeg"}],"twitter_card":"summary_large_image","twitter_misc":{"Szacowany czas czytania":"1 minuta"},"schema":{"@context":"https:\/\/schema.org","@graph":[{"@type":"WebPage","@id":"https:\/\/retradycja.eu\/pl\/tworca\/danuta-radulska\/","url":"https:\/\/retradycja.eu\/pl\/tworca\/danuta-radulska\/","name":"Danuta Radulska - Festiwal Re:tradycja - Jarmark Jagiello\u0144ski","isPartOf":{"@id":"https:\/\/retradycja.eu\/pl\/#website"},"primaryImageOfPage":{"@id":"https:\/\/retradycja.eu\/pl\/tworca\/danuta-radulska\/#primaryimage"},"image":{"@id":"https:\/\/retradycja.eu\/pl\/tworca\/danuta-radulska\/#primaryimage"},"thumbnailUrl":"https:\/\/retradycja.eu\/wp-content\/uploads\/2020\/08\/Tomasz-Bylina-13-4.jpg","datePublished":"2016-05-18T22:00:00+00:00","dateModified":"2022-08-16T05:01:49+00:00","breadcrumb":{"@id":"https:\/\/retradycja.eu\/pl\/tworca\/danuta-radulska\/#breadcrumb"},"inLanguage":"pl-PL","potentialAction":[{"@type":"ReadAction","target":["https:\/\/retradycja.eu\/pl\/tworca\/danuta-radulska\/"]}]},{"@type":"ImageObject","inLanguage":"pl-PL","@id":"https:\/\/retradycja.eu\/pl\/tworca\/danuta-radulska\/#primaryimage","url":"https:\/\/retradycja.eu\/wp-content\/uploads\/2020\/08\/Tomasz-Bylina-13-4.jpg","contentUrl":"https:\/\/retradycja.eu\/wp-content\/uploads\/2020\/08\/Tomasz-Bylina-13-4.jpg","width":2000,"height":1333,"caption":"[Kobieta stoi na swoim stoisku z tradycyjnym r\u0119kodzie\u0142em.]"},{"@type":"BreadcrumbList","@id":"https:\/\/retradycja.eu\/pl\/tworca\/danuta-radulska\/#breadcrumb","itemListElement":[{"@type":"ListItem","position":1,"name":"Strona g\u0142\u00f3wna","item":"https:\/\/retradycja.eu\/pl\/"},{"@type":"ListItem","position":2,"name":"Danuta Radulska"}]},{"@type":"WebSite","@id":"https:\/\/retradycja.eu\/pl\/#website","url":"https:\/\/retradycja.eu\/pl\/","name":"Festiwal Re:tradycja - Jarmark Jagiello\u0144ski","description":" Lublin, Stare Miasto","publisher":{"@id":"https:\/\/retradycja.eu\/pl\/#organization"},"potentialAction":[{"@type":"SearchAction","target":{"@type":"EntryPoint","urlTemplate":"https:\/\/retradycja.eu\/pl\/?s={search_term_string}"},"query-input":"required name=search_term_string"}],"inLanguage":"pl-PL"},{"@type":"Organization","@id":"https:\/\/retradycja.eu\/pl\/#organization","name":"Warsztaty Kultury w Lublinie","url":"https:\/\/retradycja.eu\/pl\/","logo":{"@type":"ImageObject","inLanguage":"pl-PL","@id":"https:\/\/retradycja.eu\/pl\/#\/schema\/logo\/image\/","url":"https:\/\/retradycja.eu\/wp-content\/uploads\/2022\/06\/logo_retradycje-01.png","contentUrl":"https:\/\/retradycja.eu\/wp-content\/uploads\/2022\/06\/logo_retradycje-01.png","width":332,"height":63,"caption":"Warsztaty Kultury w Lublinie"},"image":{"@id":"https:\/\/retradycja.eu\/pl\/#\/schema\/logo\/image\/"},"sameAs":["https:\/\/www.facebook.com\/retradycja","https:\/\/www.instagram.com\/retradycja_jarmarkjagiellonski\/","https:\/\/www.youtube.com\/user\/JarmarkJagiellonski"]}]}},"_links":{"self":[{"href":"https:\/\/retradycja.eu\/pl\/wp-json\/wp\/v2\/tworca\/967"}],"collection":[{"href":"https:\/\/retradycja.eu\/pl\/wp-json\/wp\/v2\/tworca"}],"about":[{"href":"https:\/\/retradycja.eu\/pl\/wp-json\/wp\/v2\/types\/tworca"}],"wp:featuredmedia":[{"embeddable":true,"href":"https:\/\/retradycja.eu\/pl\/wp-json\/wp\/v2\/media\/971"}],"wp:attachment":[{"href":"https:\/\/retradycja.eu\/pl\/wp-json\/wp\/v2\/media?parent=967"}],"wp:term":[{"taxonomy":"dziedzina_tworczosci","embeddable":true,"href":"https:\/\/retradycja.eu\/pl\/wp-json\/wp\/v2\/dziedzina_tworczosci?post=967"},{"taxonomy":"kategoria_wydarzenia","embeddable":true,"href":"https:\/\/retradycja.eu\/pl\/wp-json\/wp\/v2\/kategoria_wydarzenia?post=967"},{"taxonomy":"kategoria_tworcy","embeddable":true,"href":"https:\/\/retradycja.eu\/pl\/wp-json\/wp\/v2\/kategoria_tworcy?post=967"},{"taxonomy":"edycja","embeddable":true,"href":"https:\/\/retradycja.eu\/pl\/wp-json\/wp\/v2\/edycja?post=967"},{"taxonomy":"kraj_tworcy","embeddable":true,"href":"https:\/\/retradycja.eu\/pl\/wp-json\/wp\/v2\/kraj_tworcy?post=967"}],"curies":[{"name":"wp","href":"https:\/\/api.w.org\/{rel}","templated":true}]}}

<p style="text-align: justify;">Jak wspomina pani Danuta Radulska, kołowrotek i krosno od zawsze były obecne w jej rodzinnym domu. Mama pani Danuty&nbsp;wykonywała tkaniny wielonicielnicowe. Pani&nbsp;Danuta tkactwa dwuosnowowego nauczyła się od pani Teresy Pryzmont w połowie lat 80-tych. Materiał, którego używa do tkania to wełna owcza koloru naturalnego lub barwiona. Tkactwo dwuosnowowe jest bardzo skomplikowane, ale techniką tą można utkać różnego rodzaju wzory –&nbsp;kwiaty, postaci ludzkie, zwierzęta.&nbsp;Na stoisku pani Danuty znajdziemy&nbsp;dywany, bieżniki, makaty i poduszki. Pani Radulska należy do Stowarzyszenia Twórców Ludowych, a jej pracownia znajduje się na szlaku Ginących Zawodów województwa Podlaskiego. Otrzymała srebrny krzyż zasług za działalność twórczą oraz Nagrodę im. Oskara Kolberga. W 2019 r. została także stypendystką Ministra Kultury i Dziedzictwa Narodowego.</p>
<p style="text-align: justify;">&nbsp;</p>
<p style="text-align: justify;"><strong>Kontakt</strong></p>
<p style="text-align: justify;">www: <a href="http://tkanina-dwuosnowowa.pl/" target="_blank" rel="noopener noreferrer">tkanina-dwuosnowowa.pl</a></p>
<p style="text-align: justify;">e-mail: leszek.danuta@onet.eu</p>
<p style="text-align: justify;">telefon: +48 500006249</p>
<p style="text-align: justify;">&nbsp;</p>

<!-- This site is optimized with the Yoast SEO plugin v22.2 - https://yoast.com/wordpress/plugins/seo/ -->
<title>Danuta Radulska - Festiwal Re:tradycja - Jarmark Jagielloński</title>
<meta name="robots" content="index, follow, max-snippet:-1, max-image-preview:large, max-video-preview:-1" />
<link rel="canonical" href="https://retradycja.eu/pl/tworca/danuta-radulska/" />
<meta property="og:locale" content="pl_PL" />
<meta property="og:type" content="article" />
<meta property="og:title" content="Danuta Radulska - Festiwal Re:tradycja - Jarmark Jagielloński" />
<meta property="og:description" content="Jak wspomina pani Danuta Radulska, kołowrotek i krosno od zawsze były obecne w jej rodzinnym domu. Mama pani Danuty&nbsp;wykonywała tkaniny [&hellip;]" />
<meta property="og:url" content="https://retradycja.eu/pl/tworca/danuta-radulska/" />
<meta property="og:site_name" content="Festiwal Re:tradycja - Jarmark Jagielloński" />
<meta property="article:publisher" content="https://www.facebook.com/retradycja" />
<meta property="article:modified_time" content="2022-08-16T05:01:49+00:00" />
<meta property="og:image" content="https://retradycja.eu/wp-content/uploads/2020/08/Tomasz-Bylina-13-4.jpg" />
	<meta property="og:image:width" content="2000" />
	<meta property="og:image:height" content="1333" />
	<meta property="og:image:type" content="image/jpeg" />
<meta name="twitter:card" content="summary_large_image" />
<meta name="twitter:label1" content="Szacowany czas czytania" />
	<meta name="twitter:data1" content="1 minuta" />
<script type="application/ld+json" class="yoast-schema-graph">{"@context":"https://schema.org","@graph":[{"@type":"WebPage","@id":"https://retradycja.eu/pl/tworca/danuta-radulska/","url":"https://retradycja.eu/pl/tworca/danuta-radulska/","name":"Danuta Radulska - Festiwal Re:tradycja - Jarmark Jagielloński","isPartOf":{"@id":"https://retradycja.eu/pl/#website"},"primaryImageOfPage":{"@id":"https://retradycja.eu/pl/tworca/danuta-radulska/#primaryimage"},"image":{"@id":"https://retradycja.eu/pl/tworca/danuta-radulska/#primaryimage"},"thumbnailUrl":"https://retradycja.eu/wp-content/uploads/2020/08/Tomasz-Bylina-13-4.jpg","datePublished":"2016-05-18T22:00:00+00:00","dateModified":"2022-08-16T05:01:49+00:00","breadcrumb":{"@id":"https://retradycja.eu/pl/tworca/danuta-radulska/#breadcrumb"},"inLanguage":"pl-PL","potentialAction":[{"@type":"ReadAction","target":["https://retradycja.eu/pl/tworca/danuta-radulska/"]}]},{"@type":"ImageObject","inLanguage":"pl-PL","@id":"https://retradycja.eu/pl/tworca/danuta-radulska/#primaryimage","url":"https://retradycja.eu/wp-content/uploads/2020/08/Tomasz-Bylina-13-4.jpg","contentUrl":"https://retradycja.eu/wp-content/uploads/2020/08/Tomasz-Bylina-13-4.jpg","width":2000,"height":1333,"caption":"[Kobieta stoi na swoim stoisku z tradycyjnym rękodziełem.]"},{"@type":"BreadcrumbList","@id":"https://retradycja.eu/pl/tworca/danuta-radulska/#breadcrumb","itemListElement":[{"@type":"ListItem","position":1,"name":"Strona główna","item":"https://retradycja.eu/pl/"},{"@type":"ListItem","position":2,"name":"Danuta Radulska"}]},{"@type":"WebSite","@id":"https://retradycja.eu/pl/#website","url":"https://retradycja.eu/pl/","name":"Festiwal Re:tradycja - Jarmark Jagielloński","description":" Lublin, Stare Miasto","publisher":{"@id":"https://retradycja.eu/pl/#organization"},"potentialAction":[{"@type":"SearchAction","target":{"@type":"EntryPoint","urlTemplate":"https://retradycja.eu/pl/?s={search_term_string}"},"query-input":"required name=search_term_string"}],"inLanguage":"pl-PL"},{"@type":"Organization","@id":"https://retradycja.eu/pl/#organization","name":"Warsztaty Kultury w Lublinie","url":"https://retradycja.eu/pl/","logo":{"@type":"ImageObject","inLanguage":"pl-PL","@id":"https://retradycja.eu/pl/#/schema/logo/image/","url":"https://retradycja.eu/wp-content/uploads/2022/06/logo_retradycje-01.png","contentUrl":"https://retradycja.eu/wp-content/uploads/2022/06/logo_retradycje-01.png","width":332,"height":63,"caption":"Warsztaty Kultury w Lublinie"},"image":{"@id":"https://retradycja.eu/pl/#/schema/logo/image/"},"sameAs":["https://www.facebook.com/retradycja","https://www.instagram.com/retradycja_jarmarkjagiellonski/","https://www.youtube.com/user/JarmarkJagiellonski"]}]}</script>
<!-- / Yoast SEO plugin. -->

Danuta Radulska - Festiwal Re:tradycja - Jarmark Jagielloński

Jak wspomina pani Danuta Radulska, kołowrotek i krosno od zawsze były obecne w jej rodzinnym domu. Mama pani Danuty&nbsp;wykonywała tkaniny [&hellip;]

Festiwal Re:tradycja - Jarmark Jagielloński

[Kobieta stoi na swoim stoisku z tradycyjnym rękodziełem.]

Strona główna
