{"id":712,"date":"2015-04-30T00:00:00","date_gmt":"2015-04-29T22:00:00","guid":{"rendered":"https:\/\/retradycja.eu\/tworca\/stanislawa-maka\/"},"modified":"2024-05-08T12:41:00","modified_gmt":"2024-05-08T10:41:00","slug":"stanislawa-maka","status":"publish","type":"tworca","link":"https:\/\/retradycja.eu\/pl\/tworca\/stanislawa-maka\/","title":{"rendered":"Stanis\u0142awa M\u0105ka"},"content":{"rendered":"<p>Pani Stanis\u0142awa M\u0105ka tw\u00f3rczo\u015bci\u0105 zajmuje si\u0119 od 1972 roku. Jej m\u0105\u017c, Walerian, r\u00f3wnie\u017c tworzy\u0142 &#8211; pisa\u0142 wiersze oraz rze\u017abi\u0142. Sukcesy w formie wyr\u00f3\u017cnie\u0144 i nagr\u00f3d na jej w\u0142asnym koncie pojawi\u0142y si\u0119 ju\u017c w 1973 roku. Pani Stanis\u0142awa maluje obrazy, rze\u017abi, wykonuje wycinanki oraz pisanki &#8211; tworzenia tych ostatnich nauczy\u0142a si\u0119 od swojej mamy. Wykorzystuje zar\u00f3wno wzory tradycyjne, jak i tworzy nowe formy. Tematyk\u0105 jej prac s\u0105 m.in. sceny rodzajowe i obrz\u0119dowe. Jak sama m\u00f3wi &#8211; tworzy z wewn\u0119trznej potrzeby, chce przekazywa\u0107 wiedz\u0119 kolejnym pokoleniom. Uczestniczy w wielu wystawach i konkursach w Lublinie, Che\u0142mie, Toruniu, Warszawie. Nale\u017cy do Stowarzyszenia Tw\u00f3rc\u00f3w Ludowych oraz Stowarzyszenia Ziemi Che\u0142mskiej. Odznaczona Z\u0142otym Krzy\u017cem Zas\u0142ugi nadanym przez Ministerstwo Dziedzictwa i Kultury Narodowej.<\/p>\n","protected":false},"featured_media":713,"template":"","meta":{"_acf_changed":false,"ngg_post_thumbnail":0},"dziedzina_tworczosci":[25,16],"kategoria_wydarzenia":[],"kategoria_tworcy":[9],"edycja":[21,22,18,19,10,11,12,13,14,26,27,31,182,320],"kraj_tworcy":[275],"acf":[],"yoast_head":"<!-- This site is optimized with the Yoast SEO plugin v22.2 - https:\/\/yoast.com\/wordpress\/plugins\/seo\/ -->\n<title>Stanis\u0142awa M\u0105ka - Festiwal Re:tradycja - Jarmark Jagiello\u0144ski<\/title>\n<meta name=\"robots\" content=\"index, follow, max-snippet:-1, max-image-preview:large, max-video-preview:-1\" \/>\n<link rel=\"canonical\" href=\"https:\/\/retradycja.eu\/pl\/tworca\/stanislawa-maka\/\" \/>\n<meta property=\"og:locale\" content=\"pl_PL\" \/>\n<meta property=\"og:type\" content=\"article\" \/>\n<meta property=\"og:title\" content=\"Stanis\u0142awa M\u0105ka - Festiwal Re:tradycja - Jarmark Jagiello\u0144ski\" \/>\n<meta property=\"og:description\" content=\"Pani Stanis\u0142awa M\u0105ka tw\u00f3rczo\u015bci\u0105 zajmuje si\u0119 od 1972 roku. Jej m\u0105\u017c, Walerian, r\u00f3wnie\u017c tworzy\u0142 &#8211; pisa\u0142 wiersze oraz rze\u017abi\u0142. Sukcesy [&hellip;]\" \/>\n<meta property=\"og:url\" content=\"https:\/\/retradycja.eu\/pl\/tworca\/stanislawa-maka\/\" \/>\n<meta property=\"og:site_name\" content=\"Festiwal Re:tradycja - Jarmark Jagiello\u0144ski\" \/>\n<meta property=\"article:publisher\" content=\"https:\/\/www.facebook.com\/retradycja\" \/>\n<meta property=\"article:modified_time\" content=\"2024-05-08T10:41:00+00:00\" \/>\n<meta property=\"og:image\" content=\"https:\/\/retradycja.eu\/wp-content\/uploads\/2020\/08\/Tomasz-Bylina-4.jpg\" \/>\n\t<meta property=\"og:image:width\" content=\"2000\" \/>\n\t<meta property=\"og:image:height\" content=\"1333\" \/>\n\t<meta property=\"og:image:type\" content=\"image\/jpeg\" \/>\n<meta name=\"twitter:card\" content=\"summary_large_image\" \/>\n<meta name=\"twitter:label1\" content=\"Szacowany czas czytania\" \/>\n\t<meta name=\"twitter:data1\" content=\"1 minuta\" \/>\n<script type=\"application\/ld+json\" class=\"yoast-schema-graph\">{\"@context\":\"https:\/\/schema.org\",\"@graph\":[{\"@type\":\"WebPage\",\"@id\":\"https:\/\/retradycja.eu\/pl\/tworca\/stanislawa-maka\/\",\"url\":\"https:\/\/retradycja.eu\/pl\/tworca\/stanislawa-maka\/\",\"name\":\"Stanis\u0142awa M\u0105ka - Festiwal Re:tradycja - Jarmark Jagiello\u0144ski\",\"isPartOf\":{\"@id\":\"https:\/\/retradycja.eu\/pl\/#website\"},\"primaryImageOfPage\":{\"@id\":\"https:\/\/retradycja.eu\/pl\/tworca\/stanislawa-maka\/#primaryimage\"},\"image\":{\"@id\":\"https:\/\/retradycja.eu\/pl\/tworca\/stanislawa-maka\/#primaryimage\"},\"thumbnailUrl\":\"https:\/\/retradycja.eu\/wp-content\/uploads\/2020\/08\/Tomasz-Bylina-4.jpg\",\"datePublished\":\"2015-04-29T22:00:00+00:00\",\"dateModified\":\"2024-05-08T10:41:00+00:00\",\"breadcrumb\":{\"@id\":\"https:\/\/retradycja.eu\/pl\/tworca\/stanislawa-maka\/#breadcrumb\"},\"inLanguage\":\"pl-PL\",\"potentialAction\":[{\"@type\":\"ReadAction\",\"target\":[\"https:\/\/retradycja.eu\/pl\/tworca\/stanislawa-maka\/\"]}]},{\"@type\":\"ImageObject\",\"inLanguage\":\"pl-PL\",\"@id\":\"https:\/\/retradycja.eu\/pl\/tworca\/stanislawa-maka\/#primaryimage\",\"url\":\"https:\/\/retradycja.eu\/wp-content\/uploads\/2020\/08\/Tomasz-Bylina-4.jpg\",\"contentUrl\":\"https:\/\/retradycja.eu\/wp-content\/uploads\/2020\/08\/Tomasz-Bylina-4.jpg\",\"width\":2000,\"height\":1333,\"caption\":\"[artystka tradycyjna przy swoim stanowisku na Jarmarku Jagiello\u0144skim.]\"},{\"@type\":\"BreadcrumbList\",\"@id\":\"https:\/\/retradycja.eu\/pl\/tworca\/stanislawa-maka\/#breadcrumb\",\"itemListElement\":[{\"@type\":\"ListItem\",\"position\":1,\"name\":\"Strona g\u0142\u00f3wna\",\"item\":\"https:\/\/retradycja.eu\/pl\/\"},{\"@type\":\"ListItem\",\"position\":2,\"name\":\"Stanis\u0142awa M\u0105ka\"}]},{\"@type\":\"WebSite\",\"@id\":\"https:\/\/retradycja.eu\/pl\/#website\",\"url\":\"https:\/\/retradycja.eu\/pl\/\",\"name\":\"Festiwal Re:tradycja - Jarmark Jagiello\u0144ski\",\"description\":\" Lublin, Stare Miasto\",\"publisher\":{\"@id\":\"https:\/\/retradycja.eu\/pl\/#organization\"},\"potentialAction\":[{\"@type\":\"SearchAction\",\"target\":{\"@type\":\"EntryPoint\",\"urlTemplate\":\"https:\/\/retradycja.eu\/pl\/?s={search_term_string}\"},\"query-input\":\"required name=search_term_string\"}],\"inLanguage\":\"pl-PL\"},{\"@type\":\"Organization\",\"@id\":\"https:\/\/retradycja.eu\/pl\/#organization\",\"name\":\"Warsztaty Kultury w Lublinie\",\"url\":\"https:\/\/retradycja.eu\/pl\/\",\"logo\":{\"@type\":\"ImageObject\",\"inLanguage\":\"pl-PL\",\"@id\":\"https:\/\/retradycja.eu\/pl\/#\/schema\/logo\/image\/\",\"url\":\"https:\/\/retradycja.eu\/wp-content\/uploads\/2022\/06\/logo_retradycje-01.png\",\"contentUrl\":\"https:\/\/retradycja.eu\/wp-content\/uploads\/2022\/06\/logo_retradycje-01.png\",\"width\":332,\"height\":63,\"caption\":\"Warsztaty Kultury w Lublinie\"},\"image\":{\"@id\":\"https:\/\/retradycja.eu\/pl\/#\/schema\/logo\/image\/\"},\"sameAs\":[\"https:\/\/www.facebook.com\/retradycja\",\"https:\/\/www.instagram.com\/retradycja_jarmarkjagiellonski\/\",\"https:\/\/www.youtube.com\/user\/JarmarkJagiellonski\"]}]}<\/script>\n<!-- \/ Yoast SEO plugin. -->","yoast_head_json":{"title":"Stanis\u0142awa M\u0105ka - Festiwal Re:tradycja - Jarmark Jagiello\u0144ski","robots":{"index":"index","follow":"follow","max-snippet":"max-snippet:-1","max-image-preview":"max-image-preview:large","max-video-preview":"max-video-preview:-1"},"canonical":"https:\/\/retradycja.eu\/pl\/tworca\/stanislawa-maka\/","og_locale":"pl_PL","og_type":"article","og_title":"Stanis\u0142awa M\u0105ka - Festiwal Re:tradycja - Jarmark Jagiello\u0144ski","og_description":"Pani Stanis\u0142awa M\u0105ka tw\u00f3rczo\u015bci\u0105 zajmuje si\u0119 od 1972 roku. Jej m\u0105\u017c, Walerian, r\u00f3wnie\u017c tworzy\u0142 &#8211; pisa\u0142 wiersze oraz rze\u017abi\u0142. Sukcesy [&hellip;]","og_url":"https:\/\/retradycja.eu\/pl\/tworca\/stanislawa-maka\/","og_site_name":"Festiwal Re:tradycja - Jarmark Jagiello\u0144ski","article_publisher":"https:\/\/www.facebook.com\/retradycja","article_modified_time":"2024-05-08T10:41:00+00:00","og_image":[{"width":2000,"height":1333,"url":"https:\/\/retradycja.eu\/wp-content\/uploads\/2020\/08\/Tomasz-Bylina-4.jpg","type":"image\/jpeg"}],"twitter_card":"summary_large_image","twitter_misc":{"Szacowany czas czytania":"1 minuta"},"schema":{"@context":"https:\/\/schema.org","@graph":[{"@type":"WebPage","@id":"https:\/\/retradycja.eu\/pl\/tworca\/stanislawa-maka\/","url":"https:\/\/retradycja.eu\/pl\/tworca\/stanislawa-maka\/","name":"Stanis\u0142awa M\u0105ka - Festiwal Re:tradycja - Jarmark Jagiello\u0144ski","isPartOf":{"@id":"https:\/\/retradycja.eu\/pl\/#website"},"primaryImageOfPage":{"@id":"https:\/\/retradycja.eu\/pl\/tworca\/stanislawa-maka\/#primaryimage"},"image":{"@id":"https:\/\/retradycja.eu\/pl\/tworca\/stanislawa-maka\/#primaryimage"},"thumbnailUrl":"https:\/\/retradycja.eu\/wp-content\/uploads\/2020\/08\/Tomasz-Bylina-4.jpg","datePublished":"2015-04-29T22:00:00+00:00","dateModified":"2024-05-08T10:41:00+00:00","breadcrumb":{"@id":"https:\/\/retradycja.eu\/pl\/tworca\/stanislawa-maka\/#breadcrumb"},"inLanguage":"pl-PL","potentialAction":[{"@type":"ReadAction","target":["https:\/\/retradycja.eu\/pl\/tworca\/stanislawa-maka\/"]}]},{"@type":"ImageObject","inLanguage":"pl-PL","@id":"https:\/\/retradycja.eu\/pl\/tworca\/stanislawa-maka\/#primaryimage","url":"https:\/\/retradycja.eu\/wp-content\/uploads\/2020\/08\/Tomasz-Bylina-4.jpg","contentUrl":"https:\/\/retradycja.eu\/wp-content\/uploads\/2020\/08\/Tomasz-Bylina-4.jpg","width":2000,"height":1333,"caption":"[artystka tradycyjna przy swoim stanowisku na Jarmarku Jagiello\u0144skim.]"},{"@type":"BreadcrumbList","@id":"https:\/\/retradycja.eu\/pl\/tworca\/stanislawa-maka\/#breadcrumb","itemListElement":[{"@type":"ListItem","position":1,"name":"Strona g\u0142\u00f3wna","item":"https:\/\/retradycja.eu\/pl\/"},{"@type":"ListItem","position":2,"name":"Stanis\u0142awa M\u0105ka"}]},{"@type":"WebSite","@id":"https:\/\/retradycja.eu\/pl\/#website","url":"https:\/\/retradycja.eu\/pl\/","name":"Festiwal Re:tradycja - Jarmark Jagiello\u0144ski","description":" Lublin, Stare Miasto","publisher":{"@id":"https:\/\/retradycja.eu\/pl\/#organization"},"potentialAction":[{"@type":"SearchAction","target":{"@type":"EntryPoint","urlTemplate":"https:\/\/retradycja.eu\/pl\/?s={search_term_string}"},"query-input":"required name=search_term_string"}],"inLanguage":"pl-PL"},{"@type":"Organization","@id":"https:\/\/retradycja.eu\/pl\/#organization","name":"Warsztaty Kultury w Lublinie","url":"https:\/\/retradycja.eu\/pl\/","logo":{"@type":"ImageObject","inLanguage":"pl-PL","@id":"https:\/\/retradycja.eu\/pl\/#\/schema\/logo\/image\/","url":"https:\/\/retradycja.eu\/wp-content\/uploads\/2022\/06\/logo_retradycje-01.png","contentUrl":"https:\/\/retradycja.eu\/wp-content\/uploads\/2022\/06\/logo_retradycje-01.png","width":332,"height":63,"caption":"Warsztaty Kultury w Lublinie"},"image":{"@id":"https:\/\/retradycja.eu\/pl\/#\/schema\/logo\/image\/"},"sameAs":["https:\/\/www.facebook.com\/retradycja","https:\/\/www.instagram.com\/retradycja_jarmarkjagiellonski\/","https:\/\/www.youtube.com\/user\/JarmarkJagiellonski"]}]}},"_links":{"self":[{"href":"https:\/\/retradycja.eu\/pl\/wp-json\/wp\/v2\/tworca\/712"}],"collection":[{"href":"https:\/\/retradycja.eu\/pl\/wp-json\/wp\/v2\/tworca"}],"about":[{"href":"https:\/\/retradycja.eu\/pl\/wp-json\/wp\/v2\/types\/tworca"}],"wp:featuredmedia":[{"embeddable":true,"href":"https:\/\/retradycja.eu\/pl\/wp-json\/wp\/v2\/media\/713"}],"wp:attachment":[{"href":"https:\/\/retradycja.eu\/pl\/wp-json\/wp\/v2\/media?parent=712"}],"wp:term":[{"taxonomy":"dziedzina_tworczosci","embeddable":true,"href":"https:\/\/retradycja.eu\/pl\/wp-json\/wp\/v2\/dziedzina_tworczosci?post=712"},{"taxonomy":"kategoria_wydarzenia","embeddable":true,"href":"https:\/\/retradycja.eu\/pl\/wp-json\/wp\/v2\/kategoria_wydarzenia?post=712"},{"taxonomy":"kategoria_tworcy","embeddable":true,"href":"https:\/\/retradycja.eu\/pl\/wp-json\/wp\/v2\/kategoria_tworcy?post=712"},{"taxonomy":"edycja","embeddable":true,"href":"https:\/\/retradycja.eu\/pl\/wp-json\/wp\/v2\/edycja?post=712"},{"taxonomy":"kraj_tworcy","embeddable":true,"href":"https:\/\/retradycja.eu\/pl\/wp-json\/wp\/v2\/kraj_tworcy?post=712"}],"curies":[{"name":"wp","href":"https:\/\/api.w.org\/{rel}","templated":true}]}}

Stanisława Mąka

<p>Pani Stanisława Mąka twórczością zajmuje się od 1972 roku. Jej mąż, Walerian, również tworzył &#8211; pisał wiersze oraz rzeźbił. Sukcesy w formie wyróżnień i nagród na jej własnym koncie pojawiły się już w 1973 roku. Pani Stanisława maluje obrazy, rzeźbi, wykonuje wycinanki oraz pisanki &#8211; tworzenia tych ostatnich nauczyła się od swojej mamy. Wykorzystuje zarówno wzory tradycyjne, jak i tworzy nowe formy. Tematyką jej prac są m.in. sceny rodzajowe i obrzędowe. Jak sama mówi &#8211; tworzy z wewnętrznej potrzeby, chce przekazywać wiedzę kolejnym pokoleniom. Uczestniczy w wielu wystawach i konkursach w Lublinie, Chełmie, Toruniu, Warszawie. Należy do Stowarzyszenia Twórców Ludowych oraz Stowarzyszenia Ziemi Chełmskiej. Odznaczona Złotym Krzyżem Zasługi nadanym przez Ministerstwo Dziedzictwa i Kultury Narodowej.</p>

<!-- This site is optimized with the Yoast SEO plugin v22.2 - https://yoast.com/wordpress/plugins/seo/ -->
<title>Stanisława Mąka - Festiwal Re:tradycja - Jarmark Jagielloński</title>
<meta name="robots" content="index, follow, max-snippet:-1, max-image-preview:large, max-video-preview:-1" />
<link rel="canonical" href="https://retradycja.eu/pl/tworca/stanislawa-maka/" />
<meta property="og:locale" content="pl_PL" />
<meta property="og:type" content="article" />
<meta property="og:title" content="Stanisława Mąka - Festiwal Re:tradycja - Jarmark Jagielloński" />
<meta property="og:description" content="Pani Stanisława Mąka twórczością zajmuje się od 1972 roku. Jej mąż, Walerian, również tworzył &#8211; pisał wiersze oraz rzeźbił. Sukcesy [&hellip;]" />
<meta property="og:url" content="https://retradycja.eu/pl/tworca/stanislawa-maka/" />
<meta property="og:site_name" content="Festiwal Re:tradycja - Jarmark Jagielloński" />
<meta property="article:publisher" content="https://www.facebook.com/retradycja" />
<meta property="article:modified_time" content="2024-05-08T10:41:00+00:00" />
<meta property="og:image" content="https://retradycja.eu/wp-content/uploads/2020/08/Tomasz-Bylina-4.jpg" />
	<meta property="og:image:width" content="2000" />
	<meta property="og:image:height" content="1333" />
	<meta property="og:image:type" content="image/jpeg" />
<meta name="twitter:card" content="summary_large_image" />
<meta name="twitter:label1" content="Szacowany czas czytania" />
	<meta name="twitter:data1" content="1 minuta" />
<script type="application/ld+json" class="yoast-schema-graph">{"@context":"https://schema.org","@graph":[{"@type":"WebPage","@id":"https://retradycja.eu/pl/tworca/stanislawa-maka/","url":"https://retradycja.eu/pl/tworca/stanislawa-maka/","name":"Stanisława Mąka - Festiwal Re:tradycja - Jarmark Jagielloński","isPartOf":{"@id":"https://retradycja.eu/pl/#website"},"primaryImageOfPage":{"@id":"https://retradycja.eu/pl/tworca/stanislawa-maka/#primaryimage"},"image":{"@id":"https://retradycja.eu/pl/tworca/stanislawa-maka/#primaryimage"},"thumbnailUrl":"https://retradycja.eu/wp-content/uploads/2020/08/Tomasz-Bylina-4.jpg","datePublished":"2015-04-29T22:00:00+00:00","dateModified":"2024-05-08T10:41:00+00:00","breadcrumb":{"@id":"https://retradycja.eu/pl/tworca/stanislawa-maka/#breadcrumb"},"inLanguage":"pl-PL","potentialAction":[{"@type":"ReadAction","target":["https://retradycja.eu/pl/tworca/stanislawa-maka/"]}]},{"@type":"ImageObject","inLanguage":"pl-PL","@id":"https://retradycja.eu/pl/tworca/stanislawa-maka/#primaryimage","url":"https://retradycja.eu/wp-content/uploads/2020/08/Tomasz-Bylina-4.jpg","contentUrl":"https://retradycja.eu/wp-content/uploads/2020/08/Tomasz-Bylina-4.jpg","width":2000,"height":1333,"caption":"[artystka tradycyjna przy swoim stanowisku na Jarmarku Jagiellońskim.]"},{"@type":"BreadcrumbList","@id":"https://retradycja.eu/pl/tworca/stanislawa-maka/#breadcrumb","itemListElement":[{"@type":"ListItem","position":1,"name":"Strona główna","item":"https://retradycja.eu/pl/"},{"@type":"ListItem","position":2,"name":"Stanisława Mąka"}]},{"@type":"WebSite","@id":"https://retradycja.eu/pl/#website","url":"https://retradycja.eu/pl/","name":"Festiwal Re:tradycja - Jarmark Jagielloński","description":" Lublin, Stare Miasto","publisher":{"@id":"https://retradycja.eu/pl/#organization"},"potentialAction":[{"@type":"SearchAction","target":{"@type":"EntryPoint","urlTemplate":"https://retradycja.eu/pl/?s={search_term_string}"},"query-input":"required name=search_term_string"}],"inLanguage":"pl-PL"},{"@type":"Organization","@id":"https://retradycja.eu/pl/#organization","name":"Warsztaty Kultury w Lublinie","url":"https://retradycja.eu/pl/","logo":{"@type":"ImageObject","inLanguage":"pl-PL","@id":"https://retradycja.eu/pl/#/schema/logo/image/","url":"https://retradycja.eu/wp-content/uploads/2022/06/logo_retradycje-01.png","contentUrl":"https://retradycja.eu/wp-content/uploads/2022/06/logo_retradycje-01.png","width":332,"height":63,"caption":"Warsztaty Kultury w Lublinie"},"image":{"@id":"https://retradycja.eu/pl/#/schema/logo/image/"},"sameAs":["https://www.facebook.com/retradycja","https://www.instagram.com/retradycja_jarmarkjagiellonski/","https://www.youtube.com/user/JarmarkJagiellonski"]}]}</script>
<!-- / Yoast SEO plugin. -->

Stanisława Mąka - Festiwal Re:tradycja - Jarmark Jagielloński

Pani Stanisława Mąka twórczością zajmuje się od 1972 roku. Jej mąż, Walerian, również tworzył &#8211; pisał wiersze oraz rzeźbił. Sukcesy [&hellip;]

Festiwal Re:tradycja - Jarmark Jagielloński

[artystka tradycyjna przy swoim stanowisku na Jarmarku Jagiellońskim.]

Strona główna
