{"id":50455,"date":"2023-06-20T14:28:03","date_gmt":"2023-06-20T12:28:03","guid":{"rendered":"https:\/\/retradycja.eu\/?post_type=tworca&#038;p=50455"},"modified":"2025-05-23T15:30:37","modified_gmt":"2025-05-23T13:30:37","slug":"marta-barbara-bajko","status":"publish","type":"tworca","link":"https:\/\/retradycja.eu\/pl\/tworca\/marta-barbara-bajko\/","title":{"rendered":"Marta Barbara Bajko"},"content":{"rendered":"\n<p>Pani Marta Barbara Bajko wychowa\u0142a si\u0119 w domu, w kt\u00f3rym tkanie i prz\u0119dzenie by\u0142o codzienno\u015bci\u0105. Uczy\u0142a si\u0119 tka\u0107 od ciotecznej babci Julii Cyrkun, od babci Marysi Parfieniuk i babci Niny.<\/p>\n\n\n\n<p><em>\u201eBabcia Nina tka\u0142a chodniki w swoim domu rodzinnym w Rogaczach. To ona pokaza\u0142a mi, jak przygotowa\u0107 krosno do tkania, pokaza\u0142a pierwsze techniki, ale te\u017c uczy\u0142a, jak pozyska\u0107 materia\u0142 do tkania, np. prz\u0119dz\u0119 we\u0142nian\u0105.\u201d<\/em><\/p>\n\n\n\n<p>Pani Marta z powodzeniem i pasj\u0105 kontynuuje rodzinne tradycje. Tkaj\u0105c na starych krosnach, wykonuje tkaniny dwu- i wielonicielnicowe oraz perebory podlaskie. Tworzy te\u017c chodniki w wielu formach i technikach, narzuty, kapy, bie\u017cniki i tkaniny artystyczne. Na osnow\u0119 u\u017cywa nie tylko prz\u0119dzy lnianej, bawe\u0142nianej czy we\u0142nianej, ale te\u017c nici z domieszkami syntetycznymi. Chodniki tka z w\u0142asnor\u0119cznie ci\u0119tych tkanin. Inspiracj\u0105 s\u0105 dla niej tradycyjne wzory ludowe, kt\u00f3re odnajduje w ogromnej ilo\u015bci na Podlasiu. Jej prace s\u0105 przemy\u015blane kompozycyjnie i kolorystycznie, zgrabnie \u0142\u0105cz\u0105 tradycj\u0119 i wsp\u00f3\u0142czesno\u015b\u0107.<\/p>\n\n\n\n<p>W prowadzonej od 2022 r. pracowni tworzy na zlecenie chodniki i tkanin\u0119 wielonicielnicow\u0105. Pracownia ta w 2024 r. sta\u0142a si\u0119 cz\u0119\u015bci\u0105 szlaku prowadz\u0105cego przez Krain\u0119 W\u0105tku i Osnowy.<\/p>\n\n\n\n<p>Pani Marta od 2023 r. nale\u017cy do Stowarzyszenia Tw\u00f3rc\u00f3w Ludowych, a rok p\u00f3\u017aniej zacz\u0119\u0142a wsp\u00f3\u0142tworzy\u0107 grup\u0119 tkack\u0105 \u201eTkane na kresach\u201d. W 2024 r. tw\u00f3rczyni otrzyma\u0142a nagrod\u0119 w XXI Og\u00f3lnopolskim Przegl\u0105dzie Amatorskiej Tkaniny Unikatowej w Toruniu.<\/p>\n\n\n\n<p><strong>Kontakt<\/strong><br>www: <a href=\"http:\/\/www.ninatka.pl\" target=\"_blank\" rel=\"noreferrer noopener\">ninatka.pl<\/a><br>e-mail: marta.bajko77@gmail.com<\/p>\n\n\n\n<p><br><\/p>\n","protected":false},"featured_media":52479,"template":"","meta":{"_acf_changed":false,"ngg_post_thumbnail":0},"dziedzina_tworczosci":[35],"kategoria_wydarzenia":[],"kategoria_tworcy":[9,17],"edycja":[294,320,378],"kraj_tworcy":[275],"acf":[],"yoast_head":"<!-- This site is optimized with the Yoast SEO plugin v22.2 - https:\/\/yoast.com\/wordpress\/plugins\/seo\/ -->\n<title>Marta Barbara Bajko - Festiwal Re:tradycja - Jarmark Jagiello\u0144ski<\/title>\n<meta name=\"robots\" content=\"index, follow, max-snippet:-1, max-image-preview:large, max-video-preview:-1\" \/>\n<link rel=\"canonical\" href=\"https:\/\/retradycja.eu\/pl\/tworca\/marta-barbara-bajko\/\" \/>\n<meta property=\"og:locale\" content=\"pl_PL\" \/>\n<meta property=\"og:type\" content=\"article\" \/>\n<meta property=\"og:title\" content=\"Marta Barbara Bajko - Festiwal Re:tradycja - Jarmark Jagiello\u0144ski\" \/>\n<meta property=\"og:description\" content=\"Pani Marta Barbara Bajko wychowa\u0142a si\u0119 w domu, w kt\u00f3rym tkanie i prz\u0119dzenie by\u0142o codzienno\u015bci\u0105. Uczy\u0142a si\u0119 tka\u0107 od ciotecznej [&hellip;]\" \/>\n<meta property=\"og:url\" content=\"https:\/\/retradycja.eu\/pl\/tworca\/marta-barbara-bajko\/\" \/>\n<meta property=\"og:site_name\" content=\"Festiwal Re:tradycja - Jarmark Jagiello\u0144ski\" \/>\n<meta property=\"article:publisher\" content=\"https:\/\/www.facebook.com\/retradycja\" \/>\n<meta property=\"article:modified_time\" content=\"2025-05-23T13:30:37+00:00\" \/>\n<meta property=\"og:image\" content=\"https:\/\/retradycja.eu\/wp-content\/uploads\/2023\/06\/BartekZurawski-7b-1-1024x682.jpg\" \/>\n\t<meta property=\"og:image:width\" content=\"1024\" \/>\n\t<meta property=\"og:image:height\" content=\"682\" \/>\n\t<meta property=\"og:image:type\" content=\"image\/jpeg\" \/>\n<meta name=\"twitter:card\" content=\"summary_large_image\" \/>\n<meta name=\"twitter:label1\" content=\"Szacowany czas czytania\" \/>\n\t<meta name=\"twitter:data1\" content=\"2 minuty\" \/>\n<script type=\"application\/ld+json\" class=\"yoast-schema-graph\">{\"@context\":\"https:\/\/schema.org\",\"@graph\":[{\"@type\":\"WebPage\",\"@id\":\"https:\/\/retradycja.eu\/pl\/tworca\/marta-barbara-bajko\/\",\"url\":\"https:\/\/retradycja.eu\/pl\/tworca\/marta-barbara-bajko\/\",\"name\":\"Marta Barbara Bajko - Festiwal Re:tradycja - Jarmark Jagiello\u0144ski\",\"isPartOf\":{\"@id\":\"https:\/\/retradycja.eu\/pl\/#website\"},\"primaryImageOfPage\":{\"@id\":\"https:\/\/retradycja.eu\/pl\/tworca\/marta-barbara-bajko\/#primaryimage\"},\"image\":{\"@id\":\"https:\/\/retradycja.eu\/pl\/tworca\/marta-barbara-bajko\/#primaryimage\"},\"thumbnailUrl\":\"https:\/\/retradycja.eu\/wp-content\/uploads\/2023\/06\/BartekZurawski-7b-1.jpg\",\"datePublished\":\"2023-06-20T12:28:03+00:00\",\"dateModified\":\"2025-05-23T13:30:37+00:00\",\"breadcrumb\":{\"@id\":\"https:\/\/retradycja.eu\/pl\/tworca\/marta-barbara-bajko\/#breadcrumb\"},\"inLanguage\":\"pl-PL\",\"potentialAction\":[{\"@type\":\"ReadAction\",\"target\":[\"https:\/\/retradycja.eu\/pl\/tworca\/marta-barbara-bajko\/\"]}]},{\"@type\":\"ImageObject\",\"inLanguage\":\"pl-PL\",\"@id\":\"https:\/\/retradycja.eu\/pl\/tworca\/marta-barbara-bajko\/#primaryimage\",\"url\":\"https:\/\/retradycja.eu\/wp-content\/uploads\/2023\/06\/BartekZurawski-7b-1.jpg\",\"contentUrl\":\"https:\/\/retradycja.eu\/wp-content\/uploads\/2023\/06\/BartekZurawski-7b-1.jpg\",\"width\":2000,\"height\":1333,\"caption\":\"Kobieta prezentuje samodzielnie utkany dywan.\"},{\"@type\":\"BreadcrumbList\",\"@id\":\"https:\/\/retradycja.eu\/pl\/tworca\/marta-barbara-bajko\/#breadcrumb\",\"itemListElement\":[{\"@type\":\"ListItem\",\"position\":1,\"name\":\"Strona g\u0142\u00f3wna\",\"item\":\"https:\/\/retradycja.eu\/pl\/\"},{\"@type\":\"ListItem\",\"position\":2,\"name\":\"Marta Barbara Bajko\"}]},{\"@type\":\"WebSite\",\"@id\":\"https:\/\/retradycja.eu\/pl\/#website\",\"url\":\"https:\/\/retradycja.eu\/pl\/\",\"name\":\"Festiwal Re:tradycja - Jarmark Jagiello\u0144ski\",\"description\":\" Lublin, Stare Miasto\",\"publisher\":{\"@id\":\"https:\/\/retradycja.eu\/pl\/#organization\"},\"potentialAction\":[{\"@type\":\"SearchAction\",\"target\":{\"@type\":\"EntryPoint\",\"urlTemplate\":\"https:\/\/retradycja.eu\/pl\/?s={search_term_string}\"},\"query-input\":\"required name=search_term_string\"}],\"inLanguage\":\"pl-PL\"},{\"@type\":\"Organization\",\"@id\":\"https:\/\/retradycja.eu\/pl\/#organization\",\"name\":\"Warsztaty Kultury w Lublinie\",\"url\":\"https:\/\/retradycja.eu\/pl\/\",\"logo\":{\"@type\":\"ImageObject\",\"inLanguage\":\"pl-PL\",\"@id\":\"https:\/\/retradycja.eu\/pl\/#\/schema\/logo\/image\/\",\"url\":\"https:\/\/retradycja.eu\/wp-content\/uploads\/2022\/06\/logo_retradycje-01.png\",\"contentUrl\":\"https:\/\/retradycja.eu\/wp-content\/uploads\/2022\/06\/logo_retradycje-01.png\",\"width\":332,\"height\":63,\"caption\":\"Warsztaty Kultury w Lublinie\"},\"image\":{\"@id\":\"https:\/\/retradycja.eu\/pl\/#\/schema\/logo\/image\/\"},\"sameAs\":[\"https:\/\/www.facebook.com\/retradycja\",\"https:\/\/www.instagram.com\/retradycja_jarmarkjagiellonski\/\",\"https:\/\/www.youtube.com\/user\/JarmarkJagiellonski\"]}]}<\/script>\n<!-- \/ Yoast SEO plugin. -->","yoast_head_json":{"title":"Marta Barbara Bajko - Festiwal Re:tradycja - Jarmark Jagiello\u0144ski","robots":{"index":"index","follow":"follow","max-snippet":"max-snippet:-1","max-image-preview":"max-image-preview:large","max-video-preview":"max-video-preview:-1"},"canonical":"https:\/\/retradycja.eu\/pl\/tworca\/marta-barbara-bajko\/","og_locale":"pl_PL","og_type":"article","og_title":"Marta Barbara Bajko - Festiwal Re:tradycja - Jarmark Jagiello\u0144ski","og_description":"Pani Marta Barbara Bajko wychowa\u0142a si\u0119 w domu, w kt\u00f3rym tkanie i prz\u0119dzenie by\u0142o codzienno\u015bci\u0105. Uczy\u0142a si\u0119 tka\u0107 od ciotecznej [&hellip;]","og_url":"https:\/\/retradycja.eu\/pl\/tworca\/marta-barbara-bajko\/","og_site_name":"Festiwal Re:tradycja - Jarmark Jagiello\u0144ski","article_publisher":"https:\/\/www.facebook.com\/retradycja","article_modified_time":"2025-05-23T13:30:37+00:00","og_image":[{"width":1024,"height":682,"url":"https:\/\/retradycja.eu\/wp-content\/uploads\/2023\/06\/BartekZurawski-7b-1-1024x682.jpg","type":"image\/jpeg"}],"twitter_card":"summary_large_image","twitter_misc":{"Szacowany czas czytania":"2 minuty"},"schema":{"@context":"https:\/\/schema.org","@graph":[{"@type":"WebPage","@id":"https:\/\/retradycja.eu\/pl\/tworca\/marta-barbara-bajko\/","url":"https:\/\/retradycja.eu\/pl\/tworca\/marta-barbara-bajko\/","name":"Marta Barbara Bajko - Festiwal Re:tradycja - Jarmark Jagiello\u0144ski","isPartOf":{"@id":"https:\/\/retradycja.eu\/pl\/#website"},"primaryImageOfPage":{"@id":"https:\/\/retradycja.eu\/pl\/tworca\/marta-barbara-bajko\/#primaryimage"},"image":{"@id":"https:\/\/retradycja.eu\/pl\/tworca\/marta-barbara-bajko\/#primaryimage"},"thumbnailUrl":"https:\/\/retradycja.eu\/wp-content\/uploads\/2023\/06\/BartekZurawski-7b-1.jpg","datePublished":"2023-06-20T12:28:03+00:00","dateModified":"2025-05-23T13:30:37+00:00","breadcrumb":{"@id":"https:\/\/retradycja.eu\/pl\/tworca\/marta-barbara-bajko\/#breadcrumb"},"inLanguage":"pl-PL","potentialAction":[{"@type":"ReadAction","target":["https:\/\/retradycja.eu\/pl\/tworca\/marta-barbara-bajko\/"]}]},{"@type":"ImageObject","inLanguage":"pl-PL","@id":"https:\/\/retradycja.eu\/pl\/tworca\/marta-barbara-bajko\/#primaryimage","url":"https:\/\/retradycja.eu\/wp-content\/uploads\/2023\/06\/BartekZurawski-7b-1.jpg","contentUrl":"https:\/\/retradycja.eu\/wp-content\/uploads\/2023\/06\/BartekZurawski-7b-1.jpg","width":2000,"height":1333,"caption":"Kobieta prezentuje samodzielnie utkany dywan."},{"@type":"BreadcrumbList","@id":"https:\/\/retradycja.eu\/pl\/tworca\/marta-barbara-bajko\/#breadcrumb","itemListElement":[{"@type":"ListItem","position":1,"name":"Strona g\u0142\u00f3wna","item":"https:\/\/retradycja.eu\/pl\/"},{"@type":"ListItem","position":2,"name":"Marta Barbara Bajko"}]},{"@type":"WebSite","@id":"https:\/\/retradycja.eu\/pl\/#website","url":"https:\/\/retradycja.eu\/pl\/","name":"Festiwal Re:tradycja - Jarmark Jagiello\u0144ski","description":" Lublin, Stare Miasto","publisher":{"@id":"https:\/\/retradycja.eu\/pl\/#organization"},"potentialAction":[{"@type":"SearchAction","target":{"@type":"EntryPoint","urlTemplate":"https:\/\/retradycja.eu\/pl\/?s={search_term_string}"},"query-input":"required name=search_term_string"}],"inLanguage":"pl-PL"},{"@type":"Organization","@id":"https:\/\/retradycja.eu\/pl\/#organization","name":"Warsztaty Kultury w Lublinie","url":"https:\/\/retradycja.eu\/pl\/","logo":{"@type":"ImageObject","inLanguage":"pl-PL","@id":"https:\/\/retradycja.eu\/pl\/#\/schema\/logo\/image\/","url":"https:\/\/retradycja.eu\/wp-content\/uploads\/2022\/06\/logo_retradycje-01.png","contentUrl":"https:\/\/retradycja.eu\/wp-content\/uploads\/2022\/06\/logo_retradycje-01.png","width":332,"height":63,"caption":"Warsztaty Kultury w Lublinie"},"image":{"@id":"https:\/\/retradycja.eu\/pl\/#\/schema\/logo\/image\/"},"sameAs":["https:\/\/www.facebook.com\/retradycja","https:\/\/www.instagram.com\/retradycja_jarmarkjagiellonski\/","https:\/\/www.youtube.com\/user\/JarmarkJagiellonski"]}]}},"_links":{"self":[{"href":"https:\/\/retradycja.eu\/pl\/wp-json\/wp\/v2\/tworca\/50455"}],"collection":[{"href":"https:\/\/retradycja.eu\/pl\/wp-json\/wp\/v2\/tworca"}],"about":[{"href":"https:\/\/retradycja.eu\/pl\/wp-json\/wp\/v2\/types\/tworca"}],"wp:featuredmedia":[{"embeddable":true,"href":"https:\/\/retradycja.eu\/pl\/wp-json\/wp\/v2\/media\/52479"}],"wp:attachment":[{"href":"https:\/\/retradycja.eu\/pl\/wp-json\/wp\/v2\/media?parent=50455"}],"wp:term":[{"taxonomy":"dziedzina_tworczosci","embeddable":true,"href":"https:\/\/retradycja.eu\/pl\/wp-json\/wp\/v2\/dziedzina_tworczosci?post=50455"},{"taxonomy":"kategoria_wydarzenia","embeddable":true,"href":"https:\/\/retradycja.eu\/pl\/wp-json\/wp\/v2\/kategoria_wydarzenia?post=50455"},{"taxonomy":"kategoria_tworcy","embeddable":true,"href":"https:\/\/retradycja.eu\/pl\/wp-json\/wp\/v2\/kategoria_tworcy?post=50455"},{"taxonomy":"edycja","embeddable":true,"href":"https:\/\/retradycja.eu\/pl\/wp-json\/wp\/v2\/edycja?post=50455"},{"taxonomy":"kraj_tworcy","embeddable":true,"href":"https:\/\/retradycja.eu\/pl\/wp-json\/wp\/v2\/kraj_tworcy?post=50455"}],"curies":[{"name":"wp","href":"https:\/\/api.w.org\/{rel}","templated":true}]}}

<p>Pani Marta Barbara Bajko wychowała się w domu, w którym tkanie i przędzenie było codziennością. Uczyła się tkać od ciotecznej babci Julii Cyrkun, od babci Marysi Parfieniuk i babci Niny.</p>



<p><em>„Babcia Nina tkała chodniki w swoim domu rodzinnym w Rogaczach. To ona pokazała mi, jak przygotować krosno do tkania, pokazała pierwsze techniki, ale też uczyła, jak pozyskać materiał do tkania, np. przędzę wełnianą.”</em></p>



<p>Pani Marta z powodzeniem i pasją kontynuuje rodzinne tradycje. Tkając na starych krosnach, wykonuje tkaniny dwu- i wielonicielnicowe oraz perebory podlaskie. Tworzy też chodniki w wielu formach i technikach, narzuty, kapy, bieżniki i tkaniny artystyczne. Na osnowę używa nie tylko przędzy lnianej, bawełnianej czy wełnianej, ale też nici z domieszkami syntetycznymi. Chodniki tka z własnoręcznie ciętych tkanin. Inspiracją są dla niej tradycyjne wzory ludowe, które odnajduje w ogromnej ilości na Podlasiu. Jej prace są przemyślane kompozycyjnie i kolorystycznie, zgrabnie łączą tradycję i współczesność.</p>



<p>W prowadzonej od 2022 r. pracowni tworzy na zlecenie chodniki i tkaninę wielonicielnicową. Pracownia ta w 2024 r. stała się częścią szlaku prowadzącego przez Krainę Wątku i Osnowy.</p>



<p>Pani Marta od 2023 r. należy do Stowarzyszenia Twórców Ludowych, a rok później zaczęła współtworzyć grupę tkacką „Tkane na kresach”. W 2024 r. twórczyni otrzymała nagrodę w XXI Ogólnopolskim Przeglądzie Amatorskiej Tkaniny Unikatowej w Toruniu.</p>



<p><strong>Kontakt</strong><br>www: <a href="http://www.ninatka.pl" target="_blank" rel="noreferrer noopener">ninatka.pl</a><br>e-mail: marta.bajko77@gmail.com</p>



<p><br></p>

<!-- This site is optimized with the Yoast SEO plugin v22.2 - https://yoast.com/wordpress/plugins/seo/ -->
<title>Marta Barbara Bajko - Festiwal Re:tradycja - Jarmark Jagielloński</title>
<meta name="robots" content="index, follow, max-snippet:-1, max-image-preview:large, max-video-preview:-1" />
<link rel="canonical" href="https://retradycja.eu/pl/tworca/marta-barbara-bajko/" />
<meta property="og:locale" content="pl_PL" />
<meta property="og:type" content="article" />
<meta property="og:title" content="Marta Barbara Bajko - Festiwal Re:tradycja - Jarmark Jagielloński" />
<meta property="og:description" content="Pani Marta Barbara Bajko wychowała się w domu, w którym tkanie i przędzenie było codziennością. Uczyła się tkać od ciotecznej [&hellip;]" />
<meta property="og:url" content="https://retradycja.eu/pl/tworca/marta-barbara-bajko/" />
<meta property="og:site_name" content="Festiwal Re:tradycja - Jarmark Jagielloński" />
<meta property="article:publisher" content="https://www.facebook.com/retradycja" />
<meta property="article:modified_time" content="2025-05-23T13:30:37+00:00" />
<meta property="og:image" content="https://retradycja.eu/wp-content/uploads/2023/06/BartekZurawski-7b-1-1024x682.jpg" />
	<meta property="og:image:width" content="1024" />
	<meta property="og:image:height" content="682" />
	<meta property="og:image:type" content="image/jpeg" />
<meta name="twitter:card" content="summary_large_image" />
<meta name="twitter:label1" content="Szacowany czas czytania" />
	<meta name="twitter:data1" content="2 minuty" />
<script type="application/ld+json" class="yoast-schema-graph">{"@context":"https://schema.org","@graph":[{"@type":"WebPage","@id":"https://retradycja.eu/pl/tworca/marta-barbara-bajko/","url":"https://retradycja.eu/pl/tworca/marta-barbara-bajko/","name":"Marta Barbara Bajko - Festiwal Re:tradycja - Jarmark Jagielloński","isPartOf":{"@id":"https://retradycja.eu/pl/#website"},"primaryImageOfPage":{"@id":"https://retradycja.eu/pl/tworca/marta-barbara-bajko/#primaryimage"},"image":{"@id":"https://retradycja.eu/pl/tworca/marta-barbara-bajko/#primaryimage"},"thumbnailUrl":"https://retradycja.eu/wp-content/uploads/2023/06/BartekZurawski-7b-1.jpg","datePublished":"2023-06-20T12:28:03+00:00","dateModified":"2025-05-23T13:30:37+00:00","breadcrumb":{"@id":"https://retradycja.eu/pl/tworca/marta-barbara-bajko/#breadcrumb"},"inLanguage":"pl-PL","potentialAction":[{"@type":"ReadAction","target":["https://retradycja.eu/pl/tworca/marta-barbara-bajko/"]}]},{"@type":"ImageObject","inLanguage":"pl-PL","@id":"https://retradycja.eu/pl/tworca/marta-barbara-bajko/#primaryimage","url":"https://retradycja.eu/wp-content/uploads/2023/06/BartekZurawski-7b-1.jpg","contentUrl":"https://retradycja.eu/wp-content/uploads/2023/06/BartekZurawski-7b-1.jpg","width":2000,"height":1333,"caption":"Kobieta prezentuje samodzielnie utkany dywan."},{"@type":"BreadcrumbList","@id":"https://retradycja.eu/pl/tworca/marta-barbara-bajko/#breadcrumb","itemListElement":[{"@type":"ListItem","position":1,"name":"Strona główna","item":"https://retradycja.eu/pl/"},{"@type":"ListItem","position":2,"name":"Marta Barbara Bajko"}]},{"@type":"WebSite","@id":"https://retradycja.eu/pl/#website","url":"https://retradycja.eu/pl/","name":"Festiwal Re:tradycja - Jarmark Jagielloński","description":" Lublin, Stare Miasto","publisher":{"@id":"https://retradycja.eu/pl/#organization"},"potentialAction":[{"@type":"SearchAction","target":{"@type":"EntryPoint","urlTemplate":"https://retradycja.eu/pl/?s={search_term_string}"},"query-input":"required name=search_term_string"}],"inLanguage":"pl-PL"},{"@type":"Organization","@id":"https://retradycja.eu/pl/#organization","name":"Warsztaty Kultury w Lublinie","url":"https://retradycja.eu/pl/","logo":{"@type":"ImageObject","inLanguage":"pl-PL","@id":"https://retradycja.eu/pl/#/schema/logo/image/","url":"https://retradycja.eu/wp-content/uploads/2022/06/logo_retradycje-01.png","contentUrl":"https://retradycja.eu/wp-content/uploads/2022/06/logo_retradycje-01.png","width":332,"height":63,"caption":"Warsztaty Kultury w Lublinie"},"image":{"@id":"https://retradycja.eu/pl/#/schema/logo/image/"},"sameAs":["https://www.facebook.com/retradycja","https://www.instagram.com/retradycja_jarmarkjagiellonski/","https://www.youtube.com/user/JarmarkJagiellonski"]}]}</script>
<!-- / Yoast SEO plugin. -->

Marta Barbara Bajko - Festiwal Re:tradycja - Jarmark Jagielloński

Pani Marta Barbara Bajko wychowała się w domu, w którym tkanie i przędzenie było codziennością. Uczyła się tkać od ciotecznej [&hellip;]

Festiwal Re:tradycja - Jarmark Jagielloński

Strona główna
