{"id":50432,"date":"2023-05-23T12:32:57","date_gmt":"2023-05-23T10:32:57","guid":{"rendered":"https:\/\/retradycja.eu\/?post_type=tworca&#038;p=50432"},"modified":"2024-07-17T17:17:59","modified_gmt":"2024-07-17T15:17:59","slug":"ruta-stonkiene","status":"publish","type":"tworca","link":"https:\/\/retradycja.eu\/pl\/tworca\/ruta-stonkiene\/","title":{"rendered":"R\u016bta Stonkien\u0117"},"content":{"rendered":"\n<p>Pani R\u016bta Stonkien\u0117 od najm\u0142odszych lat uczona by\u0142a tego, aby piel\u0119gnowa\u0107 litewskie tradycje. Folkor towarzyszy\u0142 jej od zawsze \u2013 jej rodzicami s\u0105 tw\u00f3rcy ludowi, <a href=\"https:\/\/retradycja.eu\/pl\/tworca\/lina-bartasiene\/\" target=\"_blank\" rel=\"noreferrer noopener\">Lina Barta\u0161ien\u0117<\/a> i <a href=\"https:\/\/retradycja.eu\/pl\/tworca\/albertas-bartasius\/\" target=\"_blank\" rel=\"noreferrer noopener\">Albertas Barta\u0161ius<\/a>, kt\u00f3rzy zajmuj\u0105 si\u0119 nie tylko rzemios\u0142em, ale te\u017c muzyk\u0105 tradycyjn\u0105. Obecnie pani R\u016bta trudni si\u0119 stolarstwem i malarstwem na drewnie. Wykonuje skrzynie wianne i drewniane domki dla ptak\u00f3w, kt\u00f3re swoj\u0105 stylistyk\u0105 nawi\u0105zuj\u0105 do tradycyjnych dom\u00f3w litewskich. Jej domen\u0105 s\u0105 skrzynie \u2013 zar\u00f3wno te naturalnych rozmiar\u00f3w, jak i formy miniaturowe. Tworzy je od pocz\u0105tku do ko\u0144ca, sama wycina profile, przygotowuje zawiasy i zamki, sama te\u017c pokrywa je polichromi\u0105, nawi\u0105zuj\u0105c do tradycyjnego wzornictwa (drzewo \u017cycia, kwiaty, ptaki). Artystka du\u017c\u0105 wag\u0119 przywi\u0105zuje do kolorystyki, dbaj\u0105c o wszystkie szczeg\u00f3\u0142y swoich prac. Na uwag\u0119 zas\u0142uguj\u0105 te\u017c jej domki dla ptak\u00f3w. Zwie\u0144czone rze\u017abionymi \u015bparogami, ozdobione barwnymi okiennicami i ludowymi motywami urzekaj\u0105 swoj\u0105 dekoracyjno\u015bci\u0105 oraz staranno\u015bci\u0105.<\/p>\n\n\n\n<p><strong>Kontakt<\/strong><br>www: <a href=\"https:\/\/www.facebook.com\/etnozenklai\" target=\"_blank\" rel=\"noreferrer noopener\">SUOKA &#8211; etno \u017eenklai<\/a><\/p>\n","protected":false},"featured_media":52745,"template":"","meta":{"_acf_changed":false,"ngg_post_thumbnail":0},"dziedzina_tworczosci":[39],"kategoria_wydarzenia":[],"kategoria_tworcy":[],"edycja":[294,320],"kraj_tworcy":[278],"acf":[],"yoast_head":"<!-- This site is optimized with the Yoast SEO plugin v22.2 - https:\/\/yoast.com\/wordpress\/plugins\/seo\/ -->\n<title>R\u016bta Stonkien\u0117 - Festiwal Re:tradycja - Jarmark Jagiello\u0144ski<\/title>\n<meta name=\"robots\" content=\"index, follow, max-snippet:-1, max-image-preview:large, max-video-preview:-1\" \/>\n<link rel=\"canonical\" href=\"https:\/\/retradycja.eu\/pl\/tworca\/ruta-stonkiene\/\" \/>\n<meta property=\"og:locale\" content=\"pl_PL\" \/>\n<meta property=\"og:type\" content=\"article\" \/>\n<meta property=\"og:title\" content=\"R\u016bta Stonkien\u0117 - Festiwal Re:tradycja - Jarmark Jagiello\u0144ski\" \/>\n<meta property=\"og:description\" content=\"Pani R\u016bta Stonkien\u0117 od najm\u0142odszych lat uczona by\u0142a tego, aby piel\u0119gnowa\u0107 litewskie tradycje. Folkor towarzyszy\u0142 jej od zawsze \u2013 jej [&hellip;]\" \/>\n<meta property=\"og:url\" content=\"https:\/\/retradycja.eu\/pl\/tworca\/ruta-stonkiene\/\" \/>\n<meta property=\"og:site_name\" content=\"Festiwal Re:tradycja - Jarmark Jagiello\u0144ski\" \/>\n<meta property=\"article:publisher\" content=\"https:\/\/www.facebook.com\/retradycja\" \/>\n<meta property=\"article:modified_time\" content=\"2024-07-17T15:17:59+00:00\" \/>\n<meta property=\"og:image\" content=\"https:\/\/retradycja.eu\/wp-content\/uploads\/2023\/05\/BartekZurawski-77b.jpg\" \/>\n\t<meta property=\"og:image:width\" content=\"2000\" \/>\n\t<meta property=\"og:image:height\" content=\"1333\" \/>\n\t<meta property=\"og:image:type\" content=\"image\/jpeg\" \/>\n<meta name=\"twitter:card\" content=\"summary_large_image\" \/>\n<meta name=\"twitter:label1\" content=\"Szacowany czas czytania\" \/>\n\t<meta name=\"twitter:data1\" content=\"2 minuty\" \/>\n<script type=\"application\/ld+json\" class=\"yoast-schema-graph\">{\"@context\":\"https:\/\/schema.org\",\"@graph\":[{\"@type\":\"WebPage\",\"@id\":\"https:\/\/retradycja.eu\/pl\/tworca\/ruta-stonkiene\/\",\"url\":\"https:\/\/retradycja.eu\/pl\/tworca\/ruta-stonkiene\/\",\"name\":\"R\u016bta Stonkien\u0117 - Festiwal Re:tradycja - Jarmark Jagiello\u0144ski\",\"isPartOf\":{\"@id\":\"https:\/\/retradycja.eu\/pl\/#website\"},\"primaryImageOfPage\":{\"@id\":\"https:\/\/retradycja.eu\/pl\/tworca\/ruta-stonkiene\/#primaryimage\"},\"image\":{\"@id\":\"https:\/\/retradycja.eu\/pl\/tworca\/ruta-stonkiene\/#primaryimage\"},\"thumbnailUrl\":\"https:\/\/retradycja.eu\/wp-content\/uploads\/2023\/05\/BartekZurawski-77b.jpg\",\"datePublished\":\"2023-05-23T10:32:57+00:00\",\"dateModified\":\"2024-07-17T15:17:59+00:00\",\"breadcrumb\":{\"@id\":\"https:\/\/retradycja.eu\/pl\/tworca\/ruta-stonkiene\/#breadcrumb\"},\"inLanguage\":\"pl-PL\",\"potentialAction\":[{\"@type\":\"ReadAction\",\"target\":[\"https:\/\/retradycja.eu\/pl\/tworca\/ruta-stonkiene\/\"]}]},{\"@type\":\"ImageObject\",\"inLanguage\":\"pl-PL\",\"@id\":\"https:\/\/retradycja.eu\/pl\/tworca\/ruta-stonkiene\/#primaryimage\",\"url\":\"https:\/\/retradycja.eu\/wp-content\/uploads\/2023\/05\/BartekZurawski-77b.jpg\",\"contentUrl\":\"https:\/\/retradycja.eu\/wp-content\/uploads\/2023\/05\/BartekZurawski-77b.jpg\",\"width\":2000,\"height\":1333,\"caption\":\"U\u015bmiechni\u0119ta kobieta stoi przy swoim stoisku z wyrobami. Sprzedaje drewniane skrzynie malowane w ludowe wzory.\"},{\"@type\":\"BreadcrumbList\",\"@id\":\"https:\/\/retradycja.eu\/pl\/tworca\/ruta-stonkiene\/#breadcrumb\",\"itemListElement\":[{\"@type\":\"ListItem\",\"position\":1,\"name\":\"Strona g\u0142\u00f3wna\",\"item\":\"https:\/\/retradycja.eu\/pl\/\"},{\"@type\":\"ListItem\",\"position\":2,\"name\":\"R\u016bta Stonkien\u0117\"}]},{\"@type\":\"WebSite\",\"@id\":\"https:\/\/retradycja.eu\/pl\/#website\",\"url\":\"https:\/\/retradycja.eu\/pl\/\",\"name\":\"Festiwal Re:tradycja - Jarmark Jagiello\u0144ski\",\"description\":\" Lublin, Stare Miasto\",\"publisher\":{\"@id\":\"https:\/\/retradycja.eu\/pl\/#organization\"},\"potentialAction\":[{\"@type\":\"SearchAction\",\"target\":{\"@type\":\"EntryPoint\",\"urlTemplate\":\"https:\/\/retradycja.eu\/pl\/?s={search_term_string}\"},\"query-input\":\"required name=search_term_string\"}],\"inLanguage\":\"pl-PL\"},{\"@type\":\"Organization\",\"@id\":\"https:\/\/retradycja.eu\/pl\/#organization\",\"name\":\"Warsztaty Kultury w Lublinie\",\"url\":\"https:\/\/retradycja.eu\/pl\/\",\"logo\":{\"@type\":\"ImageObject\",\"inLanguage\":\"pl-PL\",\"@id\":\"https:\/\/retradycja.eu\/pl\/#\/schema\/logo\/image\/\",\"url\":\"https:\/\/retradycja.eu\/wp-content\/uploads\/2022\/06\/logo_retradycje-01.png\",\"contentUrl\":\"https:\/\/retradycja.eu\/wp-content\/uploads\/2022\/06\/logo_retradycje-01.png\",\"width\":332,\"height\":63,\"caption\":\"Warsztaty Kultury w Lublinie\"},\"image\":{\"@id\":\"https:\/\/retradycja.eu\/pl\/#\/schema\/logo\/image\/\"},\"sameAs\":[\"https:\/\/www.facebook.com\/retradycja\",\"https:\/\/www.instagram.com\/retradycja_jarmarkjagiellonski\/\",\"https:\/\/www.youtube.com\/user\/JarmarkJagiellonski\"]}]}<\/script>\n<!-- \/ Yoast SEO plugin. -->","yoast_head_json":{"title":"R\u016bta Stonkien\u0117 - Festiwal Re:tradycja - Jarmark Jagiello\u0144ski","robots":{"index":"index","follow":"follow","max-snippet":"max-snippet:-1","max-image-preview":"max-image-preview:large","max-video-preview":"max-video-preview:-1"},"canonical":"https:\/\/retradycja.eu\/pl\/tworca\/ruta-stonkiene\/","og_locale":"pl_PL","og_type":"article","og_title":"R\u016bta Stonkien\u0117 - Festiwal Re:tradycja - Jarmark Jagiello\u0144ski","og_description":"Pani R\u016bta Stonkien\u0117 od najm\u0142odszych lat uczona by\u0142a tego, aby piel\u0119gnowa\u0107 litewskie tradycje. Folkor towarzyszy\u0142 jej od zawsze \u2013 jej [&hellip;]","og_url":"https:\/\/retradycja.eu\/pl\/tworca\/ruta-stonkiene\/","og_site_name":"Festiwal Re:tradycja - Jarmark Jagiello\u0144ski","article_publisher":"https:\/\/www.facebook.com\/retradycja","article_modified_time":"2024-07-17T15:17:59+00:00","og_image":[{"width":2000,"height":1333,"url":"https:\/\/retradycja.eu\/wp-content\/uploads\/2023\/05\/BartekZurawski-77b.jpg","type":"image\/jpeg"}],"twitter_card":"summary_large_image","twitter_misc":{"Szacowany czas czytania":"2 minuty"},"schema":{"@context":"https:\/\/schema.org","@graph":[{"@type":"WebPage","@id":"https:\/\/retradycja.eu\/pl\/tworca\/ruta-stonkiene\/","url":"https:\/\/retradycja.eu\/pl\/tworca\/ruta-stonkiene\/","name":"R\u016bta Stonkien\u0117 - Festiwal Re:tradycja - Jarmark Jagiello\u0144ski","isPartOf":{"@id":"https:\/\/retradycja.eu\/pl\/#website"},"primaryImageOfPage":{"@id":"https:\/\/retradycja.eu\/pl\/tworca\/ruta-stonkiene\/#primaryimage"},"image":{"@id":"https:\/\/retradycja.eu\/pl\/tworca\/ruta-stonkiene\/#primaryimage"},"thumbnailUrl":"https:\/\/retradycja.eu\/wp-content\/uploads\/2023\/05\/BartekZurawski-77b.jpg","datePublished":"2023-05-23T10:32:57+00:00","dateModified":"2024-07-17T15:17:59+00:00","breadcrumb":{"@id":"https:\/\/retradycja.eu\/pl\/tworca\/ruta-stonkiene\/#breadcrumb"},"inLanguage":"pl-PL","potentialAction":[{"@type":"ReadAction","target":["https:\/\/retradycja.eu\/pl\/tworca\/ruta-stonkiene\/"]}]},{"@type":"ImageObject","inLanguage":"pl-PL","@id":"https:\/\/retradycja.eu\/pl\/tworca\/ruta-stonkiene\/#primaryimage","url":"https:\/\/retradycja.eu\/wp-content\/uploads\/2023\/05\/BartekZurawski-77b.jpg","contentUrl":"https:\/\/retradycja.eu\/wp-content\/uploads\/2023\/05\/BartekZurawski-77b.jpg","width":2000,"height":1333,"caption":"U\u015bmiechni\u0119ta kobieta stoi przy swoim stoisku z wyrobami. Sprzedaje drewniane skrzynie malowane w ludowe wzory."},{"@type":"BreadcrumbList","@id":"https:\/\/retradycja.eu\/pl\/tworca\/ruta-stonkiene\/#breadcrumb","itemListElement":[{"@type":"ListItem","position":1,"name":"Strona g\u0142\u00f3wna","item":"https:\/\/retradycja.eu\/pl\/"},{"@type":"ListItem","position":2,"name":"R\u016bta Stonkien\u0117"}]},{"@type":"WebSite","@id":"https:\/\/retradycja.eu\/pl\/#website","url":"https:\/\/retradycja.eu\/pl\/","name":"Festiwal Re:tradycja - Jarmark Jagiello\u0144ski","description":" Lublin, Stare Miasto","publisher":{"@id":"https:\/\/retradycja.eu\/pl\/#organization"},"potentialAction":[{"@type":"SearchAction","target":{"@type":"EntryPoint","urlTemplate":"https:\/\/retradycja.eu\/pl\/?s={search_term_string}"},"query-input":"required name=search_term_string"}],"inLanguage":"pl-PL"},{"@type":"Organization","@id":"https:\/\/retradycja.eu\/pl\/#organization","name":"Warsztaty Kultury w Lublinie","url":"https:\/\/retradycja.eu\/pl\/","logo":{"@type":"ImageObject","inLanguage":"pl-PL","@id":"https:\/\/retradycja.eu\/pl\/#\/schema\/logo\/image\/","url":"https:\/\/retradycja.eu\/wp-content\/uploads\/2022\/06\/logo_retradycje-01.png","contentUrl":"https:\/\/retradycja.eu\/wp-content\/uploads\/2022\/06\/logo_retradycje-01.png","width":332,"height":63,"caption":"Warsztaty Kultury w Lublinie"},"image":{"@id":"https:\/\/retradycja.eu\/pl\/#\/schema\/logo\/image\/"},"sameAs":["https:\/\/www.facebook.com\/retradycja","https:\/\/www.instagram.com\/retradycja_jarmarkjagiellonski\/","https:\/\/www.youtube.com\/user\/JarmarkJagiellonski"]}]}},"_links":{"self":[{"href":"https:\/\/retradycja.eu\/pl\/wp-json\/wp\/v2\/tworca\/50432"}],"collection":[{"href":"https:\/\/retradycja.eu\/pl\/wp-json\/wp\/v2\/tworca"}],"about":[{"href":"https:\/\/retradycja.eu\/pl\/wp-json\/wp\/v2\/types\/tworca"}],"wp:featuredmedia":[{"embeddable":true,"href":"https:\/\/retradycja.eu\/pl\/wp-json\/wp\/v2\/media\/52745"}],"wp:attachment":[{"href":"https:\/\/retradycja.eu\/pl\/wp-json\/wp\/v2\/media?parent=50432"}],"wp:term":[{"taxonomy":"dziedzina_tworczosci","embeddable":true,"href":"https:\/\/retradycja.eu\/pl\/wp-json\/wp\/v2\/dziedzina_tworczosci?post=50432"},{"taxonomy":"kategoria_wydarzenia","embeddable":true,"href":"https:\/\/retradycja.eu\/pl\/wp-json\/wp\/v2\/kategoria_wydarzenia?post=50432"},{"taxonomy":"kategoria_tworcy","embeddable":true,"href":"https:\/\/retradycja.eu\/pl\/wp-json\/wp\/v2\/kategoria_tworcy?post=50432"},{"taxonomy":"edycja","embeddable":true,"href":"https:\/\/retradycja.eu\/pl\/wp-json\/wp\/v2\/edycja?post=50432"},{"taxonomy":"kraj_tworcy","embeddable":true,"href":"https:\/\/retradycja.eu\/pl\/wp-json\/wp\/v2\/kraj_tworcy?post=50432"}],"curies":[{"name":"wp","href":"https:\/\/api.w.org\/{rel}","templated":true}]}}

Rūta Stonkienė

<p>Pani Rūta Stonkienė od najmłodszych lat uczona była tego, aby pielęgnować litewskie tradycje. Folkor towarzyszył jej od zawsze – jej rodzicami są twórcy ludowi, <a href="https://retradycja.eu/pl/tworca/lina-bartasiene/" target="_blank" rel="noreferrer noopener">Lina Bartašienė</a> i <a href="https://retradycja.eu/pl/tworca/albertas-bartasius/" target="_blank" rel="noreferrer noopener">Albertas Bartašius</a>, którzy zajmują się nie tylko rzemiosłem, ale też muzyką tradycyjną. Obecnie pani Rūta trudni się stolarstwem i malarstwem na drewnie. Wykonuje skrzynie wianne i drewniane domki dla ptaków, które swoją stylistyką nawiązują do tradycyjnych domów litewskich. Jej domeną są skrzynie – zarówno te naturalnych rozmiarów, jak i formy miniaturowe. Tworzy je od początku do końca, sama wycina profile, przygotowuje zawiasy i zamki, sama też pokrywa je polichromią, nawiązując do tradycyjnego wzornictwa (drzewo życia, kwiaty, ptaki). Artystka dużą wagę przywiązuje do kolorystyki, dbając o wszystkie szczegóły swoich prac. Na uwagę zasługują też jej domki dla ptaków. Zwieńczone rzeźbionymi śparogami, ozdobione barwnymi okiennicami i ludowymi motywami urzekają swoją dekoracyjnością oraz starannością.</p>



<p><strong>Kontakt</strong><br>www: <a href="https://www.facebook.com/etnozenklai" target="_blank" rel="noreferrer noopener">SUOKA &#8211; etno ženklai</a></p>

<!-- This site is optimized with the Yoast SEO plugin v22.2 - https://yoast.com/wordpress/plugins/seo/ -->
<title>Rūta Stonkienė - Festiwal Re:tradycja - Jarmark Jagielloński</title>
<meta name="robots" content="index, follow, max-snippet:-1, max-image-preview:large, max-video-preview:-1" />
<link rel="canonical" href="https://retradycja.eu/pl/tworca/ruta-stonkiene/" />
<meta property="og:locale" content="pl_PL" />
<meta property="og:type" content="article" />
<meta property="og:title" content="Rūta Stonkienė - Festiwal Re:tradycja - Jarmark Jagielloński" />
<meta property="og:description" content="Pani Rūta Stonkienė od najmłodszych lat uczona była tego, aby pielęgnować litewskie tradycje. Folkor towarzyszył jej od zawsze – jej [&hellip;]" />
<meta property="og:url" content="https://retradycja.eu/pl/tworca/ruta-stonkiene/" />
<meta property="og:site_name" content="Festiwal Re:tradycja - Jarmark Jagielloński" />
<meta property="article:publisher" content="https://www.facebook.com/retradycja" />
<meta property="article:modified_time" content="2024-07-17T15:17:59+00:00" />
<meta property="og:image" content="https://retradycja.eu/wp-content/uploads/2023/05/BartekZurawski-77b.jpg" />
	<meta property="og:image:width" content="2000" />
	<meta property="og:image:height" content="1333" />
	<meta property="og:image:type" content="image/jpeg" />
<meta name="twitter:card" content="summary_large_image" />
<meta name="twitter:label1" content="Szacowany czas czytania" />
	<meta name="twitter:data1" content="2 minuty" />
<script type="application/ld+json" class="yoast-schema-graph">{"@context":"https://schema.org","@graph":[{"@type":"WebPage","@id":"https://retradycja.eu/pl/tworca/ruta-stonkiene/","url":"https://retradycja.eu/pl/tworca/ruta-stonkiene/","name":"Rūta Stonkienė - Festiwal Re:tradycja - Jarmark Jagielloński","isPartOf":{"@id":"https://retradycja.eu/pl/#website"},"primaryImageOfPage":{"@id":"https://retradycja.eu/pl/tworca/ruta-stonkiene/#primaryimage"},"image":{"@id":"https://retradycja.eu/pl/tworca/ruta-stonkiene/#primaryimage"},"thumbnailUrl":"https://retradycja.eu/wp-content/uploads/2023/05/BartekZurawski-77b.jpg","datePublished":"2023-05-23T10:32:57+00:00","dateModified":"2024-07-17T15:17:59+00:00","breadcrumb":{"@id":"https://retradycja.eu/pl/tworca/ruta-stonkiene/#breadcrumb"},"inLanguage":"pl-PL","potentialAction":[{"@type":"ReadAction","target":["https://retradycja.eu/pl/tworca/ruta-stonkiene/"]}]},{"@type":"ImageObject","inLanguage":"pl-PL","@id":"https://retradycja.eu/pl/tworca/ruta-stonkiene/#primaryimage","url":"https://retradycja.eu/wp-content/uploads/2023/05/BartekZurawski-77b.jpg","contentUrl":"https://retradycja.eu/wp-content/uploads/2023/05/BartekZurawski-77b.jpg","width":2000,"height":1333,"caption":"Uśmiechnięta kobieta stoi przy swoim stoisku z wyrobami. Sprzedaje drewniane skrzynie malowane w ludowe wzory."},{"@type":"BreadcrumbList","@id":"https://retradycja.eu/pl/tworca/ruta-stonkiene/#breadcrumb","itemListElement":[{"@type":"ListItem","position":1,"name":"Strona główna","item":"https://retradycja.eu/pl/"},{"@type":"ListItem","position":2,"name":"Rūta Stonkienė"}]},{"@type":"WebSite","@id":"https://retradycja.eu/pl/#website","url":"https://retradycja.eu/pl/","name":"Festiwal Re:tradycja - Jarmark Jagielloński","description":" Lublin, Stare Miasto","publisher":{"@id":"https://retradycja.eu/pl/#organization"},"potentialAction":[{"@type":"SearchAction","target":{"@type":"EntryPoint","urlTemplate":"https://retradycja.eu/pl/?s={search_term_string}"},"query-input":"required name=search_term_string"}],"inLanguage":"pl-PL"},{"@type":"Organization","@id":"https://retradycja.eu/pl/#organization","name":"Warsztaty Kultury w Lublinie","url":"https://retradycja.eu/pl/","logo":{"@type":"ImageObject","inLanguage":"pl-PL","@id":"https://retradycja.eu/pl/#/schema/logo/image/","url":"https://retradycja.eu/wp-content/uploads/2022/06/logo_retradycje-01.png","contentUrl":"https://retradycja.eu/wp-content/uploads/2022/06/logo_retradycje-01.png","width":332,"height":63,"caption":"Warsztaty Kultury w Lublinie"},"image":{"@id":"https://retradycja.eu/pl/#/schema/logo/image/"},"sameAs":["https://www.facebook.com/retradycja","https://www.instagram.com/retradycja_jarmarkjagiellonski/","https://www.youtube.com/user/JarmarkJagiellonski"]}]}</script>
<!-- / Yoast SEO plugin. -->

Rūta Stonkienė - Festiwal Re:tradycja - Jarmark Jagielloński

Pani Rūta Stonkienė od najmłodszych lat uczona była tego, aby pielęgnować litewskie tradycje. Folkor towarzyszył jej od zawsze – jej [&hellip;]

Festiwal Re:tradycja - Jarmark Jagielloński

Uśmiechnięta kobieta stoi przy swoim stoisku z wyrobami. Sprzedaje drewniane skrzynie malowane w ludowe wzory.

Strona główna
