{"id":42452,"date":"2022-07-06T11:31:03","date_gmt":"2022-07-06T09:31:03","guid":{"rendered":"https:\/\/retradycja.eu\/?post_type=tworca&#038;p=42452"},"modified":"2022-11-10T12:00:33","modified_gmt":"2022-11-10T11:00:33","slug":"olena-pochtaryova","status":"publish","type":"tworca","link":"https:\/\/retradycja.eu\/pl\/tworca\/olena-pochtaryova\/","title":{"rendered":"Olena Pochtaryova"},"content":{"rendered":"\n<p>Pani Olena Pochtaryova swoj\u0105 drog\u0119 do tradycji rozpocz\u0119\u0142a od wsp\u00f3\u0142czesno\u015bci. Pocz\u0105tkowo tworzy\u0142a wianki, kt\u00f3re mia\u0142y nowoczesne formy i odpowiada\u0142y na zapotrzebowanie dzisiejszych klientek. Jednak od 2016 roku razem z kole\u017cank\u0105, Olen\u0105 Afanasenko zainteresowa\u0142a si\u0119 tradycyjnymi wiankami, noszonymi niegdy\u015b przez panienki i panny m\u0142ode na terenie ca\u0142ej Ukrainy. Popularne od XIX wieku wie\u0144ce mog\u0142y by\u0107 tworzone z papieru, ozd\u00f3b z parafiny (nazywanej niegdy\u015b bia\u0142ym woskiem), cekin\u00f3w, koralik\u00f3w a nawet folijek po cukierkach. W niekt\u00f3rych regionach g\u0142\u00f3wnym elementem wiank\u00f3w by\u0142y tak\u017ce kolorowe pompony tworzone z w\u0142\u00f3czki. Dzi\u015b obie tw\u00f3rczynie odtwarzaj\u0105 t\u0119 r\u00f3\u017cnorodno\u015b\u0107 materia\u0142\u00f3w i form, kt\u00f3r\u0105 odnajduj\u0105 dzi\u0119ki literaturze etnograficznej, poszukiwaniom prowadzonym w muzealnych magazynach i podczas wypraw terenowych. Bowiem tak samo wa\u017cne jak \u017ar\u00f3d\u0142a ikonograficzne i opisy, s\u0105 dla nich rozmowy z osobami, kt\u00f3re pami\u0119taj\u0105 czasy, w kt\u00f3rych noszenie tego typu wiank\u00f3w by\u0142o powszechne.<br><br>Technologia wykonywania woskowych wiank\u00f3w na Winnicczy\u017anie zosta\u0142a w 2020 roku wpisana na Ukrai\u0144sk\u0105 Krajow\u0105 List\u0119 Niematerialnego Dziedzictwa Kulturowego.<br><br><strong>Kontakt<\/strong><br>www: <a rel=\"noreferrer noopener\" href=\"https:\/\/www.facebook.com\/metelukuVgolovi\" target=\"_blank\">\u041c\u0435\u0442\u0435\u043b\u0438\u043a\u0438 \u0432 \u0433\u043e\u043b\u043e\u0432\u0456 fb<\/a><br>e-mail: po4taryova@gmail.com<br>telefon: +380 675938688<\/p>\n","protected":false},"featured_media":48742,"template":"","meta":{"_acf_changed":false,"ngg_post_thumbnail":0},"dziedzina_tworczosci":[183,23],"kategoria_wydarzenia":[],"kategoria_tworcy":[9,17],"edycja":[209],"kraj_tworcy":[277],"acf":[],"yoast_head":"<!-- This site is optimized with the Yoast SEO plugin v22.2 - https:\/\/yoast.com\/wordpress\/plugins\/seo\/ -->\n<title>Olena Pochtaryova - Festiwal Re:tradycja - Jarmark Jagiello\u0144ski<\/title>\n<meta name=\"robots\" content=\"index, follow, max-snippet:-1, max-image-preview:large, max-video-preview:-1\" \/>\n<link rel=\"canonical\" href=\"https:\/\/retradycja.eu\/pl\/tworca\/olena-pochtaryova\/\" \/>\n<meta property=\"og:locale\" content=\"pl_PL\" \/>\n<meta property=\"og:type\" content=\"article\" \/>\n<meta property=\"og:title\" content=\"Olena Pochtaryova - Festiwal Re:tradycja - Jarmark Jagiello\u0144ski\" \/>\n<meta property=\"og:description\" content=\"Pani Olena Pochtaryova swoj\u0105 drog\u0119 do tradycji rozpocz\u0119\u0142a od wsp\u00f3\u0142czesno\u015bci. Pocz\u0105tkowo tworzy\u0142a wianki, kt\u00f3re mia\u0142y nowoczesne formy i odpowiada\u0142y na [&hellip;]\" \/>\n<meta property=\"og:url\" content=\"https:\/\/retradycja.eu\/pl\/tworca\/olena-pochtaryova\/\" \/>\n<meta property=\"og:site_name\" content=\"Festiwal Re:tradycja - Jarmark Jagiello\u0144ski\" \/>\n<meta property=\"article:publisher\" content=\"https:\/\/www.facebook.com\/retradycja\" \/>\n<meta property=\"article:modified_time\" content=\"2022-11-10T11:00:33+00:00\" \/>\n<meta property=\"og:image\" content=\"https:\/\/retradycja.eu\/wp-content\/uploads\/2022\/07\/GutekZegier-00837.jpg\" \/>\n\t<meta property=\"og:image:width\" content=\"2000\" \/>\n\t<meta property=\"og:image:height\" content=\"1333\" \/>\n\t<meta property=\"og:image:type\" content=\"image\/jpeg\" \/>\n<meta name=\"twitter:card\" content=\"summary_large_image\" \/>\n<meta name=\"twitter:label1\" content=\"Szacowany czas czytania\" \/>\n\t<meta name=\"twitter:data1\" content=\"1 minuta\" \/>\n<script type=\"application\/ld+json\" class=\"yoast-schema-graph\">{\"@context\":\"https:\/\/schema.org\",\"@graph\":[{\"@type\":\"WebPage\",\"@id\":\"https:\/\/retradycja.eu\/pl\/tworca\/olena-pochtaryova\/\",\"url\":\"https:\/\/retradycja.eu\/pl\/tworca\/olena-pochtaryova\/\",\"name\":\"Olena Pochtaryova - Festiwal Re:tradycja - Jarmark Jagiello\u0144ski\",\"isPartOf\":{\"@id\":\"https:\/\/retradycja.eu\/pl\/#website\"},\"primaryImageOfPage\":{\"@id\":\"https:\/\/retradycja.eu\/pl\/tworca\/olena-pochtaryova\/#primaryimage\"},\"image\":{\"@id\":\"https:\/\/retradycja.eu\/pl\/tworca\/olena-pochtaryova\/#primaryimage\"},\"thumbnailUrl\":\"https:\/\/retradycja.eu\/wp-content\/uploads\/2022\/07\/GutekZegier-00837.jpg\",\"datePublished\":\"2022-07-06T09:31:03+00:00\",\"dateModified\":\"2022-11-10T11:00:33+00:00\",\"breadcrumb\":{\"@id\":\"https:\/\/retradycja.eu\/pl\/tworca\/olena-pochtaryova\/#breadcrumb\"},\"inLanguage\":\"pl-PL\",\"potentialAction\":[{\"@type\":\"ReadAction\",\"target\":[\"https:\/\/retradycja.eu\/pl\/tworca\/olena-pochtaryova\/\"]}]},{\"@type\":\"ImageObject\",\"inLanguage\":\"pl-PL\",\"@id\":\"https:\/\/retradycja.eu\/pl\/tworca\/olena-pochtaryova\/#primaryimage\",\"url\":\"https:\/\/retradycja.eu\/wp-content\/uploads\/2022\/07\/GutekZegier-00837.jpg\",\"contentUrl\":\"https:\/\/retradycja.eu\/wp-content\/uploads\/2022\/07\/GutekZegier-00837.jpg\",\"width\":2000,\"height\":1333,\"caption\":\"Olena Pochtaryova prezentuje wianki na g\u0142ow\u0119.\"},{\"@type\":\"BreadcrumbList\",\"@id\":\"https:\/\/retradycja.eu\/pl\/tworca\/olena-pochtaryova\/#breadcrumb\",\"itemListElement\":[{\"@type\":\"ListItem\",\"position\":1,\"name\":\"Strona g\u0142\u00f3wna\",\"item\":\"https:\/\/retradycja.eu\/pl\/\"},{\"@type\":\"ListItem\",\"position\":2,\"name\":\"Olena Pochtaryova\"}]},{\"@type\":\"WebSite\",\"@id\":\"https:\/\/retradycja.eu\/pl\/#website\",\"url\":\"https:\/\/retradycja.eu\/pl\/\",\"name\":\"Festiwal Re:tradycja - Jarmark Jagiello\u0144ski\",\"description\":\" Lublin, Stare Miasto\",\"publisher\":{\"@id\":\"https:\/\/retradycja.eu\/pl\/#organization\"},\"potentialAction\":[{\"@type\":\"SearchAction\",\"target\":{\"@type\":\"EntryPoint\",\"urlTemplate\":\"https:\/\/retradycja.eu\/pl\/?s={search_term_string}\"},\"query-input\":\"required name=search_term_string\"}],\"inLanguage\":\"pl-PL\"},{\"@type\":\"Organization\",\"@id\":\"https:\/\/retradycja.eu\/pl\/#organization\",\"name\":\"Warsztaty Kultury w Lublinie\",\"url\":\"https:\/\/retradycja.eu\/pl\/\",\"logo\":{\"@type\":\"ImageObject\",\"inLanguage\":\"pl-PL\",\"@id\":\"https:\/\/retradycja.eu\/pl\/#\/schema\/logo\/image\/\",\"url\":\"https:\/\/retradycja.eu\/wp-content\/uploads\/2022\/06\/logo_retradycje-01.png\",\"contentUrl\":\"https:\/\/retradycja.eu\/wp-content\/uploads\/2022\/06\/logo_retradycje-01.png\",\"width\":332,\"height\":63,\"caption\":\"Warsztaty Kultury w Lublinie\"},\"image\":{\"@id\":\"https:\/\/retradycja.eu\/pl\/#\/schema\/logo\/image\/\"},\"sameAs\":[\"https:\/\/www.facebook.com\/retradycja\",\"https:\/\/www.instagram.com\/retradycja_jarmarkjagiellonski\/\",\"https:\/\/www.youtube.com\/user\/JarmarkJagiellonski\"]}]}<\/script>\n<!-- \/ Yoast SEO plugin. -->","yoast_head_json":{"title":"Olena Pochtaryova - Festiwal Re:tradycja - Jarmark Jagiello\u0144ski","robots":{"index":"index","follow":"follow","max-snippet":"max-snippet:-1","max-image-preview":"max-image-preview:large","max-video-preview":"max-video-preview:-1"},"canonical":"https:\/\/retradycja.eu\/pl\/tworca\/olena-pochtaryova\/","og_locale":"pl_PL","og_type":"article","og_title":"Olena Pochtaryova - Festiwal Re:tradycja - Jarmark Jagiello\u0144ski","og_description":"Pani Olena Pochtaryova swoj\u0105 drog\u0119 do tradycji rozpocz\u0119\u0142a od wsp\u00f3\u0142czesno\u015bci. Pocz\u0105tkowo tworzy\u0142a wianki, kt\u00f3re mia\u0142y nowoczesne formy i odpowiada\u0142y na [&hellip;]","og_url":"https:\/\/retradycja.eu\/pl\/tworca\/olena-pochtaryova\/","og_site_name":"Festiwal Re:tradycja - Jarmark Jagiello\u0144ski","article_publisher":"https:\/\/www.facebook.com\/retradycja","article_modified_time":"2022-11-10T11:00:33+00:00","og_image":[{"width":2000,"height":1333,"url":"https:\/\/retradycja.eu\/wp-content\/uploads\/2022\/07\/GutekZegier-00837.jpg","type":"image\/jpeg"}],"twitter_card":"summary_large_image","twitter_misc":{"Szacowany czas czytania":"1 minuta"},"schema":{"@context":"https:\/\/schema.org","@graph":[{"@type":"WebPage","@id":"https:\/\/retradycja.eu\/pl\/tworca\/olena-pochtaryova\/","url":"https:\/\/retradycja.eu\/pl\/tworca\/olena-pochtaryova\/","name":"Olena Pochtaryova - Festiwal Re:tradycja - Jarmark Jagiello\u0144ski","isPartOf":{"@id":"https:\/\/retradycja.eu\/pl\/#website"},"primaryImageOfPage":{"@id":"https:\/\/retradycja.eu\/pl\/tworca\/olena-pochtaryova\/#primaryimage"},"image":{"@id":"https:\/\/retradycja.eu\/pl\/tworca\/olena-pochtaryova\/#primaryimage"},"thumbnailUrl":"https:\/\/retradycja.eu\/wp-content\/uploads\/2022\/07\/GutekZegier-00837.jpg","datePublished":"2022-07-06T09:31:03+00:00","dateModified":"2022-11-10T11:00:33+00:00","breadcrumb":{"@id":"https:\/\/retradycja.eu\/pl\/tworca\/olena-pochtaryova\/#breadcrumb"},"inLanguage":"pl-PL","potentialAction":[{"@type":"ReadAction","target":["https:\/\/retradycja.eu\/pl\/tworca\/olena-pochtaryova\/"]}]},{"@type":"ImageObject","inLanguage":"pl-PL","@id":"https:\/\/retradycja.eu\/pl\/tworca\/olena-pochtaryova\/#primaryimage","url":"https:\/\/retradycja.eu\/wp-content\/uploads\/2022\/07\/GutekZegier-00837.jpg","contentUrl":"https:\/\/retradycja.eu\/wp-content\/uploads\/2022\/07\/GutekZegier-00837.jpg","width":2000,"height":1333,"caption":"Olena Pochtaryova prezentuje wianki na g\u0142ow\u0119."},{"@type":"BreadcrumbList","@id":"https:\/\/retradycja.eu\/pl\/tworca\/olena-pochtaryova\/#breadcrumb","itemListElement":[{"@type":"ListItem","position":1,"name":"Strona g\u0142\u00f3wna","item":"https:\/\/retradycja.eu\/pl\/"},{"@type":"ListItem","position":2,"name":"Olena Pochtaryova"}]},{"@type":"WebSite","@id":"https:\/\/retradycja.eu\/pl\/#website","url":"https:\/\/retradycja.eu\/pl\/","name":"Festiwal Re:tradycja - Jarmark Jagiello\u0144ski","description":" Lublin, Stare Miasto","publisher":{"@id":"https:\/\/retradycja.eu\/pl\/#organization"},"potentialAction":[{"@type":"SearchAction","target":{"@type":"EntryPoint","urlTemplate":"https:\/\/retradycja.eu\/pl\/?s={search_term_string}"},"query-input":"required name=search_term_string"}],"inLanguage":"pl-PL"},{"@type":"Organization","@id":"https:\/\/retradycja.eu\/pl\/#organization","name":"Warsztaty Kultury w Lublinie","url":"https:\/\/retradycja.eu\/pl\/","logo":{"@type":"ImageObject","inLanguage":"pl-PL","@id":"https:\/\/retradycja.eu\/pl\/#\/schema\/logo\/image\/","url":"https:\/\/retradycja.eu\/wp-content\/uploads\/2022\/06\/logo_retradycje-01.png","contentUrl":"https:\/\/retradycja.eu\/wp-content\/uploads\/2022\/06\/logo_retradycje-01.png","width":332,"height":63,"caption":"Warsztaty Kultury w Lublinie"},"image":{"@id":"https:\/\/retradycja.eu\/pl\/#\/schema\/logo\/image\/"},"sameAs":["https:\/\/www.facebook.com\/retradycja","https:\/\/www.instagram.com\/retradycja_jarmarkjagiellonski\/","https:\/\/www.youtube.com\/user\/JarmarkJagiellonski"]}]}},"_links":{"self":[{"href":"https:\/\/retradycja.eu\/pl\/wp-json\/wp\/v2\/tworca\/42452"}],"collection":[{"href":"https:\/\/retradycja.eu\/pl\/wp-json\/wp\/v2\/tworca"}],"about":[{"href":"https:\/\/retradycja.eu\/pl\/wp-json\/wp\/v2\/types\/tworca"}],"wp:featuredmedia":[{"embeddable":true,"href":"https:\/\/retradycja.eu\/pl\/wp-json\/wp\/v2\/media\/48742"}],"wp:attachment":[{"href":"https:\/\/retradycja.eu\/pl\/wp-json\/wp\/v2\/media?parent=42452"}],"wp:term":[{"taxonomy":"dziedzina_tworczosci","embeddable":true,"href":"https:\/\/retradycja.eu\/pl\/wp-json\/wp\/v2\/dziedzina_tworczosci?post=42452"},{"taxonomy":"kategoria_wydarzenia","embeddable":true,"href":"https:\/\/retradycja.eu\/pl\/wp-json\/wp\/v2\/kategoria_wydarzenia?post=42452"},{"taxonomy":"kategoria_tworcy","embeddable":true,"href":"https:\/\/retradycja.eu\/pl\/wp-json\/wp\/v2\/kategoria_tworcy?post=42452"},{"taxonomy":"edycja","embeddable":true,"href":"https:\/\/retradycja.eu\/pl\/wp-json\/wp\/v2\/edycja?post=42452"},{"taxonomy":"kraj_tworcy","embeddable":true,"href":"https:\/\/retradycja.eu\/pl\/wp-json\/wp\/v2\/kraj_tworcy?post=42452"}],"curies":[{"name":"wp","href":"https:\/\/api.w.org\/{rel}","templated":true}]}}

<p>Pani Olena Pochtaryova swoją drogę do tradycji rozpoczęła od współczesności. Początkowo tworzyła wianki, które miały nowoczesne formy i odpowiadały na zapotrzebowanie dzisiejszych klientek. Jednak od 2016 roku razem z koleżanką, Oleną Afanasenko zainteresowała się tradycyjnymi wiankami, noszonymi niegdyś przez panienki i panny młode na terenie całej Ukrainy. Popularne od XIX wieku wieńce mogły być tworzone z papieru, ozdób z parafiny (nazywanej niegdyś białym woskiem), cekinów, koralików a nawet folijek po cukierkach. W niektórych regionach głównym elementem wianków były także kolorowe pompony tworzone z włóczki. Dziś obie twórczynie odtwarzają tę różnorodność materiałów i form, którą odnajdują dzięki literaturze etnograficznej, poszukiwaniom prowadzonym w muzealnych magazynach i podczas wypraw terenowych. Bowiem tak samo ważne jak źródła ikonograficzne i opisy, są dla nich rozmowy z osobami, które pamiętają czasy, w których noszenie tego typu wianków było powszechne.<br><br>Technologia wykonywania woskowych wianków na Winnicczyźnie została w 2020 roku wpisana na Ukraińską Krajową Listę Niematerialnego Dziedzictwa Kulturowego.<br><br><strong>Kontakt</strong><br>www: <a rel="noreferrer noopener" href="https://www.facebook.com/metelukuVgolovi" target="_blank">Метелики в голові fb</a><br>e-mail: po4taryova@gmail.com<br>telefon: +380 675938688</p>

<!-- This site is optimized with the Yoast SEO plugin v22.2 - https://yoast.com/wordpress/plugins/seo/ -->
<title>Olena Pochtaryova - Festiwal Re:tradycja - Jarmark Jagielloński</title>
<meta name="robots" content="index, follow, max-snippet:-1, max-image-preview:large, max-video-preview:-1" />
<link rel="canonical" href="https://retradycja.eu/pl/tworca/olena-pochtaryova/" />
<meta property="og:locale" content="pl_PL" />
<meta property="og:type" content="article" />
<meta property="og:title" content="Olena Pochtaryova - Festiwal Re:tradycja - Jarmark Jagielloński" />
<meta property="og:description" content="Pani Olena Pochtaryova swoją drogę do tradycji rozpoczęła od współczesności. Początkowo tworzyła wianki, które miały nowoczesne formy i odpowiadały na [&hellip;]" />
<meta property="og:url" content="https://retradycja.eu/pl/tworca/olena-pochtaryova/" />
<meta property="og:site_name" content="Festiwal Re:tradycja - Jarmark Jagielloński" />
<meta property="article:publisher" content="https://www.facebook.com/retradycja" />
<meta property="article:modified_time" content="2022-11-10T11:00:33+00:00" />
<meta property="og:image" content="https://retradycja.eu/wp-content/uploads/2022/07/GutekZegier-00837.jpg" />
	<meta property="og:image:width" content="2000" />
	<meta property="og:image:height" content="1333" />
	<meta property="og:image:type" content="image/jpeg" />
<meta name="twitter:card" content="summary_large_image" />
<meta name="twitter:label1" content="Szacowany czas czytania" />
	<meta name="twitter:data1" content="1 minuta" />
<script type="application/ld+json" class="yoast-schema-graph">{"@context":"https://schema.org","@graph":[{"@type":"WebPage","@id":"https://retradycja.eu/pl/tworca/olena-pochtaryova/","url":"https://retradycja.eu/pl/tworca/olena-pochtaryova/","name":"Olena Pochtaryova - Festiwal Re:tradycja - Jarmark Jagielloński","isPartOf":{"@id":"https://retradycja.eu/pl/#website"},"primaryImageOfPage":{"@id":"https://retradycja.eu/pl/tworca/olena-pochtaryova/#primaryimage"},"image":{"@id":"https://retradycja.eu/pl/tworca/olena-pochtaryova/#primaryimage"},"thumbnailUrl":"https://retradycja.eu/wp-content/uploads/2022/07/GutekZegier-00837.jpg","datePublished":"2022-07-06T09:31:03+00:00","dateModified":"2022-11-10T11:00:33+00:00","breadcrumb":{"@id":"https://retradycja.eu/pl/tworca/olena-pochtaryova/#breadcrumb"},"inLanguage":"pl-PL","potentialAction":[{"@type":"ReadAction","target":["https://retradycja.eu/pl/tworca/olena-pochtaryova/"]}]},{"@type":"ImageObject","inLanguage":"pl-PL","@id":"https://retradycja.eu/pl/tworca/olena-pochtaryova/#primaryimage","url":"https://retradycja.eu/wp-content/uploads/2022/07/GutekZegier-00837.jpg","contentUrl":"https://retradycja.eu/wp-content/uploads/2022/07/GutekZegier-00837.jpg","width":2000,"height":1333,"caption":"Olena Pochtaryova prezentuje wianki na głowę."},{"@type":"BreadcrumbList","@id":"https://retradycja.eu/pl/tworca/olena-pochtaryova/#breadcrumb","itemListElement":[{"@type":"ListItem","position":1,"name":"Strona główna","item":"https://retradycja.eu/pl/"},{"@type":"ListItem","position":2,"name":"Olena Pochtaryova"}]},{"@type":"WebSite","@id":"https://retradycja.eu/pl/#website","url":"https://retradycja.eu/pl/","name":"Festiwal Re:tradycja - Jarmark Jagielloński","description":" Lublin, Stare Miasto","publisher":{"@id":"https://retradycja.eu/pl/#organization"},"potentialAction":[{"@type":"SearchAction","target":{"@type":"EntryPoint","urlTemplate":"https://retradycja.eu/pl/?s={search_term_string}"},"query-input":"required name=search_term_string"}],"inLanguage":"pl-PL"},{"@type":"Organization","@id":"https://retradycja.eu/pl/#organization","name":"Warsztaty Kultury w Lublinie","url":"https://retradycja.eu/pl/","logo":{"@type":"ImageObject","inLanguage":"pl-PL","@id":"https://retradycja.eu/pl/#/schema/logo/image/","url":"https://retradycja.eu/wp-content/uploads/2022/06/logo_retradycje-01.png","contentUrl":"https://retradycja.eu/wp-content/uploads/2022/06/logo_retradycje-01.png","width":332,"height":63,"caption":"Warsztaty Kultury w Lublinie"},"image":{"@id":"https://retradycja.eu/pl/#/schema/logo/image/"},"sameAs":["https://www.facebook.com/retradycja","https://www.instagram.com/retradycja_jarmarkjagiellonski/","https://www.youtube.com/user/JarmarkJagiellonski"]}]}</script>
<!-- / Yoast SEO plugin. -->

Olena Pochtaryova - Festiwal Re:tradycja - Jarmark Jagielloński

Pani Olena Pochtaryova swoją drogę do tradycji rozpoczęła od współczesności. Początkowo tworzyła wianki, które miały nowoczesne formy i odpowiadały na [&hellip;]

Festiwal Re:tradycja - Jarmark Jagielloński

Olena Pochtaryova prezentuje wianki na głowę.

Strona główna
