{"id":42178,"date":"2022-05-25T15:35:51","date_gmt":"2022-05-25T13:35:51","guid":{"rendered":"https:\/\/retradycja.eu\/?post_type=tworca&#038;p=42178"},"modified":"2022-11-10T12:11:54","modified_gmt":"2022-11-10T11:11:54","slug":"mikolaj-tymoszuk","status":"publish","type":"tworca","link":"https:\/\/retradycja.eu\/pl\/tworca\/mikolaj-tymoszuk\/","title":{"rendered":"Miko\u0142aj Tymoszuk"},"content":{"rendered":"\n<p>Pan Miko\u0142aj Tymoszuk od 2010 roku zajmuje si\u0119 wykonywaniem bi\u017cuterii. Stworzony przez niego warsztat obr\u00f3bki bursztynu nawi\u0105zuje do tradycji kaszubskich bursztyniarzy i narz\u0119dzi, kt\u00f3re wykorzystywali oni w swojej pracy do lat 70. XX wieku. Jego poszukiwania zaprowadzi\u0142y go do starych pracowni i dom\u00f3w potomk\u00f3w bursztyniarzy z P\u00f3\u0142wyspu Helskiego, kt\u00f3rzy dzielili si\u0119 z nim swoimi wspomnieniami. Korzysta\u0142 on tak\u017ce z dokumentacji zgromadzonej przez Pa\u0144stwowe Muzeum Etnograficzne w Warszawie. Pan Miko\u0142aj wykorzystuje g\u0142\u00f3wnie bursztyn po\u0142awiany w Morzu Ba\u0142tyckim. Materia\u0142 ten obrabia r\u0119cznie przy pomocy prostych narz\u0119dzi (furkad\u0142a czy ko\u0142owrotka tokarsko-wiertniczego). Tworzona przez niego bi\u017cuteria opiera si\u0119 na bursztynach zachowanych w stanie p\u00f3\u0142surowym, w kt\u00f3rych wykonuje du\u017ce otwory potrzebne do zawieszenia ozd\u00f3b. W swoich pracach wykorzystuje tak\u017ce drewno, w\u0119giel, len i sk\u00f3r\u0119. <\/p>\n\n\n\n<p><\/p>\n\n\n\n<p><strong>Kontakt<\/strong><\/p>\n\n\n\n<p>www: <a rel=\"noreferrer noopener\" href=\"https:\/\/tamber.pl\/\" target=\"_blank\">tamber.pl<\/a><br>e-mail: info@tamber.pl<\/p>\n","protected":false},"featured_media":49607,"template":"","meta":{"_acf_changed":false,"ngg_post_thumbnail":0},"dziedzina_tworczosci":[183,28],"kategoria_wydarzenia":[],"kategoria_tworcy":[9,17],"edycja":[209],"kraj_tworcy":[275],"acf":[],"yoast_head":"<!-- This site is optimized with the Yoast SEO plugin v22.2 - https:\/\/yoast.com\/wordpress\/plugins\/seo\/ -->\n<title>Miko\u0142aj Tymoszuk - Festiwal Re:tradycja - Jarmark Jagiello\u0144ski<\/title>\n<meta name=\"robots\" content=\"index, follow, max-snippet:-1, max-image-preview:large, max-video-preview:-1\" \/>\n<link rel=\"canonical\" href=\"https:\/\/retradycja.eu\/pl\/tworca\/mikolaj-tymoszuk\/\" \/>\n<meta property=\"og:locale\" content=\"pl_PL\" \/>\n<meta property=\"og:type\" content=\"article\" \/>\n<meta property=\"og:title\" content=\"Miko\u0142aj Tymoszuk - Festiwal Re:tradycja - Jarmark Jagiello\u0144ski\" \/>\n<meta property=\"og:description\" content=\"Pan Miko\u0142aj Tymoszuk od 2010 roku zajmuje si\u0119 wykonywaniem bi\u017cuterii. Stworzony przez niego warsztat obr\u00f3bki bursztynu nawi\u0105zuje do tradycji kaszubskich [&hellip;]\" \/>\n<meta property=\"og:url\" content=\"https:\/\/retradycja.eu\/pl\/tworca\/mikolaj-tymoszuk\/\" \/>\n<meta property=\"og:site_name\" content=\"Festiwal Re:tradycja - Jarmark Jagiello\u0144ski\" \/>\n<meta property=\"article:publisher\" content=\"https:\/\/www.facebook.com\/retradycja\" \/>\n<meta property=\"article:modified_time\" content=\"2022-11-10T11:11:54+00:00\" \/>\n<meta property=\"og:image\" content=\"https:\/\/retradycja.eu\/wp-content\/uploads\/2022\/05\/GutekZegier-00175.jpg\" \/>\n\t<meta property=\"og:image:width\" content=\"2000\" \/>\n\t<meta property=\"og:image:height\" content=\"1333\" \/>\n\t<meta property=\"og:image:type\" content=\"image\/jpeg\" \/>\n<meta name=\"twitter:card\" content=\"summary_large_image\" \/>\n<meta name=\"twitter:label1\" content=\"Szacowany czas czytania\" \/>\n\t<meta name=\"twitter:data1\" content=\"1 minuta\" \/>\n<script type=\"application\/ld+json\" class=\"yoast-schema-graph\">{\"@context\":\"https:\/\/schema.org\",\"@graph\":[{\"@type\":\"WebPage\",\"@id\":\"https:\/\/retradycja.eu\/pl\/tworca\/mikolaj-tymoszuk\/\",\"url\":\"https:\/\/retradycja.eu\/pl\/tworca\/mikolaj-tymoszuk\/\",\"name\":\"Miko\u0142aj Tymoszuk - Festiwal Re:tradycja - Jarmark Jagiello\u0144ski\",\"isPartOf\":{\"@id\":\"https:\/\/retradycja.eu\/pl\/#website\"},\"primaryImageOfPage\":{\"@id\":\"https:\/\/retradycja.eu\/pl\/tworca\/mikolaj-tymoszuk\/#primaryimage\"},\"image\":{\"@id\":\"https:\/\/retradycja.eu\/pl\/tworca\/mikolaj-tymoszuk\/#primaryimage\"},\"thumbnailUrl\":\"https:\/\/retradycja.eu\/wp-content\/uploads\/2022\/05\/GutekZegier-00175.jpg\",\"datePublished\":\"2022-05-25T13:35:51+00:00\",\"dateModified\":\"2022-11-10T11:11:54+00:00\",\"breadcrumb\":{\"@id\":\"https:\/\/retradycja.eu\/pl\/tworca\/mikolaj-tymoszuk\/#breadcrumb\"},\"inLanguage\":\"pl-PL\",\"potentialAction\":[{\"@type\":\"ReadAction\",\"target\":[\"https:\/\/retradycja.eu\/pl\/tworca\/mikolaj-tymoszuk\/\"]}]},{\"@type\":\"ImageObject\",\"inLanguage\":\"pl-PL\",\"@id\":\"https:\/\/retradycja.eu\/pl\/tworca\/mikolaj-tymoszuk\/#primaryimage\",\"url\":\"https:\/\/retradycja.eu\/wp-content\/uploads\/2022\/05\/GutekZegier-00175.jpg\",\"contentUrl\":\"https:\/\/retradycja.eu\/wp-content\/uploads\/2022\/05\/GutekZegier-00175.jpg\",\"width\":2000,\"height\":1333,\"caption\":\"Miko\u0142aj Tymoszuk stoi obok naszyjnik\u00f3w z bursztynem.\"},{\"@type\":\"BreadcrumbList\",\"@id\":\"https:\/\/retradycja.eu\/pl\/tworca\/mikolaj-tymoszuk\/#breadcrumb\",\"itemListElement\":[{\"@type\":\"ListItem\",\"position\":1,\"name\":\"Strona g\u0142\u00f3wna\",\"item\":\"https:\/\/retradycja.eu\/pl\/\"},{\"@type\":\"ListItem\",\"position\":2,\"name\":\"Miko\u0142aj Tymoszuk\"}]},{\"@type\":\"WebSite\",\"@id\":\"https:\/\/retradycja.eu\/pl\/#website\",\"url\":\"https:\/\/retradycja.eu\/pl\/\",\"name\":\"Festiwal Re:tradycja - Jarmark Jagiello\u0144ski\",\"description\":\" Lublin, Stare Miasto\",\"publisher\":{\"@id\":\"https:\/\/retradycja.eu\/pl\/#organization\"},\"potentialAction\":[{\"@type\":\"SearchAction\",\"target\":{\"@type\":\"EntryPoint\",\"urlTemplate\":\"https:\/\/retradycja.eu\/pl\/?s={search_term_string}\"},\"query-input\":\"required name=search_term_string\"}],\"inLanguage\":\"pl-PL\"},{\"@type\":\"Organization\",\"@id\":\"https:\/\/retradycja.eu\/pl\/#organization\",\"name\":\"Warsztaty Kultury w Lublinie\",\"url\":\"https:\/\/retradycja.eu\/pl\/\",\"logo\":{\"@type\":\"ImageObject\",\"inLanguage\":\"pl-PL\",\"@id\":\"https:\/\/retradycja.eu\/pl\/#\/schema\/logo\/image\/\",\"url\":\"https:\/\/retradycja.eu\/wp-content\/uploads\/2022\/06\/logo_retradycje-01.png\",\"contentUrl\":\"https:\/\/retradycja.eu\/wp-content\/uploads\/2022\/06\/logo_retradycje-01.png\",\"width\":332,\"height\":63,\"caption\":\"Warsztaty Kultury w Lublinie\"},\"image\":{\"@id\":\"https:\/\/retradycja.eu\/pl\/#\/schema\/logo\/image\/\"},\"sameAs\":[\"https:\/\/www.facebook.com\/retradycja\",\"https:\/\/www.instagram.com\/retradycja_jarmarkjagiellonski\/\",\"https:\/\/www.youtube.com\/user\/JarmarkJagiellonski\"]}]}<\/script>\n<!-- \/ Yoast SEO plugin. -->","yoast_head_json":{"title":"Miko\u0142aj Tymoszuk - Festiwal Re:tradycja - Jarmark Jagiello\u0144ski","robots":{"index":"index","follow":"follow","max-snippet":"max-snippet:-1","max-image-preview":"max-image-preview:large","max-video-preview":"max-video-preview:-1"},"canonical":"https:\/\/retradycja.eu\/pl\/tworca\/mikolaj-tymoszuk\/","og_locale":"pl_PL","og_type":"article","og_title":"Miko\u0142aj Tymoszuk - Festiwal Re:tradycja - Jarmark Jagiello\u0144ski","og_description":"Pan Miko\u0142aj Tymoszuk od 2010 roku zajmuje si\u0119 wykonywaniem bi\u017cuterii. Stworzony przez niego warsztat obr\u00f3bki bursztynu nawi\u0105zuje do tradycji kaszubskich [&hellip;]","og_url":"https:\/\/retradycja.eu\/pl\/tworca\/mikolaj-tymoszuk\/","og_site_name":"Festiwal Re:tradycja - Jarmark Jagiello\u0144ski","article_publisher":"https:\/\/www.facebook.com\/retradycja","article_modified_time":"2022-11-10T11:11:54+00:00","og_image":[{"width":2000,"height":1333,"url":"https:\/\/retradycja.eu\/wp-content\/uploads\/2022\/05\/GutekZegier-00175.jpg","type":"image\/jpeg"}],"twitter_card":"summary_large_image","twitter_misc":{"Szacowany czas czytania":"1 minuta"},"schema":{"@context":"https:\/\/schema.org","@graph":[{"@type":"WebPage","@id":"https:\/\/retradycja.eu\/pl\/tworca\/mikolaj-tymoszuk\/","url":"https:\/\/retradycja.eu\/pl\/tworca\/mikolaj-tymoszuk\/","name":"Miko\u0142aj Tymoszuk - Festiwal Re:tradycja - Jarmark Jagiello\u0144ski","isPartOf":{"@id":"https:\/\/retradycja.eu\/pl\/#website"},"primaryImageOfPage":{"@id":"https:\/\/retradycja.eu\/pl\/tworca\/mikolaj-tymoszuk\/#primaryimage"},"image":{"@id":"https:\/\/retradycja.eu\/pl\/tworca\/mikolaj-tymoszuk\/#primaryimage"},"thumbnailUrl":"https:\/\/retradycja.eu\/wp-content\/uploads\/2022\/05\/GutekZegier-00175.jpg","datePublished":"2022-05-25T13:35:51+00:00","dateModified":"2022-11-10T11:11:54+00:00","breadcrumb":{"@id":"https:\/\/retradycja.eu\/pl\/tworca\/mikolaj-tymoszuk\/#breadcrumb"},"inLanguage":"pl-PL","potentialAction":[{"@type":"ReadAction","target":["https:\/\/retradycja.eu\/pl\/tworca\/mikolaj-tymoszuk\/"]}]},{"@type":"ImageObject","inLanguage":"pl-PL","@id":"https:\/\/retradycja.eu\/pl\/tworca\/mikolaj-tymoszuk\/#primaryimage","url":"https:\/\/retradycja.eu\/wp-content\/uploads\/2022\/05\/GutekZegier-00175.jpg","contentUrl":"https:\/\/retradycja.eu\/wp-content\/uploads\/2022\/05\/GutekZegier-00175.jpg","width":2000,"height":1333,"caption":"Miko\u0142aj Tymoszuk stoi obok naszyjnik\u00f3w z bursztynem."},{"@type":"BreadcrumbList","@id":"https:\/\/retradycja.eu\/pl\/tworca\/mikolaj-tymoszuk\/#breadcrumb","itemListElement":[{"@type":"ListItem","position":1,"name":"Strona g\u0142\u00f3wna","item":"https:\/\/retradycja.eu\/pl\/"},{"@type":"ListItem","position":2,"name":"Miko\u0142aj Tymoszuk"}]},{"@type":"WebSite","@id":"https:\/\/retradycja.eu\/pl\/#website","url":"https:\/\/retradycja.eu\/pl\/","name":"Festiwal Re:tradycja - Jarmark Jagiello\u0144ski","description":" Lublin, Stare Miasto","publisher":{"@id":"https:\/\/retradycja.eu\/pl\/#organization"},"potentialAction":[{"@type":"SearchAction","target":{"@type":"EntryPoint","urlTemplate":"https:\/\/retradycja.eu\/pl\/?s={search_term_string}"},"query-input":"required name=search_term_string"}],"inLanguage":"pl-PL"},{"@type":"Organization","@id":"https:\/\/retradycja.eu\/pl\/#organization","name":"Warsztaty Kultury w Lublinie","url":"https:\/\/retradycja.eu\/pl\/","logo":{"@type":"ImageObject","inLanguage":"pl-PL","@id":"https:\/\/retradycja.eu\/pl\/#\/schema\/logo\/image\/","url":"https:\/\/retradycja.eu\/wp-content\/uploads\/2022\/06\/logo_retradycje-01.png","contentUrl":"https:\/\/retradycja.eu\/wp-content\/uploads\/2022\/06\/logo_retradycje-01.png","width":332,"height":63,"caption":"Warsztaty Kultury w Lublinie"},"image":{"@id":"https:\/\/retradycja.eu\/pl\/#\/schema\/logo\/image\/"},"sameAs":["https:\/\/www.facebook.com\/retradycja","https:\/\/www.instagram.com\/retradycja_jarmarkjagiellonski\/","https:\/\/www.youtube.com\/user\/JarmarkJagiellonski"]}]}},"_links":{"self":[{"href":"https:\/\/retradycja.eu\/pl\/wp-json\/wp\/v2\/tworca\/42178"}],"collection":[{"href":"https:\/\/retradycja.eu\/pl\/wp-json\/wp\/v2\/tworca"}],"about":[{"href":"https:\/\/retradycja.eu\/pl\/wp-json\/wp\/v2\/types\/tworca"}],"wp:featuredmedia":[{"embeddable":true,"href":"https:\/\/retradycja.eu\/pl\/wp-json\/wp\/v2\/media\/49607"}],"wp:attachment":[{"href":"https:\/\/retradycja.eu\/pl\/wp-json\/wp\/v2\/media?parent=42178"}],"wp:term":[{"taxonomy":"dziedzina_tworczosci","embeddable":true,"href":"https:\/\/retradycja.eu\/pl\/wp-json\/wp\/v2\/dziedzina_tworczosci?post=42178"},{"taxonomy":"kategoria_wydarzenia","embeddable":true,"href":"https:\/\/retradycja.eu\/pl\/wp-json\/wp\/v2\/kategoria_wydarzenia?post=42178"},{"taxonomy":"kategoria_tworcy","embeddable":true,"href":"https:\/\/retradycja.eu\/pl\/wp-json\/wp\/v2\/kategoria_tworcy?post=42178"},{"taxonomy":"edycja","embeddable":true,"href":"https:\/\/retradycja.eu\/pl\/wp-json\/wp\/v2\/edycja?post=42178"},{"taxonomy":"kraj_tworcy","embeddable":true,"href":"https:\/\/retradycja.eu\/pl\/wp-json\/wp\/v2\/kraj_tworcy?post=42178"}],"curies":[{"name":"wp","href":"https:\/\/api.w.org\/{rel}","templated":true}]}}

Mikołaj Tymoszuk

<p>Pan Mikołaj Tymoszuk od 2010 roku zajmuje się wykonywaniem biżuterii. Stworzony przez niego warsztat obróbki bursztynu nawiązuje do tradycji kaszubskich bursztyniarzy i narzędzi, które wykorzystywali oni w swojej pracy do lat 70. XX wieku. Jego poszukiwania zaprowadziły go do starych pracowni i domów potomków bursztyniarzy z Półwyspu Helskiego, którzy dzielili się z nim swoimi wspomnieniami. Korzystał on także z dokumentacji zgromadzonej przez Państwowe Muzeum Etnograficzne w Warszawie. Pan Mikołaj wykorzystuje głównie bursztyn poławiany w Morzu Bałtyckim. Materiał ten obrabia ręcznie przy pomocy prostych narzędzi (furkadła czy kołowrotka tokarsko-wiertniczego). Tworzona przez niego biżuteria opiera się na bursztynach zachowanych w stanie półsurowym, w których wykonuje duże otwory potrzebne do zawieszenia ozdób. W swoich pracach wykorzystuje także drewno, węgiel, len i skórę. </p>



<p></p>



<p><strong>Kontakt</strong></p>



<p>www: <a rel="noreferrer noopener" href="https://tamber.pl/" target="_blank">tamber.pl</a><br>e-mail: info@tamber.pl</p>

<!-- This site is optimized with the Yoast SEO plugin v22.2 - https://yoast.com/wordpress/plugins/seo/ -->
<title>Mikołaj Tymoszuk - Festiwal Re:tradycja - Jarmark Jagielloński</title>
<meta name="robots" content="index, follow, max-snippet:-1, max-image-preview:large, max-video-preview:-1" />
<link rel="canonical" href="https://retradycja.eu/pl/tworca/mikolaj-tymoszuk/" />
<meta property="og:locale" content="pl_PL" />
<meta property="og:type" content="article" />
<meta property="og:title" content="Mikołaj Tymoszuk - Festiwal Re:tradycja - Jarmark Jagielloński" />
<meta property="og:description" content="Pan Mikołaj Tymoszuk od 2010 roku zajmuje się wykonywaniem biżuterii. Stworzony przez niego warsztat obróbki bursztynu nawiązuje do tradycji kaszubskich [&hellip;]" />
<meta property="og:url" content="https://retradycja.eu/pl/tworca/mikolaj-tymoszuk/" />
<meta property="og:site_name" content="Festiwal Re:tradycja - Jarmark Jagielloński" />
<meta property="article:publisher" content="https://www.facebook.com/retradycja" />
<meta property="article:modified_time" content="2022-11-10T11:11:54+00:00" />
<meta property="og:image" content="https://retradycja.eu/wp-content/uploads/2022/05/GutekZegier-00175.jpg" />
	<meta property="og:image:width" content="2000" />
	<meta property="og:image:height" content="1333" />
	<meta property="og:image:type" content="image/jpeg" />
<meta name="twitter:card" content="summary_large_image" />
<meta name="twitter:label1" content="Szacowany czas czytania" />
	<meta name="twitter:data1" content="1 minuta" />
<script type="application/ld+json" class="yoast-schema-graph">{"@context":"https://schema.org","@graph":[{"@type":"WebPage","@id":"https://retradycja.eu/pl/tworca/mikolaj-tymoszuk/","url":"https://retradycja.eu/pl/tworca/mikolaj-tymoszuk/","name":"Mikołaj Tymoszuk - Festiwal Re:tradycja - Jarmark Jagielloński","isPartOf":{"@id":"https://retradycja.eu/pl/#website"},"primaryImageOfPage":{"@id":"https://retradycja.eu/pl/tworca/mikolaj-tymoszuk/#primaryimage"},"image":{"@id":"https://retradycja.eu/pl/tworca/mikolaj-tymoszuk/#primaryimage"},"thumbnailUrl":"https://retradycja.eu/wp-content/uploads/2022/05/GutekZegier-00175.jpg","datePublished":"2022-05-25T13:35:51+00:00","dateModified":"2022-11-10T11:11:54+00:00","breadcrumb":{"@id":"https://retradycja.eu/pl/tworca/mikolaj-tymoszuk/#breadcrumb"},"inLanguage":"pl-PL","potentialAction":[{"@type":"ReadAction","target":["https://retradycja.eu/pl/tworca/mikolaj-tymoszuk/"]}]},{"@type":"ImageObject","inLanguage":"pl-PL","@id":"https://retradycja.eu/pl/tworca/mikolaj-tymoszuk/#primaryimage","url":"https://retradycja.eu/wp-content/uploads/2022/05/GutekZegier-00175.jpg","contentUrl":"https://retradycja.eu/wp-content/uploads/2022/05/GutekZegier-00175.jpg","width":2000,"height":1333,"caption":"Mikołaj Tymoszuk stoi obok naszyjników z bursztynem."},{"@type":"BreadcrumbList","@id":"https://retradycja.eu/pl/tworca/mikolaj-tymoszuk/#breadcrumb","itemListElement":[{"@type":"ListItem","position":1,"name":"Strona główna","item":"https://retradycja.eu/pl/"},{"@type":"ListItem","position":2,"name":"Mikołaj Tymoszuk"}]},{"@type":"WebSite","@id":"https://retradycja.eu/pl/#website","url":"https://retradycja.eu/pl/","name":"Festiwal Re:tradycja - Jarmark Jagielloński","description":" Lublin, Stare Miasto","publisher":{"@id":"https://retradycja.eu/pl/#organization"},"potentialAction":[{"@type":"SearchAction","target":{"@type":"EntryPoint","urlTemplate":"https://retradycja.eu/pl/?s={search_term_string}"},"query-input":"required name=search_term_string"}],"inLanguage":"pl-PL"},{"@type":"Organization","@id":"https://retradycja.eu/pl/#organization","name":"Warsztaty Kultury w Lublinie","url":"https://retradycja.eu/pl/","logo":{"@type":"ImageObject","inLanguage":"pl-PL","@id":"https://retradycja.eu/pl/#/schema/logo/image/","url":"https://retradycja.eu/wp-content/uploads/2022/06/logo_retradycje-01.png","contentUrl":"https://retradycja.eu/wp-content/uploads/2022/06/logo_retradycje-01.png","width":332,"height":63,"caption":"Warsztaty Kultury w Lublinie"},"image":{"@id":"https://retradycja.eu/pl/#/schema/logo/image/"},"sameAs":["https://www.facebook.com/retradycja","https://www.instagram.com/retradycja_jarmarkjagiellonski/","https://www.youtube.com/user/JarmarkJagiellonski"]}]}</script>
<!-- / Yoast SEO plugin. -->

Mikołaj Tymoszuk - Festiwal Re:tradycja - Jarmark Jagielloński

Pan Mikołaj Tymoszuk od 2010 roku zajmuje się wykonywaniem biżuterii. Stworzony przez niego warsztat obróbki bursztynu nawiązuje do tradycji kaszubskich [&hellip;]

Festiwal Re:tradycja - Jarmark Jagielloński

Mikołaj Tymoszuk stoi obok naszyjników z bursztynem.

Strona główna
