{"id":324,"date":"2015-03-30T00:00:00","date_gmt":"2015-03-29T22:00:00","guid":{"rendered":"https:\/\/retradycja.eu\/tworca\/maria-glen\/"},"modified":"2025-01-22T15:09:05","modified_gmt":"2025-01-22T14:09:05","slug":"maria-glen","status":"publish","type":"tworca","link":"https:\/\/retradycja.eu\/pl\/tworca\/maria-glen\/","title":{"rendered":"Maria Gle\u0144"},"content":{"rendered":"<p style=\"text-align: justify;\">Tw\u00f3rczyni ludowa z Krasnegostawu, pisa\u0142a wiersze, bajki dla dzieci. W 2009 roku zosta\u0142 wydany jej dziewi\u0105ty z kolei tomik wierszy. Jej liryczna poezjaby\u0142a prosta w odbiorze a jednocze\u015bnie bogata pod wzgl\u0119dem tre\u015bci i formy literackiej. Pani Maria wykonywa\u0142a wycinanki z papieru, kwiaty z bibu\u0142ki, pisanki i palmy. Bra\u0142a udzia\u0142 w wystawach, konkursach w Polsce i za granic\u0105. Od 1964 roku nale\u017ca\u0142a do Stowarzyszenia Tw\u00f3rc\u00f3w Ludowych w Lublinie. Tw\u00f3rczo\u015b\u0107 Pani Marii zosta\u0142a doceniona m.in Nagrod\u0105 im. Oskara Kolberga w 1997 roku, srebrnym medalem &#8222;Zas\u0142u\u017cony Kulturze Gloria Artis&#8221;, odznak\u0105 honorow\u0105 &#8222;Zas\u0142u\u017cony dla Kultury Polskiej&#8221;. Posiada\u0142a oko\u0142o 120 dyplom\u00f3w i wyr\u00f3\u017cnie\u0144. Zmar\u0142a w 2019 r.<\/p>\n","protected":false},"featured_media":40219,"template":"","meta":{"_acf_changed":false,"ngg_post_thumbnail":0},"dziedzina_tworczosci":[23],"kategoria_wydarzenia":[],"kategoria_tworcy":[9],"edycja":[21,22,18,19,10,14,15],"kraj_tworcy":[275],"acf":[],"yoast_head":"<!-- This site is optimized with the Yoast SEO plugin v22.2 - https:\/\/yoast.com\/wordpress\/plugins\/seo\/ -->\n<title>Maria Gle\u0144 - Festiwal Re:tradycja - Jarmark Jagiello\u0144ski<\/title>\n<meta name=\"robots\" content=\"index, follow, max-snippet:-1, max-image-preview:large, max-video-preview:-1\" \/>\n<link rel=\"canonical\" href=\"https:\/\/retradycja.eu\/pl\/tworca\/maria-glen\/\" \/>\n<meta property=\"og:locale\" content=\"pl_PL\" \/>\n<meta property=\"og:type\" content=\"article\" \/>\n<meta property=\"og:title\" content=\"Maria Gle\u0144 - Festiwal Re:tradycja - Jarmark Jagiello\u0144ski\" \/>\n<meta property=\"og:description\" content=\"Tw\u00f3rczyni ludowa z Krasnegostawu, pisa\u0142a wiersze, bajki dla dzieci. W 2009 roku zosta\u0142 wydany jej dziewi\u0105ty z kolei tomik wierszy. [&hellip;]\" \/>\n<meta property=\"og:url\" content=\"https:\/\/retradycja.eu\/pl\/tworca\/maria-glen\/\" \/>\n<meta property=\"og:site_name\" content=\"Festiwal Re:tradycja - Jarmark Jagiello\u0144ski\" \/>\n<meta property=\"article:publisher\" content=\"https:\/\/www.facebook.com\/retradycja\" \/>\n<meta property=\"article:modified_time\" content=\"2025-01-22T14:09:05+00:00\" \/>\n<meta property=\"og:image\" content=\"https:\/\/retradycja.eu\/wp-content\/uploads\/2015\/03\/maria-glen.jpg\" \/>\n\t<meta property=\"og:image:width\" content=\"800\" \/>\n\t<meta property=\"og:image:height\" content=\"532\" \/>\n\t<meta property=\"og:image:type\" content=\"image\/jpeg\" \/>\n<meta name=\"twitter:card\" content=\"summary_large_image\" \/>\n<meta name=\"twitter:label1\" content=\"Szacowany czas czytania\" \/>\n\t<meta name=\"twitter:data1\" content=\"1 minuta\" \/>\n<script type=\"application\/ld+json\" class=\"yoast-schema-graph\">{\"@context\":\"https:\/\/schema.org\",\"@graph\":[{\"@type\":\"WebPage\",\"@id\":\"https:\/\/retradycja.eu\/pl\/tworca\/maria-glen\/\",\"url\":\"https:\/\/retradycja.eu\/pl\/tworca\/maria-glen\/\",\"name\":\"Maria Gle\u0144 - Festiwal Re:tradycja - Jarmark Jagiello\u0144ski\",\"isPartOf\":{\"@id\":\"https:\/\/retradycja.eu\/pl\/#website\"},\"primaryImageOfPage\":{\"@id\":\"https:\/\/retradycja.eu\/pl\/tworca\/maria-glen\/#primaryimage\"},\"image\":{\"@id\":\"https:\/\/retradycja.eu\/pl\/tworca\/maria-glen\/#primaryimage\"},\"thumbnailUrl\":\"https:\/\/retradycja.eu\/wp-content\/uploads\/2015\/03\/maria-glen.jpg\",\"datePublished\":\"2015-03-29T22:00:00+00:00\",\"dateModified\":\"2025-01-22T14:09:05+00:00\",\"breadcrumb\":{\"@id\":\"https:\/\/retradycja.eu\/pl\/tworca\/maria-glen\/#breadcrumb\"},\"inLanguage\":\"pl-PL\",\"potentialAction\":[{\"@type\":\"ReadAction\",\"target\":[\"https:\/\/retradycja.eu\/pl\/tworca\/maria-glen\/\"]}]},{\"@type\":\"ImageObject\",\"inLanguage\":\"pl-PL\",\"@id\":\"https:\/\/retradycja.eu\/pl\/tworca\/maria-glen\/#primaryimage\",\"url\":\"https:\/\/retradycja.eu\/wp-content\/uploads\/2015\/03\/maria-glen.jpg\",\"contentUrl\":\"https:\/\/retradycja.eu\/wp-content\/uploads\/2015\/03\/maria-glen.jpg\",\"width\":800,\"height\":532,\"caption\":\"Czarno-bia\u0142y portret tw\u00f3rczyni, Marii Gle\u0144. Elegancko ubrana starsza kobieta siedzi na tle wykonanych przez siebie wycinanek.\"},{\"@type\":\"BreadcrumbList\",\"@id\":\"https:\/\/retradycja.eu\/pl\/tworca\/maria-glen\/#breadcrumb\",\"itemListElement\":[{\"@type\":\"ListItem\",\"position\":1,\"name\":\"Strona g\u0142\u00f3wna\",\"item\":\"https:\/\/retradycja.eu\/pl\/\"},{\"@type\":\"ListItem\",\"position\":2,\"name\":\"Maria Gle\u0144\"}]},{\"@type\":\"WebSite\",\"@id\":\"https:\/\/retradycja.eu\/pl\/#website\",\"url\":\"https:\/\/retradycja.eu\/pl\/\",\"name\":\"Festiwal Re:tradycja - Jarmark Jagiello\u0144ski\",\"description\":\" Lublin, Stare Miasto\",\"publisher\":{\"@id\":\"https:\/\/retradycja.eu\/pl\/#organization\"},\"potentialAction\":[{\"@type\":\"SearchAction\",\"target\":{\"@type\":\"EntryPoint\",\"urlTemplate\":\"https:\/\/retradycja.eu\/pl\/?s={search_term_string}\"},\"query-input\":\"required name=search_term_string\"}],\"inLanguage\":\"pl-PL\"},{\"@type\":\"Organization\",\"@id\":\"https:\/\/retradycja.eu\/pl\/#organization\",\"name\":\"Warsztaty Kultury w Lublinie\",\"url\":\"https:\/\/retradycja.eu\/pl\/\",\"logo\":{\"@type\":\"ImageObject\",\"inLanguage\":\"pl-PL\",\"@id\":\"https:\/\/retradycja.eu\/pl\/#\/schema\/logo\/image\/\",\"url\":\"https:\/\/retradycja.eu\/wp-content\/uploads\/2022\/06\/logo_retradycje-01.png\",\"contentUrl\":\"https:\/\/retradycja.eu\/wp-content\/uploads\/2022\/06\/logo_retradycje-01.png\",\"width\":332,\"height\":63,\"caption\":\"Warsztaty Kultury w Lublinie\"},\"image\":{\"@id\":\"https:\/\/retradycja.eu\/pl\/#\/schema\/logo\/image\/\"},\"sameAs\":[\"https:\/\/www.facebook.com\/retradycja\",\"https:\/\/www.instagram.com\/retradycja_jarmarkjagiellonski\/\",\"https:\/\/www.youtube.com\/user\/JarmarkJagiellonski\"]}]}<\/script>\n<!-- \/ Yoast SEO plugin. -->","yoast_head_json":{"title":"Maria Gle\u0144 - Festiwal Re:tradycja - Jarmark Jagiello\u0144ski","robots":{"index":"index","follow":"follow","max-snippet":"max-snippet:-1","max-image-preview":"max-image-preview:large","max-video-preview":"max-video-preview:-1"},"canonical":"https:\/\/retradycja.eu\/pl\/tworca\/maria-glen\/","og_locale":"pl_PL","og_type":"article","og_title":"Maria Gle\u0144 - Festiwal Re:tradycja - Jarmark Jagiello\u0144ski","og_description":"Tw\u00f3rczyni ludowa z Krasnegostawu, pisa\u0142a wiersze, bajki dla dzieci. W 2009 roku zosta\u0142 wydany jej dziewi\u0105ty z kolei tomik wierszy. [&hellip;]","og_url":"https:\/\/retradycja.eu\/pl\/tworca\/maria-glen\/","og_site_name":"Festiwal Re:tradycja - Jarmark Jagiello\u0144ski","article_publisher":"https:\/\/www.facebook.com\/retradycja","article_modified_time":"2025-01-22T14:09:05+00:00","og_image":[{"width":800,"height":532,"url":"https:\/\/retradycja.eu\/wp-content\/uploads\/2015\/03\/maria-glen.jpg","type":"image\/jpeg"}],"twitter_card":"summary_large_image","twitter_misc":{"Szacowany czas czytania":"1 minuta"},"schema":{"@context":"https:\/\/schema.org","@graph":[{"@type":"WebPage","@id":"https:\/\/retradycja.eu\/pl\/tworca\/maria-glen\/","url":"https:\/\/retradycja.eu\/pl\/tworca\/maria-glen\/","name":"Maria Gle\u0144 - Festiwal Re:tradycja - Jarmark Jagiello\u0144ski","isPartOf":{"@id":"https:\/\/retradycja.eu\/pl\/#website"},"primaryImageOfPage":{"@id":"https:\/\/retradycja.eu\/pl\/tworca\/maria-glen\/#primaryimage"},"image":{"@id":"https:\/\/retradycja.eu\/pl\/tworca\/maria-glen\/#primaryimage"},"thumbnailUrl":"https:\/\/retradycja.eu\/wp-content\/uploads\/2015\/03\/maria-glen.jpg","datePublished":"2015-03-29T22:00:00+00:00","dateModified":"2025-01-22T14:09:05+00:00","breadcrumb":{"@id":"https:\/\/retradycja.eu\/pl\/tworca\/maria-glen\/#breadcrumb"},"inLanguage":"pl-PL","potentialAction":[{"@type":"ReadAction","target":["https:\/\/retradycja.eu\/pl\/tworca\/maria-glen\/"]}]},{"@type":"ImageObject","inLanguage":"pl-PL","@id":"https:\/\/retradycja.eu\/pl\/tworca\/maria-glen\/#primaryimage","url":"https:\/\/retradycja.eu\/wp-content\/uploads\/2015\/03\/maria-glen.jpg","contentUrl":"https:\/\/retradycja.eu\/wp-content\/uploads\/2015\/03\/maria-glen.jpg","width":800,"height":532,"caption":"Czarno-bia\u0142y portret tw\u00f3rczyni, Marii Gle\u0144. Elegancko ubrana starsza kobieta siedzi na tle wykonanych przez siebie wycinanek."},{"@type":"BreadcrumbList","@id":"https:\/\/retradycja.eu\/pl\/tworca\/maria-glen\/#breadcrumb","itemListElement":[{"@type":"ListItem","position":1,"name":"Strona g\u0142\u00f3wna","item":"https:\/\/retradycja.eu\/pl\/"},{"@type":"ListItem","position":2,"name":"Maria Gle\u0144"}]},{"@type":"WebSite","@id":"https:\/\/retradycja.eu\/pl\/#website","url":"https:\/\/retradycja.eu\/pl\/","name":"Festiwal Re:tradycja - Jarmark Jagiello\u0144ski","description":" Lublin, Stare Miasto","publisher":{"@id":"https:\/\/retradycja.eu\/pl\/#organization"},"potentialAction":[{"@type":"SearchAction","target":{"@type":"EntryPoint","urlTemplate":"https:\/\/retradycja.eu\/pl\/?s={search_term_string}"},"query-input":"required name=search_term_string"}],"inLanguage":"pl-PL"},{"@type":"Organization","@id":"https:\/\/retradycja.eu\/pl\/#organization","name":"Warsztaty Kultury w Lublinie","url":"https:\/\/retradycja.eu\/pl\/","logo":{"@type":"ImageObject","inLanguage":"pl-PL","@id":"https:\/\/retradycja.eu\/pl\/#\/schema\/logo\/image\/","url":"https:\/\/retradycja.eu\/wp-content\/uploads\/2022\/06\/logo_retradycje-01.png","contentUrl":"https:\/\/retradycja.eu\/wp-content\/uploads\/2022\/06\/logo_retradycje-01.png","width":332,"height":63,"caption":"Warsztaty Kultury w Lublinie"},"image":{"@id":"https:\/\/retradycja.eu\/pl\/#\/schema\/logo\/image\/"},"sameAs":["https:\/\/www.facebook.com\/retradycja","https:\/\/www.instagram.com\/retradycja_jarmarkjagiellonski\/","https:\/\/www.youtube.com\/user\/JarmarkJagiellonski"]}]}},"_links":{"self":[{"href":"https:\/\/retradycja.eu\/pl\/wp-json\/wp\/v2\/tworca\/324"}],"collection":[{"href":"https:\/\/retradycja.eu\/pl\/wp-json\/wp\/v2\/tworca"}],"about":[{"href":"https:\/\/retradycja.eu\/pl\/wp-json\/wp\/v2\/types\/tworca"}],"wp:featuredmedia":[{"embeddable":true,"href":"https:\/\/retradycja.eu\/pl\/wp-json\/wp\/v2\/media\/40219"}],"wp:attachment":[{"href":"https:\/\/retradycja.eu\/pl\/wp-json\/wp\/v2\/media?parent=324"}],"wp:term":[{"taxonomy":"dziedzina_tworczosci","embeddable":true,"href":"https:\/\/retradycja.eu\/pl\/wp-json\/wp\/v2\/dziedzina_tworczosci?post=324"},{"taxonomy":"kategoria_wydarzenia","embeddable":true,"href":"https:\/\/retradycja.eu\/pl\/wp-json\/wp\/v2\/kategoria_wydarzenia?post=324"},{"taxonomy":"kategoria_tworcy","embeddable":true,"href":"https:\/\/retradycja.eu\/pl\/wp-json\/wp\/v2\/kategoria_tworcy?post=324"},{"taxonomy":"edycja","embeddable":true,"href":"https:\/\/retradycja.eu\/pl\/wp-json\/wp\/v2\/edycja?post=324"},{"taxonomy":"kraj_tworcy","embeddable":true,"href":"https:\/\/retradycja.eu\/pl\/wp-json\/wp\/v2\/kraj_tworcy?post=324"}],"curies":[{"name":"wp","href":"https:\/\/api.w.org\/{rel}","templated":true}]}}

Maria Gleń

<p style="text-align: justify;">Twórczyni ludowa z Krasnegostawu, pisała wiersze, bajki dla dzieci. W 2009 roku został wydany jej dziewiąty z kolei tomik wierszy. Jej liryczna poezjabyła prosta w odbiorze a jednocześnie bogata pod względem treści i formy literackiej. Pani Maria wykonywała wycinanki z papieru, kwiaty z bibułki, pisanki i palmy. Brała udział w wystawach, konkursach w Polsce i za granicą. Od 1964 roku należała do Stowarzyszenia Twórców Ludowych w Lublinie. Twórczość Pani Marii została doceniona m.in Nagrodą im. Oskara Kolberga w 1997 roku, srebrnym medalem &#8222;Zasłużony Kulturze Gloria Artis&#8221;, odznaką honorową &#8222;Zasłużony dla Kultury Polskiej&#8221;. Posiadała około 120 dyplomów i wyróżnień. Zmarła w 2019 r.</p>

<!-- This site is optimized with the Yoast SEO plugin v22.2 - https://yoast.com/wordpress/plugins/seo/ -->
<title>Maria Gleń - Festiwal Re:tradycja - Jarmark Jagielloński</title>
<meta name="robots" content="index, follow, max-snippet:-1, max-image-preview:large, max-video-preview:-1" />
<link rel="canonical" href="https://retradycja.eu/pl/tworca/maria-glen/" />
<meta property="og:locale" content="pl_PL" />
<meta property="og:type" content="article" />
<meta property="og:title" content="Maria Gleń - Festiwal Re:tradycja - Jarmark Jagielloński" />
<meta property="og:description" content="Twórczyni ludowa z Krasnegostawu, pisała wiersze, bajki dla dzieci. W 2009 roku został wydany jej dziewiąty z kolei tomik wierszy. [&hellip;]" />
<meta property="og:url" content="https://retradycja.eu/pl/tworca/maria-glen/" />
<meta property="og:site_name" content="Festiwal Re:tradycja - Jarmark Jagielloński" />
<meta property="article:publisher" content="https://www.facebook.com/retradycja" />
<meta property="article:modified_time" content="2025-01-22T14:09:05+00:00" />
<meta property="og:image" content="https://retradycja.eu/wp-content/uploads/2015/03/maria-glen.jpg" />
	<meta property="og:image:width" content="800" />
	<meta property="og:image:height" content="532" />
	<meta property="og:image:type" content="image/jpeg" />
<meta name="twitter:card" content="summary_large_image" />
<meta name="twitter:label1" content="Szacowany czas czytania" />
	<meta name="twitter:data1" content="1 minuta" />
<script type="application/ld+json" class="yoast-schema-graph">{"@context":"https://schema.org","@graph":[{"@type":"WebPage","@id":"https://retradycja.eu/pl/tworca/maria-glen/","url":"https://retradycja.eu/pl/tworca/maria-glen/","name":"Maria Gleń - Festiwal Re:tradycja - Jarmark Jagielloński","isPartOf":{"@id":"https://retradycja.eu/pl/#website"},"primaryImageOfPage":{"@id":"https://retradycja.eu/pl/tworca/maria-glen/#primaryimage"},"image":{"@id":"https://retradycja.eu/pl/tworca/maria-glen/#primaryimage"},"thumbnailUrl":"https://retradycja.eu/wp-content/uploads/2015/03/maria-glen.jpg","datePublished":"2015-03-29T22:00:00+00:00","dateModified":"2025-01-22T14:09:05+00:00","breadcrumb":{"@id":"https://retradycja.eu/pl/tworca/maria-glen/#breadcrumb"},"inLanguage":"pl-PL","potentialAction":[{"@type":"ReadAction","target":["https://retradycja.eu/pl/tworca/maria-glen/"]}]},{"@type":"ImageObject","inLanguage":"pl-PL","@id":"https://retradycja.eu/pl/tworca/maria-glen/#primaryimage","url":"https://retradycja.eu/wp-content/uploads/2015/03/maria-glen.jpg","contentUrl":"https://retradycja.eu/wp-content/uploads/2015/03/maria-glen.jpg","width":800,"height":532,"caption":"Czarno-biały portret twórczyni, Marii Gleń. Elegancko ubrana starsza kobieta siedzi na tle wykonanych przez siebie wycinanek."},{"@type":"BreadcrumbList","@id":"https://retradycja.eu/pl/tworca/maria-glen/#breadcrumb","itemListElement":[{"@type":"ListItem","position":1,"name":"Strona główna","item":"https://retradycja.eu/pl/"},{"@type":"ListItem","position":2,"name":"Maria Gleń"}]},{"@type":"WebSite","@id":"https://retradycja.eu/pl/#website","url":"https://retradycja.eu/pl/","name":"Festiwal Re:tradycja - Jarmark Jagielloński","description":" Lublin, Stare Miasto","publisher":{"@id":"https://retradycja.eu/pl/#organization"},"potentialAction":[{"@type":"SearchAction","target":{"@type":"EntryPoint","urlTemplate":"https://retradycja.eu/pl/?s={search_term_string}"},"query-input":"required name=search_term_string"}],"inLanguage":"pl-PL"},{"@type":"Organization","@id":"https://retradycja.eu/pl/#organization","name":"Warsztaty Kultury w Lublinie","url":"https://retradycja.eu/pl/","logo":{"@type":"ImageObject","inLanguage":"pl-PL","@id":"https://retradycja.eu/pl/#/schema/logo/image/","url":"https://retradycja.eu/wp-content/uploads/2022/06/logo_retradycje-01.png","contentUrl":"https://retradycja.eu/wp-content/uploads/2022/06/logo_retradycje-01.png","width":332,"height":63,"caption":"Warsztaty Kultury w Lublinie"},"image":{"@id":"https://retradycja.eu/pl/#/schema/logo/image/"},"sameAs":["https://www.facebook.com/retradycja","https://www.instagram.com/retradycja_jarmarkjagiellonski/","https://www.youtube.com/user/JarmarkJagiellonski"]}]}</script>
<!-- / Yoast SEO plugin. -->

Maria Gleń - Festiwal Re:tradycja - Jarmark Jagielloński

Twórczyni ludowa z Krasnegostawu, pisała wiersze, bajki dla dzieci. W 2009 roku został wydany jej dziewiąty z kolei tomik wierszy. [&hellip;]

Festiwal Re:tradycja - Jarmark Jagielloński

Czarno-biały portret twórczyni, Marii Gleń. Elegancko ubrana starsza kobieta siedzi na tle wykonanych przez siebie wycinanek.

Strona główna
