{"id":2861,"date":"2016-07-12T00:00:00","date_gmt":"2016-07-11T22:00:00","guid":{"rendered":"https:\/\/retradycja.eu\/tworca\/marcin-blachura\/"},"modified":"2025-06-04T16:51:15","modified_gmt":"2025-06-04T14:51:15","slug":"marcin-blachura","status":"publish","type":"tworca","link":"https:\/\/retradycja.eu\/pl\/tworca\/marcin-blachura\/","title":{"rendered":"Marcin Blachura"},"content":{"rendered":"<p style=\"text-align: justify;\">Pan Marcin Blachura od oko\u0142o 20 lat wykonuje tradycyjne instrumenty Beskidu \u017bywieckiego oraz realizuje w\u0142asne pomys\u0142y nawi\u0105zuj\u0105ce do tradycji regionu. Dudy \u017cywieckie tworzy z drzewa owocowego, a pozosta\u0142e instrumenty pasterskie z czarnego bzu. Zdobi\u0105c swoje wyroby, korzysta z metod rze\u017abienia, wypalania czy oblewania cyn\u0105. Budow\u0105 instrument\u00f3w zajmuje si\u0119 od 2008 r. Otrzyma\u0142 m.in. I nagrod\u0119 za dudy \u017cywieckie w <span class=\"st\">Konkursie na Budow\u0119 Instrument\u00f3w Ludowych im. Jana Kawuloka i Feliksa Jankowskiego<\/span> w 2012 r. oraz <span class=\"st\">wyr\u00f3\u017cnienie w V Og\u00f3lnopolskim Konkursie na Budow\u0119 Ludowych Instrument\u00f3w Muzycznych Muzeum w Szyd\u0142owcu w 2016 r.<\/span> Jest cz\u0142onkiem Cechu Dudziarzy \u017bywieckich. Na jego stoisku odnajdziemy dudy \u017cywieckie, gajdy \u015bl\u0105skie, piszcza\u0142ki postne, sze\u015bciootworowe, dwojnice oraz fujary.<\/p>\n<p style=\"text-align: justify;\"><strong>Umiej\u0119tno\u015b\u0107 gry na dudach \u017cywieckich oraz spos\u00f3b ich wytwarzania zosta\u0142y w 2017 r. wpisane na Krajow\u0105 List\u0119 Niematerialnego Dziedzictwa Kulturowego.<\/strong><\/p>\n<p style=\"text-align: justify;\">\n<p style=\"text-align: justify;\"><strong>Kontakt<\/strong><br \/>\ne-mail: mblachura@wp.pl<br \/>\ntelefon: +48 517029027<\/p>\n","protected":false},"featured_media":2865,"template":"","meta":{"_acf_changed":false,"ngg_post_thumbnail":0},"dziedzina_tworczosci":[211],"kategoria_wydarzenia":[],"kategoria_tworcy":[9,17],"edycja":[15,26,27,31,20,182,209,378],"kraj_tworcy":[275],"acf":[],"yoast_head":"<!-- This site is optimized with the Yoast SEO plugin v22.2 - https:\/\/yoast.com\/wordpress\/plugins\/seo\/ -->\n<title>Marcin Blachura - Festiwal Re:tradycja - Jarmark Jagiello\u0144ski<\/title>\n<meta name=\"robots\" content=\"index, follow, max-snippet:-1, max-image-preview:large, max-video-preview:-1\" \/>\n<link rel=\"canonical\" href=\"https:\/\/retradycja.eu\/pl\/tworca\/marcin-blachura\/\" \/>\n<meta property=\"og:locale\" content=\"pl_PL\" \/>\n<meta property=\"og:type\" content=\"article\" \/>\n<meta property=\"og:title\" content=\"Marcin Blachura - Festiwal Re:tradycja - Jarmark Jagiello\u0144ski\" \/>\n<meta property=\"og:description\" content=\"Pan Marcin Blachura od oko\u0142o 20 lat wykonuje tradycyjne instrumenty Beskidu \u017bywieckiego oraz realizuje w\u0142asne pomys\u0142y nawi\u0105zuj\u0105ce do tradycji regionu. [&hellip;]\" \/>\n<meta property=\"og:url\" content=\"https:\/\/retradycja.eu\/pl\/tworca\/marcin-blachura\/\" \/>\n<meta property=\"og:site_name\" content=\"Festiwal Re:tradycja - Jarmark Jagiello\u0144ski\" \/>\n<meta property=\"article:publisher\" content=\"https:\/\/www.facebook.com\/retradycja\" \/>\n<meta property=\"article:modified_time\" content=\"2025-06-04T14:51:15+00:00\" \/>\n<meta property=\"og:image\" content=\"https:\/\/retradycja.eu\/wp-content\/uploads\/2020\/08\/gutekzegier-3114-scaled.jpg\" \/>\n\t<meta property=\"og:image:width\" content=\"2560\" \/>\n\t<meta property=\"og:image:height\" content=\"1707\" \/>\n\t<meta property=\"og:image:type\" content=\"image\/jpeg\" \/>\n<meta name=\"twitter:card\" content=\"summary_large_image\" \/>\n<meta name=\"twitter:label1\" content=\"Szacowany czas czytania\" \/>\n\t<meta name=\"twitter:data1\" content=\"2 minuty\" \/>\n<script type=\"application\/ld+json\" class=\"yoast-schema-graph\">{\"@context\":\"https:\/\/schema.org\",\"@graph\":[{\"@type\":\"WebPage\",\"@id\":\"https:\/\/retradycja.eu\/pl\/tworca\/marcin-blachura\/\",\"url\":\"https:\/\/retradycja.eu\/pl\/tworca\/marcin-blachura\/\",\"name\":\"Marcin Blachura - Festiwal Re:tradycja - Jarmark Jagiello\u0144ski\",\"isPartOf\":{\"@id\":\"https:\/\/retradycja.eu\/pl\/#website\"},\"primaryImageOfPage\":{\"@id\":\"https:\/\/retradycja.eu\/pl\/tworca\/marcin-blachura\/#primaryimage\"},\"image\":{\"@id\":\"https:\/\/retradycja.eu\/pl\/tworca\/marcin-blachura\/#primaryimage\"},\"thumbnailUrl\":\"https:\/\/retradycja.eu\/wp-content\/uploads\/2020\/08\/gutekzegier-3114-scaled.jpg\",\"datePublished\":\"2016-07-11T22:00:00+00:00\",\"dateModified\":\"2025-06-04T14:51:15+00:00\",\"breadcrumb\":{\"@id\":\"https:\/\/retradycja.eu\/pl\/tworca\/marcin-blachura\/#breadcrumb\"},\"inLanguage\":\"pl-PL\",\"potentialAction\":[{\"@type\":\"ReadAction\",\"target\":[\"https:\/\/retradycja.eu\/pl\/tworca\/marcin-blachura\/\"]}]},{\"@type\":\"ImageObject\",\"inLanguage\":\"pl-PL\",\"@id\":\"https:\/\/retradycja.eu\/pl\/tworca\/marcin-blachura\/#primaryimage\",\"url\":\"https:\/\/retradycja.eu\/wp-content\/uploads\/2020\/08\/gutekzegier-3114-scaled.jpg\",\"contentUrl\":\"https:\/\/retradycja.eu\/wp-content\/uploads\/2020\/08\/gutekzegier-3114-scaled.jpg\",\"width\":2560,\"height\":1707},{\"@type\":\"BreadcrumbList\",\"@id\":\"https:\/\/retradycja.eu\/pl\/tworca\/marcin-blachura\/#breadcrumb\",\"itemListElement\":[{\"@type\":\"ListItem\",\"position\":1,\"name\":\"Strona g\u0142\u00f3wna\",\"item\":\"https:\/\/retradycja.eu\/pl\/\"},{\"@type\":\"ListItem\",\"position\":2,\"name\":\"Marcin Blachura\"}]},{\"@type\":\"WebSite\",\"@id\":\"https:\/\/retradycja.eu\/pl\/#website\",\"url\":\"https:\/\/retradycja.eu\/pl\/\",\"name\":\"Festiwal Re:tradycja - Jarmark Jagiello\u0144ski\",\"description\":\" Lublin, Stare Miasto\",\"publisher\":{\"@id\":\"https:\/\/retradycja.eu\/pl\/#organization\"},\"potentialAction\":[{\"@type\":\"SearchAction\",\"target\":{\"@type\":\"EntryPoint\",\"urlTemplate\":\"https:\/\/retradycja.eu\/pl\/?s={search_term_string}\"},\"query-input\":\"required name=search_term_string\"}],\"inLanguage\":\"pl-PL\"},{\"@type\":\"Organization\",\"@id\":\"https:\/\/retradycja.eu\/pl\/#organization\",\"name\":\"Warsztaty Kultury w Lublinie\",\"url\":\"https:\/\/retradycja.eu\/pl\/\",\"logo\":{\"@type\":\"ImageObject\",\"inLanguage\":\"pl-PL\",\"@id\":\"https:\/\/retradycja.eu\/pl\/#\/schema\/logo\/image\/\",\"url\":\"https:\/\/retradycja.eu\/wp-content\/uploads\/2022\/06\/logo_retradycje-01.png\",\"contentUrl\":\"https:\/\/retradycja.eu\/wp-content\/uploads\/2022\/06\/logo_retradycje-01.png\",\"width\":332,\"height\":63,\"caption\":\"Warsztaty Kultury w Lublinie\"},\"image\":{\"@id\":\"https:\/\/retradycja.eu\/pl\/#\/schema\/logo\/image\/\"},\"sameAs\":[\"https:\/\/www.facebook.com\/retradycja\",\"https:\/\/www.instagram.com\/retradycja_jarmarkjagiellonski\/\",\"https:\/\/www.youtube.com\/user\/JarmarkJagiellonski\"]}]}<\/script>\n<!-- \/ Yoast SEO plugin. -->","yoast_head_json":{"title":"Marcin Blachura - Festiwal Re:tradycja - Jarmark Jagiello\u0144ski","robots":{"index":"index","follow":"follow","max-snippet":"max-snippet:-1","max-image-preview":"max-image-preview:large","max-video-preview":"max-video-preview:-1"},"canonical":"https:\/\/retradycja.eu\/pl\/tworca\/marcin-blachura\/","og_locale":"pl_PL","og_type":"article","og_title":"Marcin Blachura - Festiwal Re:tradycja - Jarmark Jagiello\u0144ski","og_description":"Pan Marcin Blachura od oko\u0142o 20 lat wykonuje tradycyjne instrumenty Beskidu \u017bywieckiego oraz realizuje w\u0142asne pomys\u0142y nawi\u0105zuj\u0105ce do tradycji regionu. [&hellip;]","og_url":"https:\/\/retradycja.eu\/pl\/tworca\/marcin-blachura\/","og_site_name":"Festiwal Re:tradycja - Jarmark Jagiello\u0144ski","article_publisher":"https:\/\/www.facebook.com\/retradycja","article_modified_time":"2025-06-04T14:51:15+00:00","og_image":[{"width":2560,"height":1707,"url":"https:\/\/retradycja.eu\/wp-content\/uploads\/2020\/08\/gutekzegier-3114-scaled.jpg","type":"image\/jpeg"}],"twitter_card":"summary_large_image","twitter_misc":{"Szacowany czas czytania":"2 minuty"},"schema":{"@context":"https:\/\/schema.org","@graph":[{"@type":"WebPage","@id":"https:\/\/retradycja.eu\/pl\/tworca\/marcin-blachura\/","url":"https:\/\/retradycja.eu\/pl\/tworca\/marcin-blachura\/","name":"Marcin Blachura - Festiwal Re:tradycja - Jarmark Jagiello\u0144ski","isPartOf":{"@id":"https:\/\/retradycja.eu\/pl\/#website"},"primaryImageOfPage":{"@id":"https:\/\/retradycja.eu\/pl\/tworca\/marcin-blachura\/#primaryimage"},"image":{"@id":"https:\/\/retradycja.eu\/pl\/tworca\/marcin-blachura\/#primaryimage"},"thumbnailUrl":"https:\/\/retradycja.eu\/wp-content\/uploads\/2020\/08\/gutekzegier-3114-scaled.jpg","datePublished":"2016-07-11T22:00:00+00:00","dateModified":"2025-06-04T14:51:15+00:00","breadcrumb":{"@id":"https:\/\/retradycja.eu\/pl\/tworca\/marcin-blachura\/#breadcrumb"},"inLanguage":"pl-PL","potentialAction":[{"@type":"ReadAction","target":["https:\/\/retradycja.eu\/pl\/tworca\/marcin-blachura\/"]}]},{"@type":"ImageObject","inLanguage":"pl-PL","@id":"https:\/\/retradycja.eu\/pl\/tworca\/marcin-blachura\/#primaryimage","url":"https:\/\/retradycja.eu\/wp-content\/uploads\/2020\/08\/gutekzegier-3114-scaled.jpg","contentUrl":"https:\/\/retradycja.eu\/wp-content\/uploads\/2020\/08\/gutekzegier-3114-scaled.jpg","width":2560,"height":1707},{"@type":"BreadcrumbList","@id":"https:\/\/retradycja.eu\/pl\/tworca\/marcin-blachura\/#breadcrumb","itemListElement":[{"@type":"ListItem","position":1,"name":"Strona g\u0142\u00f3wna","item":"https:\/\/retradycja.eu\/pl\/"},{"@type":"ListItem","position":2,"name":"Marcin Blachura"}]},{"@type":"WebSite","@id":"https:\/\/retradycja.eu\/pl\/#website","url":"https:\/\/retradycja.eu\/pl\/","name":"Festiwal Re:tradycja - Jarmark Jagiello\u0144ski","description":" Lublin, Stare Miasto","publisher":{"@id":"https:\/\/retradycja.eu\/pl\/#organization"},"potentialAction":[{"@type":"SearchAction","target":{"@type":"EntryPoint","urlTemplate":"https:\/\/retradycja.eu\/pl\/?s={search_term_string}"},"query-input":"required name=search_term_string"}],"inLanguage":"pl-PL"},{"@type":"Organization","@id":"https:\/\/retradycja.eu\/pl\/#organization","name":"Warsztaty Kultury w Lublinie","url":"https:\/\/retradycja.eu\/pl\/","logo":{"@type":"ImageObject","inLanguage":"pl-PL","@id":"https:\/\/retradycja.eu\/pl\/#\/schema\/logo\/image\/","url":"https:\/\/retradycja.eu\/wp-content\/uploads\/2022\/06\/logo_retradycje-01.png","contentUrl":"https:\/\/retradycja.eu\/wp-content\/uploads\/2022\/06\/logo_retradycje-01.png","width":332,"height":63,"caption":"Warsztaty Kultury w Lublinie"},"image":{"@id":"https:\/\/retradycja.eu\/pl\/#\/schema\/logo\/image\/"},"sameAs":["https:\/\/www.facebook.com\/retradycja","https:\/\/www.instagram.com\/retradycja_jarmarkjagiellonski\/","https:\/\/www.youtube.com\/user\/JarmarkJagiellonski"]}]}},"_links":{"self":[{"href":"https:\/\/retradycja.eu\/pl\/wp-json\/wp\/v2\/tworca\/2861"}],"collection":[{"href":"https:\/\/retradycja.eu\/pl\/wp-json\/wp\/v2\/tworca"}],"about":[{"href":"https:\/\/retradycja.eu\/pl\/wp-json\/wp\/v2\/types\/tworca"}],"wp:featuredmedia":[{"embeddable":true,"href":"https:\/\/retradycja.eu\/pl\/wp-json\/wp\/v2\/media\/2865"}],"wp:attachment":[{"href":"https:\/\/retradycja.eu\/pl\/wp-json\/wp\/v2\/media?parent=2861"}],"wp:term":[{"taxonomy":"dziedzina_tworczosci","embeddable":true,"href":"https:\/\/retradycja.eu\/pl\/wp-json\/wp\/v2\/dziedzina_tworczosci?post=2861"},{"taxonomy":"kategoria_wydarzenia","embeddable":true,"href":"https:\/\/retradycja.eu\/pl\/wp-json\/wp\/v2\/kategoria_wydarzenia?post=2861"},{"taxonomy":"kategoria_tworcy","embeddable":true,"href":"https:\/\/retradycja.eu\/pl\/wp-json\/wp\/v2\/kategoria_tworcy?post=2861"},{"taxonomy":"edycja","embeddable":true,"href":"https:\/\/retradycja.eu\/pl\/wp-json\/wp\/v2\/edycja?post=2861"},{"taxonomy":"kraj_tworcy","embeddable":true,"href":"https:\/\/retradycja.eu\/pl\/wp-json\/wp\/v2\/kraj_tworcy?post=2861"}],"curies":[{"name":"wp","href":"https:\/\/api.w.org\/{rel}","templated":true}]}}

<p style="text-align: justify;">Pan Marcin Blachura od około 20 lat wykonuje tradycyjne instrumenty Beskidu Żywieckiego oraz realizuje własne pomysły nawiązujące do tradycji regionu. Dudy żywieckie tworzy z drzewa owocowego, a pozostałe instrumenty pasterskie z czarnego bzu. Zdobiąc swoje wyroby, korzysta z metod rzeźbienia, wypalania czy oblewania cyną. Budową instrumentów zajmuje się od 2008 r. Otrzymał m.in. I nagrodę za dudy żywieckie w <span class="st">Konkursie na Budowę Instrumentów Ludowych im. Jana Kawuloka i Feliksa Jankowskiego</span> w 2012 r. oraz <span class="st">wyróżnienie w V Ogólnopolskim Konkursie na Budowę Ludowych Instrumentów Muzycznych Muzeum w Szydłowcu w 2016 r.</span> Jest członkiem Cechu Dudziarzy Żywieckich. Na jego stoisku odnajdziemy dudy żywieckie, gajdy śląskie, piszczałki postne, sześciootworowe, dwojnice oraz fujary.</p>
<p style="text-align: justify;"><strong>Umiejętność gry na dudach żywieckich oraz sposób ich wytwarzania zostały w 2017 r. wpisane na Krajową Listę Niematerialnego Dziedzictwa Kulturowego.</strong></p>
<p style="text-align: justify;">
<p style="text-align: justify;"><strong>Kontakt</strong><br />
e-mail: mblachura@wp.pl<br />
telefon: +48 517029027</p>

<!-- This site is optimized with the Yoast SEO plugin v22.2 - https://yoast.com/wordpress/plugins/seo/ -->
<title>Marcin Blachura - Festiwal Re:tradycja - Jarmark Jagielloński</title>
<meta name="robots" content="index, follow, max-snippet:-1, max-image-preview:large, max-video-preview:-1" />
<link rel="canonical" href="https://retradycja.eu/pl/tworca/marcin-blachura/" />
<meta property="og:locale" content="pl_PL" />
<meta property="og:type" content="article" />
<meta property="og:title" content="Marcin Blachura - Festiwal Re:tradycja - Jarmark Jagielloński" />
<meta property="og:description" content="Pan Marcin Blachura od około 20 lat wykonuje tradycyjne instrumenty Beskidu Żywieckiego oraz realizuje własne pomysły nawiązujące do tradycji regionu. [&hellip;]" />
<meta property="og:url" content="https://retradycja.eu/pl/tworca/marcin-blachura/" />
<meta property="og:site_name" content="Festiwal Re:tradycja - Jarmark Jagielloński" />
<meta property="article:publisher" content="https://www.facebook.com/retradycja" />
<meta property="article:modified_time" content="2025-06-04T14:51:15+00:00" />
<meta property="og:image" content="https://retradycja.eu/wp-content/uploads/2020/08/gutekzegier-3114-scaled.jpg" />
	<meta property="og:image:width" content="2560" />
	<meta property="og:image:height" content="1707" />
	<meta property="og:image:type" content="image/jpeg" />
<meta name="twitter:card" content="summary_large_image" />
<meta name="twitter:label1" content="Szacowany czas czytania" />
	<meta name="twitter:data1" content="2 minuty" />
<script type="application/ld+json" class="yoast-schema-graph">{"@context":"https://schema.org","@graph":[{"@type":"WebPage","@id":"https://retradycja.eu/pl/tworca/marcin-blachura/","url":"https://retradycja.eu/pl/tworca/marcin-blachura/","name":"Marcin Blachura - Festiwal Re:tradycja - Jarmark Jagielloński","isPartOf":{"@id":"https://retradycja.eu/pl/#website"},"primaryImageOfPage":{"@id":"https://retradycja.eu/pl/tworca/marcin-blachura/#primaryimage"},"image":{"@id":"https://retradycja.eu/pl/tworca/marcin-blachura/#primaryimage"},"thumbnailUrl":"https://retradycja.eu/wp-content/uploads/2020/08/gutekzegier-3114-scaled.jpg","datePublished":"2016-07-11T22:00:00+00:00","dateModified":"2025-06-04T14:51:15+00:00","breadcrumb":{"@id":"https://retradycja.eu/pl/tworca/marcin-blachura/#breadcrumb"},"inLanguage":"pl-PL","potentialAction":[{"@type":"ReadAction","target":["https://retradycja.eu/pl/tworca/marcin-blachura/"]}]},{"@type":"ImageObject","inLanguage":"pl-PL","@id":"https://retradycja.eu/pl/tworca/marcin-blachura/#primaryimage","url":"https://retradycja.eu/wp-content/uploads/2020/08/gutekzegier-3114-scaled.jpg","contentUrl":"https://retradycja.eu/wp-content/uploads/2020/08/gutekzegier-3114-scaled.jpg","width":2560,"height":1707},{"@type":"BreadcrumbList","@id":"https://retradycja.eu/pl/tworca/marcin-blachura/#breadcrumb","itemListElement":[{"@type":"ListItem","position":1,"name":"Strona główna","item":"https://retradycja.eu/pl/"},{"@type":"ListItem","position":2,"name":"Marcin Blachura"}]},{"@type":"WebSite","@id":"https://retradycja.eu/pl/#website","url":"https://retradycja.eu/pl/","name":"Festiwal Re:tradycja - Jarmark Jagielloński","description":" Lublin, Stare Miasto","publisher":{"@id":"https://retradycja.eu/pl/#organization"},"potentialAction":[{"@type":"SearchAction","target":{"@type":"EntryPoint","urlTemplate":"https://retradycja.eu/pl/?s={search_term_string}"},"query-input":"required name=search_term_string"}],"inLanguage":"pl-PL"},{"@type":"Organization","@id":"https://retradycja.eu/pl/#organization","name":"Warsztaty Kultury w Lublinie","url":"https://retradycja.eu/pl/","logo":{"@type":"ImageObject","inLanguage":"pl-PL","@id":"https://retradycja.eu/pl/#/schema/logo/image/","url":"https://retradycja.eu/wp-content/uploads/2022/06/logo_retradycje-01.png","contentUrl":"https://retradycja.eu/wp-content/uploads/2022/06/logo_retradycje-01.png","width":332,"height":63,"caption":"Warsztaty Kultury w Lublinie"},"image":{"@id":"https://retradycja.eu/pl/#/schema/logo/image/"},"sameAs":["https://www.facebook.com/retradycja","https://www.instagram.com/retradycja_jarmarkjagiellonski/","https://www.youtube.com/user/JarmarkJagiellonski"]}]}</script>
<!-- / Yoast SEO plugin. -->

Marcin Blachura - Festiwal Re:tradycja - Jarmark Jagielloński

Pan Marcin Blachura od około 20 lat wykonuje tradycyjne instrumenty Beskidu Żywieckiego oraz realizuje własne pomysły nawiązujące do tradycji regionu. [&hellip;]

Festiwal Re:tradycja - Jarmark Jagielloński

Strona główna
