{"id":2334,"date":"2016-05-31T00:00:00","date_gmt":"2016-05-30T22:00:00","guid":{"rendered":"https:\/\/retradycja.eu\/tworca\/wieslawa-wojda\/"},"modified":"2022-08-16T07:04:52","modified_gmt":"2022-08-16T05:04:52","slug":"wieslawa-wojda","status":"publish","type":"tworca","link":"https:\/\/retradycja.eu\/pl\/tworca\/wieslawa-wojda\/","title":{"rendered":"Wies\u0142awa Wojda"},"content":{"rendered":"<p style=\"text-align: justify;\">Pani Wies\u0142awa Wojda kontynuuje rodzinne tradycje wycinankarskie. Tw\u00f3rczo\u015bci\u0105 zajmuje si\u0119 od 2009 roku. Wycinanki pani Wies\u0142awy, cho\u0107 czerpi\u0105 z tradycji \u0142owickich i wpisuj\u0105 si\u0119 w lokalne dziedzictwo, s\u0105 w zdecydowanej wi\u0119kszo\u015bci kompozycjami w\u0142asnymi tw\u00f3rczyni. Zosta\u0142a ona wyr\u00f3\u017cniona w VI Konkursie Sztuki Ludowej w Cz\u0119stochowie &#8222;Z tradycji wzi\u0119te na nowo wyci\u0119te&#8221; w 2015 r. Nale\u017cy do Stowarzyszenia Tw\u00f3rc\u00f3w Ludowych.<\/p>\n<p style=\"text-align: justify;\">&nbsp;<\/p>\n<p style=\"text-align: justify;\"><strong>Kontakt<\/strong><\/p>\n<p style=\"text-align: justify;\">telefon: +48 512388440<\/p>\n","protected":false},"featured_media":2335,"template":"","meta":{"_acf_changed":false,"ngg_post_thumbnail":0},"dziedzina_tworczosci":[23],"kategoria_wydarzenia":[],"kategoria_tworcy":[9,17],"edycja":[14,15,26,27,31],"kraj_tworcy":[275],"acf":[],"yoast_head":"<!-- This site is optimized with the Yoast SEO plugin v22.2 - https:\/\/yoast.com\/wordpress\/plugins\/seo\/ -->\n<title>Wies\u0142awa Wojda - Festiwal Re:tradycja - Jarmark Jagiello\u0144ski<\/title>\n<meta name=\"robots\" content=\"index, follow, max-snippet:-1, max-image-preview:large, max-video-preview:-1\" \/>\n<link rel=\"canonical\" href=\"https:\/\/retradycja.eu\/pl\/tworca\/wieslawa-wojda\/\" \/>\n<meta property=\"og:locale\" content=\"pl_PL\" \/>\n<meta property=\"og:type\" content=\"article\" \/>\n<meta property=\"og:title\" content=\"Wies\u0142awa Wojda - Festiwal Re:tradycja - Jarmark Jagiello\u0144ski\" \/>\n<meta property=\"og:description\" content=\"Pani Wies\u0142awa Wojda kontynuuje rodzinne tradycje wycinankarskie. Tw\u00f3rczo\u015bci\u0105 zajmuje si\u0119 od 2009 roku. Wycinanki pani Wies\u0142awy, cho\u0107 czerpi\u0105 z tradycji [&hellip;]\" \/>\n<meta property=\"og:url\" content=\"https:\/\/retradycja.eu\/pl\/tworca\/wieslawa-wojda\/\" \/>\n<meta property=\"og:site_name\" content=\"Festiwal Re:tradycja - Jarmark Jagiello\u0144ski\" \/>\n<meta property=\"article:publisher\" content=\"https:\/\/www.facebook.com\/retradycja\" \/>\n<meta property=\"article:modified_time\" content=\"2022-08-16T05:04:52+00:00\" \/>\n<meta property=\"og:image\" content=\"https:\/\/retradycja.eu\/wp-content\/uploads\/2020\/08\/Tomasz-Bylina-15-2.jpg\" \/>\n\t<meta property=\"og:image:width\" content=\"2000\" \/>\n\t<meta property=\"og:image:height\" content=\"1333\" \/>\n\t<meta property=\"og:image:type\" content=\"image\/jpeg\" \/>\n<meta name=\"twitter:card\" content=\"summary_large_image\" \/>\n<script type=\"application\/ld+json\" class=\"yoast-schema-graph\">{\"@context\":\"https:\/\/schema.org\",\"@graph\":[{\"@type\":\"WebPage\",\"@id\":\"https:\/\/retradycja.eu\/pl\/tworca\/wieslawa-wojda\/\",\"url\":\"https:\/\/retradycja.eu\/pl\/tworca\/wieslawa-wojda\/\",\"name\":\"Wies\u0142awa Wojda - Festiwal Re:tradycja - Jarmark Jagiello\u0144ski\",\"isPartOf\":{\"@id\":\"https:\/\/retradycja.eu\/pl\/#website\"},\"primaryImageOfPage\":{\"@id\":\"https:\/\/retradycja.eu\/pl\/tworca\/wieslawa-wojda\/#primaryimage\"},\"image\":{\"@id\":\"https:\/\/retradycja.eu\/pl\/tworca\/wieslawa-wojda\/#primaryimage\"},\"thumbnailUrl\":\"https:\/\/retradycja.eu\/wp-content\/uploads\/2020\/08\/Tomasz-Bylina-15-2.jpg\",\"datePublished\":\"2016-05-30T22:00:00+00:00\",\"dateModified\":\"2022-08-16T05:04:52+00:00\",\"breadcrumb\":{\"@id\":\"https:\/\/retradycja.eu\/pl\/tworca\/wieslawa-wojda\/#breadcrumb\"},\"inLanguage\":\"pl-PL\",\"potentialAction\":[{\"@type\":\"ReadAction\",\"target\":[\"https:\/\/retradycja.eu\/pl\/tworca\/wieslawa-wojda\/\"]}]},{\"@type\":\"ImageObject\",\"inLanguage\":\"pl-PL\",\"@id\":\"https:\/\/retradycja.eu\/pl\/tworca\/wieslawa-wojda\/#primaryimage\",\"url\":\"https:\/\/retradycja.eu\/wp-content\/uploads\/2020\/08\/Tomasz-Bylina-15-2.jpg\",\"contentUrl\":\"https:\/\/retradycja.eu\/wp-content\/uploads\/2020\/08\/Tomasz-Bylina-15-2.jpg\",\"width\":2000,\"height\":1333},{\"@type\":\"BreadcrumbList\",\"@id\":\"https:\/\/retradycja.eu\/pl\/tworca\/wieslawa-wojda\/#breadcrumb\",\"itemListElement\":[{\"@type\":\"ListItem\",\"position\":1,\"name\":\"Strona g\u0142\u00f3wna\",\"item\":\"https:\/\/retradycja.eu\/pl\/\"},{\"@type\":\"ListItem\",\"position\":2,\"name\":\"Wies\u0142awa Wojda\"}]},{\"@type\":\"WebSite\",\"@id\":\"https:\/\/retradycja.eu\/pl\/#website\",\"url\":\"https:\/\/retradycja.eu\/pl\/\",\"name\":\"Festiwal Re:tradycja - Jarmark Jagiello\u0144ski\",\"description\":\" Lublin, Stare Miasto\",\"publisher\":{\"@id\":\"https:\/\/retradycja.eu\/pl\/#organization\"},\"potentialAction\":[{\"@type\":\"SearchAction\",\"target\":{\"@type\":\"EntryPoint\",\"urlTemplate\":\"https:\/\/retradycja.eu\/pl\/?s={search_term_string}\"},\"query-input\":\"required name=search_term_string\"}],\"inLanguage\":\"pl-PL\"},{\"@type\":\"Organization\",\"@id\":\"https:\/\/retradycja.eu\/pl\/#organization\",\"name\":\"Warsztaty Kultury w Lublinie\",\"url\":\"https:\/\/retradycja.eu\/pl\/\",\"logo\":{\"@type\":\"ImageObject\",\"inLanguage\":\"pl-PL\",\"@id\":\"https:\/\/retradycja.eu\/pl\/#\/schema\/logo\/image\/\",\"url\":\"https:\/\/retradycja.eu\/wp-content\/uploads\/2022\/06\/logo_retradycje-01.png\",\"contentUrl\":\"https:\/\/retradycja.eu\/wp-content\/uploads\/2022\/06\/logo_retradycje-01.png\",\"width\":332,\"height\":63,\"caption\":\"Warsztaty Kultury w Lublinie\"},\"image\":{\"@id\":\"https:\/\/retradycja.eu\/pl\/#\/schema\/logo\/image\/\"},\"sameAs\":[\"https:\/\/www.facebook.com\/retradycja\",\"https:\/\/www.instagram.com\/retradycja_jarmarkjagiellonski\/\",\"https:\/\/www.youtube.com\/user\/JarmarkJagiellonski\"]}]}<\/script>\n<!-- \/ Yoast SEO plugin. -->","yoast_head_json":{"title":"Wies\u0142awa Wojda - Festiwal Re:tradycja - Jarmark Jagiello\u0144ski","robots":{"index":"index","follow":"follow","max-snippet":"max-snippet:-1","max-image-preview":"max-image-preview:large","max-video-preview":"max-video-preview:-1"},"canonical":"https:\/\/retradycja.eu\/pl\/tworca\/wieslawa-wojda\/","og_locale":"pl_PL","og_type":"article","og_title":"Wies\u0142awa Wojda - Festiwal Re:tradycja - Jarmark Jagiello\u0144ski","og_description":"Pani Wies\u0142awa Wojda kontynuuje rodzinne tradycje wycinankarskie. Tw\u00f3rczo\u015bci\u0105 zajmuje si\u0119 od 2009 roku. Wycinanki pani Wies\u0142awy, cho\u0107 czerpi\u0105 z tradycji [&hellip;]","og_url":"https:\/\/retradycja.eu\/pl\/tworca\/wieslawa-wojda\/","og_site_name":"Festiwal Re:tradycja - Jarmark Jagiello\u0144ski","article_publisher":"https:\/\/www.facebook.com\/retradycja","article_modified_time":"2022-08-16T05:04:52+00:00","og_image":[{"width":2000,"height":1333,"url":"https:\/\/retradycja.eu\/wp-content\/uploads\/2020\/08\/Tomasz-Bylina-15-2.jpg","type":"image\/jpeg"}],"twitter_card":"summary_large_image","schema":{"@context":"https:\/\/schema.org","@graph":[{"@type":"WebPage","@id":"https:\/\/retradycja.eu\/pl\/tworca\/wieslawa-wojda\/","url":"https:\/\/retradycja.eu\/pl\/tworca\/wieslawa-wojda\/","name":"Wies\u0142awa Wojda - Festiwal Re:tradycja - Jarmark Jagiello\u0144ski","isPartOf":{"@id":"https:\/\/retradycja.eu\/pl\/#website"},"primaryImageOfPage":{"@id":"https:\/\/retradycja.eu\/pl\/tworca\/wieslawa-wojda\/#primaryimage"},"image":{"@id":"https:\/\/retradycja.eu\/pl\/tworca\/wieslawa-wojda\/#primaryimage"},"thumbnailUrl":"https:\/\/retradycja.eu\/wp-content\/uploads\/2020\/08\/Tomasz-Bylina-15-2.jpg","datePublished":"2016-05-30T22:00:00+00:00","dateModified":"2022-08-16T05:04:52+00:00","breadcrumb":{"@id":"https:\/\/retradycja.eu\/pl\/tworca\/wieslawa-wojda\/#breadcrumb"},"inLanguage":"pl-PL","potentialAction":[{"@type":"ReadAction","target":["https:\/\/retradycja.eu\/pl\/tworca\/wieslawa-wojda\/"]}]},{"@type":"ImageObject","inLanguage":"pl-PL","@id":"https:\/\/retradycja.eu\/pl\/tworca\/wieslawa-wojda\/#primaryimage","url":"https:\/\/retradycja.eu\/wp-content\/uploads\/2020\/08\/Tomasz-Bylina-15-2.jpg","contentUrl":"https:\/\/retradycja.eu\/wp-content\/uploads\/2020\/08\/Tomasz-Bylina-15-2.jpg","width":2000,"height":1333},{"@type":"BreadcrumbList","@id":"https:\/\/retradycja.eu\/pl\/tworca\/wieslawa-wojda\/#breadcrumb","itemListElement":[{"@type":"ListItem","position":1,"name":"Strona g\u0142\u00f3wna","item":"https:\/\/retradycja.eu\/pl\/"},{"@type":"ListItem","position":2,"name":"Wies\u0142awa Wojda"}]},{"@type":"WebSite","@id":"https:\/\/retradycja.eu\/pl\/#website","url":"https:\/\/retradycja.eu\/pl\/","name":"Festiwal Re:tradycja - Jarmark Jagiello\u0144ski","description":" Lublin, Stare Miasto","publisher":{"@id":"https:\/\/retradycja.eu\/pl\/#organization"},"potentialAction":[{"@type":"SearchAction","target":{"@type":"EntryPoint","urlTemplate":"https:\/\/retradycja.eu\/pl\/?s={search_term_string}"},"query-input":"required name=search_term_string"}],"inLanguage":"pl-PL"},{"@type":"Organization","@id":"https:\/\/retradycja.eu\/pl\/#organization","name":"Warsztaty Kultury w Lublinie","url":"https:\/\/retradycja.eu\/pl\/","logo":{"@type":"ImageObject","inLanguage":"pl-PL","@id":"https:\/\/retradycja.eu\/pl\/#\/schema\/logo\/image\/","url":"https:\/\/retradycja.eu\/wp-content\/uploads\/2022\/06\/logo_retradycje-01.png","contentUrl":"https:\/\/retradycja.eu\/wp-content\/uploads\/2022\/06\/logo_retradycje-01.png","width":332,"height":63,"caption":"Warsztaty Kultury w Lublinie"},"image":{"@id":"https:\/\/retradycja.eu\/pl\/#\/schema\/logo\/image\/"},"sameAs":["https:\/\/www.facebook.com\/retradycja","https:\/\/www.instagram.com\/retradycja_jarmarkjagiellonski\/","https:\/\/www.youtube.com\/user\/JarmarkJagiellonski"]}]}},"_links":{"self":[{"href":"https:\/\/retradycja.eu\/pl\/wp-json\/wp\/v2\/tworca\/2334"}],"collection":[{"href":"https:\/\/retradycja.eu\/pl\/wp-json\/wp\/v2\/tworca"}],"about":[{"href":"https:\/\/retradycja.eu\/pl\/wp-json\/wp\/v2\/types\/tworca"}],"wp:featuredmedia":[{"embeddable":true,"href":"https:\/\/retradycja.eu\/pl\/wp-json\/wp\/v2\/media\/2335"}],"wp:attachment":[{"href":"https:\/\/retradycja.eu\/pl\/wp-json\/wp\/v2\/media?parent=2334"}],"wp:term":[{"taxonomy":"dziedzina_tworczosci","embeddable":true,"href":"https:\/\/retradycja.eu\/pl\/wp-json\/wp\/v2\/dziedzina_tworczosci?post=2334"},{"taxonomy":"kategoria_wydarzenia","embeddable":true,"href":"https:\/\/retradycja.eu\/pl\/wp-json\/wp\/v2\/kategoria_wydarzenia?post=2334"},{"taxonomy":"kategoria_tworcy","embeddable":true,"href":"https:\/\/retradycja.eu\/pl\/wp-json\/wp\/v2\/kategoria_tworcy?post=2334"},{"taxonomy":"edycja","embeddable":true,"href":"https:\/\/retradycja.eu\/pl\/wp-json\/wp\/v2\/edycja?post=2334"},{"taxonomy":"kraj_tworcy","embeddable":true,"href":"https:\/\/retradycja.eu\/pl\/wp-json\/wp\/v2\/kraj_tworcy?post=2334"}],"curies":[{"name":"wp","href":"https:\/\/api.w.org\/{rel}","templated":true}]}}

Wiesława Wojda

<p style="text-align: justify;">Pani Wiesława Wojda kontynuuje rodzinne tradycje wycinankarskie. Twórczością zajmuje się od 2009 roku. Wycinanki pani Wiesławy, choć czerpią z tradycji łowickich i wpisują się w lokalne dziedzictwo, są w zdecydowanej większości kompozycjami własnymi twórczyni. Została ona wyróżniona w VI Konkursie Sztuki Ludowej w Częstochowie &#8222;Z tradycji wzięte na nowo wycięte&#8221; w 2015 r. Należy do Stowarzyszenia Twórców Ludowych.</p>
<p style="text-align: justify;">&nbsp;</p>
<p style="text-align: justify;"><strong>Kontakt</strong></p>
<p style="text-align: justify;">telefon: +48 512388440</p>

<!-- This site is optimized with the Yoast SEO plugin v22.2 - https://yoast.com/wordpress/plugins/seo/ -->
<title>Wiesława Wojda - Festiwal Re:tradycja - Jarmark Jagielloński</title>
<meta name="robots" content="index, follow, max-snippet:-1, max-image-preview:large, max-video-preview:-1" />
<link rel="canonical" href="https://retradycja.eu/pl/tworca/wieslawa-wojda/" />
<meta property="og:locale" content="pl_PL" />
<meta property="og:type" content="article" />
<meta property="og:title" content="Wiesława Wojda - Festiwal Re:tradycja - Jarmark Jagielloński" />
<meta property="og:description" content="Pani Wiesława Wojda kontynuuje rodzinne tradycje wycinankarskie. Twórczością zajmuje się od 2009 roku. Wycinanki pani Wiesławy, choć czerpią z tradycji [&hellip;]" />
<meta property="og:url" content="https://retradycja.eu/pl/tworca/wieslawa-wojda/" />
<meta property="og:site_name" content="Festiwal Re:tradycja - Jarmark Jagielloński" />
<meta property="article:publisher" content="https://www.facebook.com/retradycja" />
<meta property="article:modified_time" content="2022-08-16T05:04:52+00:00" />
<meta property="og:image" content="https://retradycja.eu/wp-content/uploads/2020/08/Tomasz-Bylina-15-2.jpg" />
	<meta property="og:image:width" content="2000" />
	<meta property="og:image:height" content="1333" />
	<meta property="og:image:type" content="image/jpeg" />
<meta name="twitter:card" content="summary_large_image" />
<script type="application/ld+json" class="yoast-schema-graph">{"@context":"https://schema.org","@graph":[{"@type":"WebPage","@id":"https://retradycja.eu/pl/tworca/wieslawa-wojda/","url":"https://retradycja.eu/pl/tworca/wieslawa-wojda/","name":"Wiesława Wojda - Festiwal Re:tradycja - Jarmark Jagielloński","isPartOf":{"@id":"https://retradycja.eu/pl/#website"},"primaryImageOfPage":{"@id":"https://retradycja.eu/pl/tworca/wieslawa-wojda/#primaryimage"},"image":{"@id":"https://retradycja.eu/pl/tworca/wieslawa-wojda/#primaryimage"},"thumbnailUrl":"https://retradycja.eu/wp-content/uploads/2020/08/Tomasz-Bylina-15-2.jpg","datePublished":"2016-05-30T22:00:00+00:00","dateModified":"2022-08-16T05:04:52+00:00","breadcrumb":{"@id":"https://retradycja.eu/pl/tworca/wieslawa-wojda/#breadcrumb"},"inLanguage":"pl-PL","potentialAction":[{"@type":"ReadAction","target":["https://retradycja.eu/pl/tworca/wieslawa-wojda/"]}]},{"@type":"ImageObject","inLanguage":"pl-PL","@id":"https://retradycja.eu/pl/tworca/wieslawa-wojda/#primaryimage","url":"https://retradycja.eu/wp-content/uploads/2020/08/Tomasz-Bylina-15-2.jpg","contentUrl":"https://retradycja.eu/wp-content/uploads/2020/08/Tomasz-Bylina-15-2.jpg","width":2000,"height":1333},{"@type":"BreadcrumbList","@id":"https://retradycja.eu/pl/tworca/wieslawa-wojda/#breadcrumb","itemListElement":[{"@type":"ListItem","position":1,"name":"Strona główna","item":"https://retradycja.eu/pl/"},{"@type":"ListItem","position":2,"name":"Wiesława Wojda"}]},{"@type":"WebSite","@id":"https://retradycja.eu/pl/#website","url":"https://retradycja.eu/pl/","name":"Festiwal Re:tradycja - Jarmark Jagielloński","description":" Lublin, Stare Miasto","publisher":{"@id":"https://retradycja.eu/pl/#organization"},"potentialAction":[{"@type":"SearchAction","target":{"@type":"EntryPoint","urlTemplate":"https://retradycja.eu/pl/?s={search_term_string}"},"query-input":"required name=search_term_string"}],"inLanguage":"pl-PL"},{"@type":"Organization","@id":"https://retradycja.eu/pl/#organization","name":"Warsztaty Kultury w Lublinie","url":"https://retradycja.eu/pl/","logo":{"@type":"ImageObject","inLanguage":"pl-PL","@id":"https://retradycja.eu/pl/#/schema/logo/image/","url":"https://retradycja.eu/wp-content/uploads/2022/06/logo_retradycje-01.png","contentUrl":"https://retradycja.eu/wp-content/uploads/2022/06/logo_retradycje-01.png","width":332,"height":63,"caption":"Warsztaty Kultury w Lublinie"},"image":{"@id":"https://retradycja.eu/pl/#/schema/logo/image/"},"sameAs":["https://www.facebook.com/retradycja","https://www.instagram.com/retradycja_jarmarkjagiellonski/","https://www.youtube.com/user/JarmarkJagiellonski"]}]}</script>
<!-- / Yoast SEO plugin. -->

Wiesława Wojda - Festiwal Re:tradycja - Jarmark Jagielloński

Pani Wiesława Wojda kontynuuje rodzinne tradycje wycinankarskie. Twórczością zajmuje się od 2009 roku. Wycinanki pani Wiesławy, choć czerpią z tradycji [&hellip;]

Festiwal Re:tradycja - Jarmark Jagielloński

Strona główna
