{"id":1740,"date":"2016-05-11T00:00:00","date_gmt":"2016-05-10T22:00:00","guid":{"rendered":"https:\/\/retradycja.eu\/tworca\/magdalena-cieciwa\/"},"modified":"2022-08-16T07:03:15","modified_gmt":"2022-08-16T05:03:15","slug":"magdalena-cieciwa","status":"publish","type":"tworca","link":"https:\/\/retradycja.eu\/pl\/tworca\/magdalena-cieciwa\/","title":{"rendered":"Magdalena Ci\u0119ciwa"},"content":{"rendered":"<p style=\"text-align: justify;\">Pani Magdalena zajmuje si\u0119 koronkarstwem oraz haftem. Specjalizuje si\u0119 w koronce klockowej wykonywanej wed\u0142ug tradycji zakopia\u0144skiej oraz w hafcie lachowskich. Jej babcia zajmowa\u0142a si\u0119 koronkarstwem klockowym, jednak nie zd\u0105\u017cy\u0142a przekaza\u0107 umiej\u0119tno\u015bci wnuczce. Pani Magdalena nauczy\u0142a si\u0119 tej sztuki od tw\u00f3rczy\u0144 z Bobowej. Wykonuje serwety, obrusy, bie\u017cniki, ko\u0142nierze, mankiety oraz tradycyjne gorsety i bluzki lachowskie. Rekonstruuje tak\u017ce wzory koronek, kt\u00f3re tworzone by\u0142y w szkole koronkarskiej za\u0142o\u017conej w Zakopanem przez Helen\u0119 Modrzejewsk\u0105. Jest laureatk\u0105 nagr\u00f3d w Og\u00f3lnopolskim Konkursie Koronki Klockowej i Konkursie Tw\u00f3rczo\u015bci Ludowej w Bukowinie Tatrza\u0144skiej. Cz\u0142onkini Stowarzyszenia Tw\u00f3rc\u00f3w Ludowych, Stowarzyszenia Lach\u00f3w S\u0105deckich, Fundacji S\u0105deckiej oraz Ma\u0142opolskiego Szlaku Tradycji. Otrzyma\u0142a nagrod\u0119 &#8222;Zas\u0142u\u017cony dla Kultury Polskiej&#8221;, srebrny krzy\u017c zas\u0142ug Prezydenta RP.<\/p>\n","protected":false},"featured_media":1744,"template":"","meta":{"_acf_changed":false,"ngg_post_thumbnail":0},"dziedzina_tworczosci":[33],"kategoria_wydarzenia":[],"kategoria_tworcy":[9],"edycja":[21,19,10,27,31],"kraj_tworcy":[275],"acf":[],"yoast_head":"<!-- This site is optimized with the Yoast SEO plugin v22.2 - https:\/\/yoast.com\/wordpress\/plugins\/seo\/ -->\n<title>Magdalena Ci\u0119ciwa - Festiwal Re:tradycja - Jarmark Jagiello\u0144ski<\/title>\n<meta name=\"robots\" content=\"index, follow, max-snippet:-1, max-image-preview:large, max-video-preview:-1\" \/>\n<link rel=\"canonical\" href=\"https:\/\/retradycja.eu\/pl\/tworca\/magdalena-cieciwa\/\" \/>\n<meta property=\"og:locale\" content=\"pl_PL\" \/>\n<meta property=\"og:type\" content=\"article\" \/>\n<meta property=\"og:title\" content=\"Magdalena Ci\u0119ciwa - Festiwal Re:tradycja - Jarmark Jagiello\u0144ski\" \/>\n<meta property=\"og:description\" content=\"Pani Magdalena zajmuje si\u0119 koronkarstwem oraz haftem. Specjalizuje si\u0119 w koronce klockowej wykonywanej wed\u0142ug tradycji zakopia\u0144skiej oraz w hafcie lachowskich. [&hellip;]\" \/>\n<meta property=\"og:url\" content=\"https:\/\/retradycja.eu\/pl\/tworca\/magdalena-cieciwa\/\" \/>\n<meta property=\"og:site_name\" content=\"Festiwal Re:tradycja - Jarmark Jagiello\u0144ski\" \/>\n<meta property=\"article:publisher\" content=\"https:\/\/www.facebook.com\/retradycja\" \/>\n<meta property=\"article:modified_time\" content=\"2022-08-16T05:03:15+00:00\" \/>\n<meta property=\"og:image\" content=\"https:\/\/retradycja.eu\/wp-content\/uploads\/2020\/08\/gutekzegier-7667-1-scaled.jpg\" \/>\n\t<meta property=\"og:image:width\" content=\"2560\" \/>\n\t<meta property=\"og:image:height\" content=\"1707\" \/>\n\t<meta property=\"og:image:type\" content=\"image\/jpeg\" \/>\n<meta name=\"twitter:card\" content=\"summary_large_image\" \/>\n<meta name=\"twitter:label1\" content=\"Szacowany czas czytania\" \/>\n\t<meta name=\"twitter:data1\" content=\"1 minuta\" \/>\n<script type=\"application\/ld+json\" class=\"yoast-schema-graph\">{\"@context\":\"https:\/\/schema.org\",\"@graph\":[{\"@type\":\"WebPage\",\"@id\":\"https:\/\/retradycja.eu\/pl\/tworca\/magdalena-cieciwa\/\",\"url\":\"https:\/\/retradycja.eu\/pl\/tworca\/magdalena-cieciwa\/\",\"name\":\"Magdalena Ci\u0119ciwa - Festiwal Re:tradycja - Jarmark Jagiello\u0144ski\",\"isPartOf\":{\"@id\":\"https:\/\/retradycja.eu\/pl\/#website\"},\"primaryImageOfPage\":{\"@id\":\"https:\/\/retradycja.eu\/pl\/tworca\/magdalena-cieciwa\/#primaryimage\"},\"image\":{\"@id\":\"https:\/\/retradycja.eu\/pl\/tworca\/magdalena-cieciwa\/#primaryimage\"},\"thumbnailUrl\":\"https:\/\/retradycja.eu\/wp-content\/uploads\/2020\/08\/gutekzegier-7667-1-scaled.jpg\",\"datePublished\":\"2016-05-10T22:00:00+00:00\",\"dateModified\":\"2022-08-16T05:03:15+00:00\",\"breadcrumb\":{\"@id\":\"https:\/\/retradycja.eu\/pl\/tworca\/magdalena-cieciwa\/#breadcrumb\"},\"inLanguage\":\"pl-PL\",\"potentialAction\":[{\"@type\":\"ReadAction\",\"target\":[\"https:\/\/retradycja.eu\/pl\/tworca\/magdalena-cieciwa\/\"]}]},{\"@type\":\"ImageObject\",\"inLanguage\":\"pl-PL\",\"@id\":\"https:\/\/retradycja.eu\/pl\/tworca\/magdalena-cieciwa\/#primaryimage\",\"url\":\"https:\/\/retradycja.eu\/wp-content\/uploads\/2020\/08\/gutekzegier-7667-1-scaled.jpg\",\"contentUrl\":\"https:\/\/retradycja.eu\/wp-content\/uploads\/2020\/08\/gutekzegier-7667-1-scaled.jpg\",\"width\":2560,\"height\":1707,\"caption\":\"[Kobieta stoi na swoim stoisku z tradycyjnym r\u0119kodzie\u0142em.]\"},{\"@type\":\"BreadcrumbList\",\"@id\":\"https:\/\/retradycja.eu\/pl\/tworca\/magdalena-cieciwa\/#breadcrumb\",\"itemListElement\":[{\"@type\":\"ListItem\",\"position\":1,\"name\":\"Strona g\u0142\u00f3wna\",\"item\":\"https:\/\/retradycja.eu\/pl\/\"},{\"@type\":\"ListItem\",\"position\":2,\"name\":\"Magdalena Ci\u0119ciwa\"}]},{\"@type\":\"WebSite\",\"@id\":\"https:\/\/retradycja.eu\/pl\/#website\",\"url\":\"https:\/\/retradycja.eu\/pl\/\",\"name\":\"Festiwal Re:tradycja - Jarmark Jagiello\u0144ski\",\"description\":\" Lublin, Stare Miasto\",\"publisher\":{\"@id\":\"https:\/\/retradycja.eu\/pl\/#organization\"},\"potentialAction\":[{\"@type\":\"SearchAction\",\"target\":{\"@type\":\"EntryPoint\",\"urlTemplate\":\"https:\/\/retradycja.eu\/pl\/?s={search_term_string}\"},\"query-input\":\"required name=search_term_string\"}],\"inLanguage\":\"pl-PL\"},{\"@type\":\"Organization\",\"@id\":\"https:\/\/retradycja.eu\/pl\/#organization\",\"name\":\"Warsztaty Kultury w Lublinie\",\"url\":\"https:\/\/retradycja.eu\/pl\/\",\"logo\":{\"@type\":\"ImageObject\",\"inLanguage\":\"pl-PL\",\"@id\":\"https:\/\/retradycja.eu\/pl\/#\/schema\/logo\/image\/\",\"url\":\"https:\/\/retradycja.eu\/wp-content\/uploads\/2022\/06\/logo_retradycje-01.png\",\"contentUrl\":\"https:\/\/retradycja.eu\/wp-content\/uploads\/2022\/06\/logo_retradycje-01.png\",\"width\":332,\"height\":63,\"caption\":\"Warsztaty Kultury w Lublinie\"},\"image\":{\"@id\":\"https:\/\/retradycja.eu\/pl\/#\/schema\/logo\/image\/\"},\"sameAs\":[\"https:\/\/www.facebook.com\/retradycja\",\"https:\/\/www.instagram.com\/retradycja_jarmarkjagiellonski\/\",\"https:\/\/www.youtube.com\/user\/JarmarkJagiellonski\"]}]}<\/script>\n<!-- \/ Yoast SEO plugin. -->","yoast_head_json":{"title":"Magdalena Ci\u0119ciwa - Festiwal Re:tradycja - Jarmark Jagiello\u0144ski","robots":{"index":"index","follow":"follow","max-snippet":"max-snippet:-1","max-image-preview":"max-image-preview:large","max-video-preview":"max-video-preview:-1"},"canonical":"https:\/\/retradycja.eu\/pl\/tworca\/magdalena-cieciwa\/","og_locale":"pl_PL","og_type":"article","og_title":"Magdalena Ci\u0119ciwa - Festiwal Re:tradycja - Jarmark Jagiello\u0144ski","og_description":"Pani Magdalena zajmuje si\u0119 koronkarstwem oraz haftem. Specjalizuje si\u0119 w koronce klockowej wykonywanej wed\u0142ug tradycji zakopia\u0144skiej oraz w hafcie lachowskich. [&hellip;]","og_url":"https:\/\/retradycja.eu\/pl\/tworca\/magdalena-cieciwa\/","og_site_name":"Festiwal Re:tradycja - Jarmark Jagiello\u0144ski","article_publisher":"https:\/\/www.facebook.com\/retradycja","article_modified_time":"2022-08-16T05:03:15+00:00","og_image":[{"width":2560,"height":1707,"url":"https:\/\/retradycja.eu\/wp-content\/uploads\/2020\/08\/gutekzegier-7667-1-scaled.jpg","type":"image\/jpeg"}],"twitter_card":"summary_large_image","twitter_misc":{"Szacowany czas czytania":"1 minuta"},"schema":{"@context":"https:\/\/schema.org","@graph":[{"@type":"WebPage","@id":"https:\/\/retradycja.eu\/pl\/tworca\/magdalena-cieciwa\/","url":"https:\/\/retradycja.eu\/pl\/tworca\/magdalena-cieciwa\/","name":"Magdalena Ci\u0119ciwa - Festiwal Re:tradycja - Jarmark Jagiello\u0144ski","isPartOf":{"@id":"https:\/\/retradycja.eu\/pl\/#website"},"primaryImageOfPage":{"@id":"https:\/\/retradycja.eu\/pl\/tworca\/magdalena-cieciwa\/#primaryimage"},"image":{"@id":"https:\/\/retradycja.eu\/pl\/tworca\/magdalena-cieciwa\/#primaryimage"},"thumbnailUrl":"https:\/\/retradycja.eu\/wp-content\/uploads\/2020\/08\/gutekzegier-7667-1-scaled.jpg","datePublished":"2016-05-10T22:00:00+00:00","dateModified":"2022-08-16T05:03:15+00:00","breadcrumb":{"@id":"https:\/\/retradycja.eu\/pl\/tworca\/magdalena-cieciwa\/#breadcrumb"},"inLanguage":"pl-PL","potentialAction":[{"@type":"ReadAction","target":["https:\/\/retradycja.eu\/pl\/tworca\/magdalena-cieciwa\/"]}]},{"@type":"ImageObject","inLanguage":"pl-PL","@id":"https:\/\/retradycja.eu\/pl\/tworca\/magdalena-cieciwa\/#primaryimage","url":"https:\/\/retradycja.eu\/wp-content\/uploads\/2020\/08\/gutekzegier-7667-1-scaled.jpg","contentUrl":"https:\/\/retradycja.eu\/wp-content\/uploads\/2020\/08\/gutekzegier-7667-1-scaled.jpg","width":2560,"height":1707,"caption":"[Kobieta stoi na swoim stoisku z tradycyjnym r\u0119kodzie\u0142em.]"},{"@type":"BreadcrumbList","@id":"https:\/\/retradycja.eu\/pl\/tworca\/magdalena-cieciwa\/#breadcrumb","itemListElement":[{"@type":"ListItem","position":1,"name":"Strona g\u0142\u00f3wna","item":"https:\/\/retradycja.eu\/pl\/"},{"@type":"ListItem","position":2,"name":"Magdalena Ci\u0119ciwa"}]},{"@type":"WebSite","@id":"https:\/\/retradycja.eu\/pl\/#website","url":"https:\/\/retradycja.eu\/pl\/","name":"Festiwal Re:tradycja - Jarmark Jagiello\u0144ski","description":" Lublin, Stare Miasto","publisher":{"@id":"https:\/\/retradycja.eu\/pl\/#organization"},"potentialAction":[{"@type":"SearchAction","target":{"@type":"EntryPoint","urlTemplate":"https:\/\/retradycja.eu\/pl\/?s={search_term_string}"},"query-input":"required name=search_term_string"}],"inLanguage":"pl-PL"},{"@type":"Organization","@id":"https:\/\/retradycja.eu\/pl\/#organization","name":"Warsztaty Kultury w Lublinie","url":"https:\/\/retradycja.eu\/pl\/","logo":{"@type":"ImageObject","inLanguage":"pl-PL","@id":"https:\/\/retradycja.eu\/pl\/#\/schema\/logo\/image\/","url":"https:\/\/retradycja.eu\/wp-content\/uploads\/2022\/06\/logo_retradycje-01.png","contentUrl":"https:\/\/retradycja.eu\/wp-content\/uploads\/2022\/06\/logo_retradycje-01.png","width":332,"height":63,"caption":"Warsztaty Kultury w Lublinie"},"image":{"@id":"https:\/\/retradycja.eu\/pl\/#\/schema\/logo\/image\/"},"sameAs":["https:\/\/www.facebook.com\/retradycja","https:\/\/www.instagram.com\/retradycja_jarmarkjagiellonski\/","https:\/\/www.youtube.com\/user\/JarmarkJagiellonski"]}]}},"_links":{"self":[{"href":"https:\/\/retradycja.eu\/pl\/wp-json\/wp\/v2\/tworca\/1740"}],"collection":[{"href":"https:\/\/retradycja.eu\/pl\/wp-json\/wp\/v2\/tworca"}],"about":[{"href":"https:\/\/retradycja.eu\/pl\/wp-json\/wp\/v2\/types\/tworca"}],"wp:featuredmedia":[{"embeddable":true,"href":"https:\/\/retradycja.eu\/pl\/wp-json\/wp\/v2\/media\/1744"}],"wp:attachment":[{"href":"https:\/\/retradycja.eu\/pl\/wp-json\/wp\/v2\/media?parent=1740"}],"wp:term":[{"taxonomy":"dziedzina_tworczosci","embeddable":true,"href":"https:\/\/retradycja.eu\/pl\/wp-json\/wp\/v2\/dziedzina_tworczosci?post=1740"},{"taxonomy":"kategoria_wydarzenia","embeddable":true,"href":"https:\/\/retradycja.eu\/pl\/wp-json\/wp\/v2\/kategoria_wydarzenia?post=1740"},{"taxonomy":"kategoria_tworcy","embeddable":true,"href":"https:\/\/retradycja.eu\/pl\/wp-json\/wp\/v2\/kategoria_tworcy?post=1740"},{"taxonomy":"edycja","embeddable":true,"href":"https:\/\/retradycja.eu\/pl\/wp-json\/wp\/v2\/edycja?post=1740"},{"taxonomy":"kraj_tworcy","embeddable":true,"href":"https:\/\/retradycja.eu\/pl\/wp-json\/wp\/v2\/kraj_tworcy?post=1740"}],"curies":[{"name":"wp","href":"https:\/\/api.w.org\/{rel}","templated":true}]}}

Magdalena Cięciwa

<p style="text-align: justify;">Pani Magdalena zajmuje się koronkarstwem oraz haftem. Specjalizuje się w koronce klockowej wykonywanej według tradycji zakopiańskiej oraz w hafcie lachowskich. Jej babcia zajmowała się koronkarstwem klockowym, jednak nie zdążyła przekazać umiejętności wnuczce. Pani Magdalena nauczyła się tej sztuki od twórczyń z Bobowej. Wykonuje serwety, obrusy, bieżniki, kołnierze, mankiety oraz tradycyjne gorsety i bluzki lachowskie. Rekonstruuje także wzory koronek, które tworzone były w szkole koronkarskiej założonej w Zakopanem przez Helenę Modrzejewską. Jest laureatką nagród w Ogólnopolskim Konkursie Koronki Klockowej i Konkursie Twórczości Ludowej w Bukowinie Tatrzańskiej. Członkini Stowarzyszenia Twórców Ludowych, Stowarzyszenia Lachów Sądeckich, Fundacji Sądeckiej oraz Małopolskiego Szlaku Tradycji. Otrzymała nagrodę &#8222;Zasłużony dla Kultury Polskiej&#8221;, srebrny krzyż zasług Prezydenta RP.</p>

<!-- This site is optimized with the Yoast SEO plugin v22.2 - https://yoast.com/wordpress/plugins/seo/ -->
<title>Magdalena Cięciwa - Festiwal Re:tradycja - Jarmark Jagielloński</title>
<meta name="robots" content="index, follow, max-snippet:-1, max-image-preview:large, max-video-preview:-1" />
<link rel="canonical" href="https://retradycja.eu/pl/tworca/magdalena-cieciwa/" />
<meta property="og:locale" content="pl_PL" />
<meta property="og:type" content="article" />
<meta property="og:title" content="Magdalena Cięciwa - Festiwal Re:tradycja - Jarmark Jagielloński" />
<meta property="og:description" content="Pani Magdalena zajmuje się koronkarstwem oraz haftem. Specjalizuje się w koronce klockowej wykonywanej według tradycji zakopiańskiej oraz w hafcie lachowskich. [&hellip;]" />
<meta property="og:url" content="https://retradycja.eu/pl/tworca/magdalena-cieciwa/" />
<meta property="og:site_name" content="Festiwal Re:tradycja - Jarmark Jagielloński" />
<meta property="article:publisher" content="https://www.facebook.com/retradycja" />
<meta property="article:modified_time" content="2022-08-16T05:03:15+00:00" />
<meta property="og:image" content="https://retradycja.eu/wp-content/uploads/2020/08/gutekzegier-7667-1-scaled.jpg" />
	<meta property="og:image:width" content="2560" />
	<meta property="og:image:height" content="1707" />
	<meta property="og:image:type" content="image/jpeg" />
<meta name="twitter:card" content="summary_large_image" />
<meta name="twitter:label1" content="Szacowany czas czytania" />
	<meta name="twitter:data1" content="1 minuta" />
<script type="application/ld+json" class="yoast-schema-graph">{"@context":"https://schema.org","@graph":[{"@type":"WebPage","@id":"https://retradycja.eu/pl/tworca/magdalena-cieciwa/","url":"https://retradycja.eu/pl/tworca/magdalena-cieciwa/","name":"Magdalena Cięciwa - Festiwal Re:tradycja - Jarmark Jagielloński","isPartOf":{"@id":"https://retradycja.eu/pl/#website"},"primaryImageOfPage":{"@id":"https://retradycja.eu/pl/tworca/magdalena-cieciwa/#primaryimage"},"image":{"@id":"https://retradycja.eu/pl/tworca/magdalena-cieciwa/#primaryimage"},"thumbnailUrl":"https://retradycja.eu/wp-content/uploads/2020/08/gutekzegier-7667-1-scaled.jpg","datePublished":"2016-05-10T22:00:00+00:00","dateModified":"2022-08-16T05:03:15+00:00","breadcrumb":{"@id":"https://retradycja.eu/pl/tworca/magdalena-cieciwa/#breadcrumb"},"inLanguage":"pl-PL","potentialAction":[{"@type":"ReadAction","target":["https://retradycja.eu/pl/tworca/magdalena-cieciwa/"]}]},{"@type":"ImageObject","inLanguage":"pl-PL","@id":"https://retradycja.eu/pl/tworca/magdalena-cieciwa/#primaryimage","url":"https://retradycja.eu/wp-content/uploads/2020/08/gutekzegier-7667-1-scaled.jpg","contentUrl":"https://retradycja.eu/wp-content/uploads/2020/08/gutekzegier-7667-1-scaled.jpg","width":2560,"height":1707,"caption":"[Kobieta stoi na swoim stoisku z tradycyjnym rękodziełem.]"},{"@type":"BreadcrumbList","@id":"https://retradycja.eu/pl/tworca/magdalena-cieciwa/#breadcrumb","itemListElement":[{"@type":"ListItem","position":1,"name":"Strona główna","item":"https://retradycja.eu/pl/"},{"@type":"ListItem","position":2,"name":"Magdalena Cięciwa"}]},{"@type":"WebSite","@id":"https://retradycja.eu/pl/#website","url":"https://retradycja.eu/pl/","name":"Festiwal Re:tradycja - Jarmark Jagielloński","description":" Lublin, Stare Miasto","publisher":{"@id":"https://retradycja.eu/pl/#organization"},"potentialAction":[{"@type":"SearchAction","target":{"@type":"EntryPoint","urlTemplate":"https://retradycja.eu/pl/?s={search_term_string}"},"query-input":"required name=search_term_string"}],"inLanguage":"pl-PL"},{"@type":"Organization","@id":"https://retradycja.eu/pl/#organization","name":"Warsztaty Kultury w Lublinie","url":"https://retradycja.eu/pl/","logo":{"@type":"ImageObject","inLanguage":"pl-PL","@id":"https://retradycja.eu/pl/#/schema/logo/image/","url":"https://retradycja.eu/wp-content/uploads/2022/06/logo_retradycje-01.png","contentUrl":"https://retradycja.eu/wp-content/uploads/2022/06/logo_retradycje-01.png","width":332,"height":63,"caption":"Warsztaty Kultury w Lublinie"},"image":{"@id":"https://retradycja.eu/pl/#/schema/logo/image/"},"sameAs":["https://www.facebook.com/retradycja","https://www.instagram.com/retradycja_jarmarkjagiellonski/","https://www.youtube.com/user/JarmarkJagiellonski"]}]}</script>
<!-- / Yoast SEO plugin. -->

Magdalena Cięciwa - Festiwal Re:tradycja - Jarmark Jagielloński

Pani Magdalena zajmuje się koronkarstwem oraz haftem. Specjalizuje się w koronce klockowej wykonywanej według tradycji zakopiańskiej oraz w hafcie lachowskich. [&hellip;]

Festiwal Re:tradycja - Jarmark Jagielloński

[Kobieta stoi na swoim stoisku z tradycyjnym rękodziełem.]

Strona główna
