{"id":1563,"date":"2016-02-05T00:00:00","date_gmt":"2016-02-04T23:00:00","guid":{"rendered":"https:\/\/retradycja.eu\/tworca\/teresa-pryzmont\/"},"modified":"2024-01-03T11:54:10","modified_gmt":"2024-01-03T10:54:10","slug":"teresa-pryzmont","status":"publish","type":"tworca","link":"https:\/\/retradycja.eu\/pl\/tworca\/teresa-pryzmont\/","title":{"rendered":"Teresa Pryzmont"},"content":{"rendered":"<p style=\"text-align: justify;\">Pani Teresa Pryzmont to uznana mistrzyni tkactwa dwuosnowowego. Od najm\u0142odszych lat pomaga\u0142a mamie w wykonywaniu tkanin lnianych, kt\u00f3re wykorzystywane by\u0142y w gospodarstwie \u2013 work\u00f3w, r\u0119cznik\u00f3w, obrus\u00f3w czy chodnik\u00f3w. Z czasem sama zacz\u0105\u0142 doskonali\u0107 sw\u00f3j warsztat i opracowywa\u0107 w\u0142asne wzornictwo. W latach 70. XX wieku techniki tkania dwuosnowowego i wielonicielnicowego przekazywa\u0142a jej s\u0105siadka, pani Regina Mase\u0142bas. W 1979 r. po raz pierwszy wzi\u0119\u0142a udzia\u0142 w Mi\u0119dzywojew\u00f3dzkim Konkursie na tkanin\u0119 podw\u00f3jn\u0105, zdobywaj\u0105c III nagrod\u0119. Ju\u017c w\u00f3wczas tkaniny pani Teresy Pryzmont odznacza\u0142y si\u0119 doskona\u0142o\u015bci\u0105 techniczn\u0105 i artystyczn\u0105.<\/p>\n<p style=\"text-align: justify;\">Wykonuje na krosnach charakterystyczne dla Podlasia we\u0142niane dywany, we\u0142niano-lniane kilimy oraz mniejsze, bardziej wsp\u00f3\u0142czesne formy \u2013 podk\u0142adki, poszewki, torebki itp. Na dywanach przedstawia sceny z \u017cycia wsi (\u201eZabawa na wsi\u201d, \u201eGrzybobranie\u201d, \u201eKol\u0119dnicy\u201d i in.), doskonale buduj\u0105c kompozycj\u0119 ca\u0142o\u015bci i okalaj\u0105c\u0105 j\u0105 bordiur\u0119, a tak\u017ce dbaj\u0105c o naturalna kolorystyk\u0119 we\u0142ny (stosuje m.in. barwniki naturalne). Artystka od wielu lat otrzymuje wysokie nagrody w konkursie. Swoje umiej\u0119tno\u015bci przekazuje innym. Od 2009 roku prowadzi w\u0142asn\u0105 izb\u0119 tw\u00f3rcz\u0105 w ramach programu \u201eGin\u0105ce zawody\u201d, w kt\u00f3rej prowadzi tak\u017ce dzia\u0142alno\u015b\u0107 edukacyjn\u0105.<\/p>\n<p style=\"text-align: justify;\">Pani Teresa Pryzmont nale\u017cy do Stowarzyszenia Tw\u00f3rc\u00f3w Ludowych. Za swoj\u0105 wieloletni\u0105 dzia\u0142alno\u015b\u0107 zosta\u0142a uhonorowana m.in. Nagrod\u0105 im. Oskara Kolberga, odznak\u0105 \u201eZas\u0142u\u017cony dla Kultury Polskiej\u201d, srebrnym i z\u0142otym Krzy\u017cem Zas\u0142ugi oraz srebrnym medalem \u201eZas\u0142u\u017cony Kulturze Gloria Artis\u201d.<\/p>\n<p style=\"text-align: justify;\">&nbsp;<\/p>\n","protected":false},"featured_media":39996,"template":"","meta":{"_acf_changed":false,"ngg_post_thumbnail":0},"dziedzina_tworczosci":[35],"kategoria_wydarzenia":[],"kategoria_tworcy":[9],"edycja":[14,26,31,20,182,209],"kraj_tworcy":[275],"acf":[],"yoast_head":"<!-- This site is optimized with the Yoast SEO plugin v22.2 - https:\/\/yoast.com\/wordpress\/plugins\/seo\/ -->\n<title>Teresa Pryzmont - Festiwal Re:tradycja - Jarmark Jagiello\u0144ski<\/title>\n<meta name=\"robots\" content=\"index, follow, max-snippet:-1, max-image-preview:large, max-video-preview:-1\" \/>\n<link rel=\"canonical\" href=\"https:\/\/retradycja.eu\/pl\/tworca\/teresa-pryzmont\/\" \/>\n<meta property=\"og:locale\" content=\"pl_PL\" \/>\n<meta property=\"og:type\" content=\"article\" \/>\n<meta property=\"og:title\" content=\"Teresa Pryzmont - Festiwal Re:tradycja - Jarmark Jagiello\u0144ski\" \/>\n<meta property=\"og:description\" content=\"Pani Teresa Pryzmont to uznana mistrzyni tkactwa dwuosnowowego. Od najm\u0142odszych lat pomaga\u0142a mamie w wykonywaniu tkanin lnianych, kt\u00f3re wykorzystywane by\u0142y [&hellip;]\" \/>\n<meta property=\"og:url\" content=\"https:\/\/retradycja.eu\/pl\/tworca\/teresa-pryzmont\/\" \/>\n<meta property=\"og:site_name\" content=\"Festiwal Re:tradycja - Jarmark Jagiello\u0144ski\" \/>\n<meta property=\"article:publisher\" content=\"https:\/\/www.facebook.com\/retradycja\" \/>\n<meta property=\"article:modified_time\" content=\"2024-01-03T10:54:10+00:00\" \/>\n<meta property=\"og:image\" content=\"https:\/\/retradycja.eu\/wp-content\/uploads\/2016\/02\/Tomasz-Bylina-1.jpg\" \/>\n\t<meta property=\"og:image:width\" content=\"2000\" \/>\n\t<meta property=\"og:image:height\" content=\"1333\" \/>\n\t<meta property=\"og:image:type\" content=\"image\/jpeg\" \/>\n<meta name=\"twitter:card\" content=\"summary_large_image\" \/>\n<meta name=\"twitter:label1\" content=\"Szacowany czas czytania\" \/>\n\t<meta name=\"twitter:data1\" content=\"2 minuty\" \/>\n<script type=\"application\/ld+json\" class=\"yoast-schema-graph\">{\"@context\":\"https:\/\/schema.org\",\"@graph\":[{\"@type\":\"WebPage\",\"@id\":\"https:\/\/retradycja.eu\/pl\/tworca\/teresa-pryzmont\/\",\"url\":\"https:\/\/retradycja.eu\/pl\/tworca\/teresa-pryzmont\/\",\"name\":\"Teresa Pryzmont - Festiwal Re:tradycja - Jarmark Jagiello\u0144ski\",\"isPartOf\":{\"@id\":\"https:\/\/retradycja.eu\/pl\/#website\"},\"primaryImageOfPage\":{\"@id\":\"https:\/\/retradycja.eu\/pl\/tworca\/teresa-pryzmont\/#primaryimage\"},\"image\":{\"@id\":\"https:\/\/retradycja.eu\/pl\/tworca\/teresa-pryzmont\/#primaryimage\"},\"thumbnailUrl\":\"https:\/\/retradycja.eu\/wp-content\/uploads\/2016\/02\/Tomasz-Bylina-1.jpg\",\"datePublished\":\"2016-02-04T23:00:00+00:00\",\"dateModified\":\"2024-01-03T10:54:10+00:00\",\"breadcrumb\":{\"@id\":\"https:\/\/retradycja.eu\/pl\/tworca\/teresa-pryzmont\/#breadcrumb\"},\"inLanguage\":\"pl-PL\",\"potentialAction\":[{\"@type\":\"ReadAction\",\"target\":[\"https:\/\/retradycja.eu\/pl\/tworca\/teresa-pryzmont\/\"]}]},{\"@type\":\"ImageObject\",\"inLanguage\":\"pl-PL\",\"@id\":\"https:\/\/retradycja.eu\/pl\/tworca\/teresa-pryzmont\/#primaryimage\",\"url\":\"https:\/\/retradycja.eu\/wp-content\/uploads\/2016\/02\/Tomasz-Bylina-1.jpg\",\"contentUrl\":\"https:\/\/retradycja.eu\/wp-content\/uploads\/2016\/02\/Tomasz-Bylina-1.jpg\",\"width\":2000,\"height\":1333,\"caption\":\"Portret tkaczki, Teresy Pryzmont. Starsza, siwa kobieta ma na ramionach jasn\u0105 chust\u0119 w wielobarwne kwiaty. Pozuje na tle dywan\u00f3w i makat, kt\u00f3re tworzy.\"},{\"@type\":\"BreadcrumbList\",\"@id\":\"https:\/\/retradycja.eu\/pl\/tworca\/teresa-pryzmont\/#breadcrumb\",\"itemListElement\":[{\"@type\":\"ListItem\",\"position\":1,\"name\":\"Strona g\u0142\u00f3wna\",\"item\":\"https:\/\/retradycja.eu\/pl\/\"},{\"@type\":\"ListItem\",\"position\":2,\"name\":\"Teresa Pryzmont\"}]},{\"@type\":\"WebSite\",\"@id\":\"https:\/\/retradycja.eu\/pl\/#website\",\"url\":\"https:\/\/retradycja.eu\/pl\/\",\"name\":\"Festiwal Re:tradycja - Jarmark Jagiello\u0144ski\",\"description\":\" Lublin, Stare Miasto\",\"publisher\":{\"@id\":\"https:\/\/retradycja.eu\/pl\/#organization\"},\"potentialAction\":[{\"@type\":\"SearchAction\",\"target\":{\"@type\":\"EntryPoint\",\"urlTemplate\":\"https:\/\/retradycja.eu\/pl\/?s={search_term_string}\"},\"query-input\":\"required name=search_term_string\"}],\"inLanguage\":\"pl-PL\"},{\"@type\":\"Organization\",\"@id\":\"https:\/\/retradycja.eu\/pl\/#organization\",\"name\":\"Warsztaty Kultury w Lublinie\",\"url\":\"https:\/\/retradycja.eu\/pl\/\",\"logo\":{\"@type\":\"ImageObject\",\"inLanguage\":\"pl-PL\",\"@id\":\"https:\/\/retradycja.eu\/pl\/#\/schema\/logo\/image\/\",\"url\":\"https:\/\/retradycja.eu\/wp-content\/uploads\/2022\/06\/logo_retradycje-01.png\",\"contentUrl\":\"https:\/\/retradycja.eu\/wp-content\/uploads\/2022\/06\/logo_retradycje-01.png\",\"width\":332,\"height\":63,\"caption\":\"Warsztaty Kultury w Lublinie\"},\"image\":{\"@id\":\"https:\/\/retradycja.eu\/pl\/#\/schema\/logo\/image\/\"},\"sameAs\":[\"https:\/\/www.facebook.com\/retradycja\",\"https:\/\/www.instagram.com\/retradycja_jarmarkjagiellonski\/\",\"https:\/\/www.youtube.com\/user\/JarmarkJagiellonski\"]}]}<\/script>\n<!-- \/ Yoast SEO plugin. -->","yoast_head_json":{"title":"Teresa Pryzmont - Festiwal Re:tradycja - Jarmark Jagiello\u0144ski","robots":{"index":"index","follow":"follow","max-snippet":"max-snippet:-1","max-image-preview":"max-image-preview:large","max-video-preview":"max-video-preview:-1"},"canonical":"https:\/\/retradycja.eu\/pl\/tworca\/teresa-pryzmont\/","og_locale":"pl_PL","og_type":"article","og_title":"Teresa Pryzmont - Festiwal Re:tradycja - Jarmark Jagiello\u0144ski","og_description":"Pani Teresa Pryzmont to uznana mistrzyni tkactwa dwuosnowowego. Od najm\u0142odszych lat pomaga\u0142a mamie w wykonywaniu tkanin lnianych, kt\u00f3re wykorzystywane by\u0142y [&hellip;]","og_url":"https:\/\/retradycja.eu\/pl\/tworca\/teresa-pryzmont\/","og_site_name":"Festiwal Re:tradycja - Jarmark Jagiello\u0144ski","article_publisher":"https:\/\/www.facebook.com\/retradycja","article_modified_time":"2024-01-03T10:54:10+00:00","og_image":[{"width":2000,"height":1333,"url":"https:\/\/retradycja.eu\/wp-content\/uploads\/2016\/02\/Tomasz-Bylina-1.jpg","type":"image\/jpeg"}],"twitter_card":"summary_large_image","twitter_misc":{"Szacowany czas czytania":"2 minuty"},"schema":{"@context":"https:\/\/schema.org","@graph":[{"@type":"WebPage","@id":"https:\/\/retradycja.eu\/pl\/tworca\/teresa-pryzmont\/","url":"https:\/\/retradycja.eu\/pl\/tworca\/teresa-pryzmont\/","name":"Teresa Pryzmont - Festiwal Re:tradycja - Jarmark Jagiello\u0144ski","isPartOf":{"@id":"https:\/\/retradycja.eu\/pl\/#website"},"primaryImageOfPage":{"@id":"https:\/\/retradycja.eu\/pl\/tworca\/teresa-pryzmont\/#primaryimage"},"image":{"@id":"https:\/\/retradycja.eu\/pl\/tworca\/teresa-pryzmont\/#primaryimage"},"thumbnailUrl":"https:\/\/retradycja.eu\/wp-content\/uploads\/2016\/02\/Tomasz-Bylina-1.jpg","datePublished":"2016-02-04T23:00:00+00:00","dateModified":"2024-01-03T10:54:10+00:00","breadcrumb":{"@id":"https:\/\/retradycja.eu\/pl\/tworca\/teresa-pryzmont\/#breadcrumb"},"inLanguage":"pl-PL","potentialAction":[{"@type":"ReadAction","target":["https:\/\/retradycja.eu\/pl\/tworca\/teresa-pryzmont\/"]}]},{"@type":"ImageObject","inLanguage":"pl-PL","@id":"https:\/\/retradycja.eu\/pl\/tworca\/teresa-pryzmont\/#primaryimage","url":"https:\/\/retradycja.eu\/wp-content\/uploads\/2016\/02\/Tomasz-Bylina-1.jpg","contentUrl":"https:\/\/retradycja.eu\/wp-content\/uploads\/2016\/02\/Tomasz-Bylina-1.jpg","width":2000,"height":1333,"caption":"Portret tkaczki, Teresy Pryzmont. Starsza, siwa kobieta ma na ramionach jasn\u0105 chust\u0119 w wielobarwne kwiaty. Pozuje na tle dywan\u00f3w i makat, kt\u00f3re tworzy."},{"@type":"BreadcrumbList","@id":"https:\/\/retradycja.eu\/pl\/tworca\/teresa-pryzmont\/#breadcrumb","itemListElement":[{"@type":"ListItem","position":1,"name":"Strona g\u0142\u00f3wna","item":"https:\/\/retradycja.eu\/pl\/"},{"@type":"ListItem","position":2,"name":"Teresa Pryzmont"}]},{"@type":"WebSite","@id":"https:\/\/retradycja.eu\/pl\/#website","url":"https:\/\/retradycja.eu\/pl\/","name":"Festiwal Re:tradycja - Jarmark Jagiello\u0144ski","description":" Lublin, Stare Miasto","publisher":{"@id":"https:\/\/retradycja.eu\/pl\/#organization"},"potentialAction":[{"@type":"SearchAction","target":{"@type":"EntryPoint","urlTemplate":"https:\/\/retradycja.eu\/pl\/?s={search_term_string}"},"query-input":"required name=search_term_string"}],"inLanguage":"pl-PL"},{"@type":"Organization","@id":"https:\/\/retradycja.eu\/pl\/#organization","name":"Warsztaty Kultury w Lublinie","url":"https:\/\/retradycja.eu\/pl\/","logo":{"@type":"ImageObject","inLanguage":"pl-PL","@id":"https:\/\/retradycja.eu\/pl\/#\/schema\/logo\/image\/","url":"https:\/\/retradycja.eu\/wp-content\/uploads\/2022\/06\/logo_retradycje-01.png","contentUrl":"https:\/\/retradycja.eu\/wp-content\/uploads\/2022\/06\/logo_retradycje-01.png","width":332,"height":63,"caption":"Warsztaty Kultury w Lublinie"},"image":{"@id":"https:\/\/retradycja.eu\/pl\/#\/schema\/logo\/image\/"},"sameAs":["https:\/\/www.facebook.com\/retradycja","https:\/\/www.instagram.com\/retradycja_jarmarkjagiellonski\/","https:\/\/www.youtube.com\/user\/JarmarkJagiellonski"]}]}},"_links":{"self":[{"href":"https:\/\/retradycja.eu\/pl\/wp-json\/wp\/v2\/tworca\/1563"}],"collection":[{"href":"https:\/\/retradycja.eu\/pl\/wp-json\/wp\/v2\/tworca"}],"about":[{"href":"https:\/\/retradycja.eu\/pl\/wp-json\/wp\/v2\/types\/tworca"}],"wp:featuredmedia":[{"embeddable":true,"href":"https:\/\/retradycja.eu\/pl\/wp-json\/wp\/v2\/media\/39996"}],"wp:attachment":[{"href":"https:\/\/retradycja.eu\/pl\/wp-json\/wp\/v2\/media?parent=1563"}],"wp:term":[{"taxonomy":"dziedzina_tworczosci","embeddable":true,"href":"https:\/\/retradycja.eu\/pl\/wp-json\/wp\/v2\/dziedzina_tworczosci?post=1563"},{"taxonomy":"kategoria_wydarzenia","embeddable":true,"href":"https:\/\/retradycja.eu\/pl\/wp-json\/wp\/v2\/kategoria_wydarzenia?post=1563"},{"taxonomy":"kategoria_tworcy","embeddable":true,"href":"https:\/\/retradycja.eu\/pl\/wp-json\/wp\/v2\/kategoria_tworcy?post=1563"},{"taxonomy":"edycja","embeddable":true,"href":"https:\/\/retradycja.eu\/pl\/wp-json\/wp\/v2\/edycja?post=1563"},{"taxonomy":"kraj_tworcy","embeddable":true,"href":"https:\/\/retradycja.eu\/pl\/wp-json\/wp\/v2\/kraj_tworcy?post=1563"}],"curies":[{"name":"wp","href":"https:\/\/api.w.org\/{rel}","templated":true}]}}

<p style="text-align: justify;">Pani Teresa Pryzmont to uznana mistrzyni tkactwa dwuosnowowego. Od najmłodszych lat pomagała mamie w wykonywaniu tkanin lnianych, które wykorzystywane były w gospodarstwie – worków, ręczników, obrusów czy chodników. Z czasem sama zaczął doskonalić swój warsztat i opracowywać własne wzornictwo. W latach 70. XX wieku techniki tkania dwuosnowowego i wielonicielnicowego przekazywała jej sąsiadka, pani Regina Masełbas. W 1979 r. po raz pierwszy wzięła udział w Międzywojewódzkim Konkursie na tkaninę podwójną, zdobywając III nagrodę. Już wówczas tkaniny pani Teresy Pryzmont odznaczały się doskonałością techniczną i artystyczną.</p>
<p style="text-align: justify;">Wykonuje na krosnach charakterystyczne dla Podlasia wełniane dywany, wełniano-lniane kilimy oraz mniejsze, bardziej współczesne formy – podkładki, poszewki, torebki itp. Na dywanach przedstawia sceny z życia wsi („Zabawa na wsi”, „Grzybobranie”, „Kolędnicy” i in.), doskonale budując kompozycję całości i okalającą ją bordiurę, a także dbając o naturalna kolorystykę wełny (stosuje m.in. barwniki naturalne). Artystka od wielu lat otrzymuje wysokie nagrody w konkursie. Swoje umiejętności przekazuje innym. Od 2009 roku prowadzi własną izbę twórczą w ramach programu „Ginące zawody”, w której prowadzi także działalność edukacyjną.</p>
<p style="text-align: justify;">Pani Teresa Pryzmont należy do Stowarzyszenia Twórców Ludowych. Za swoją wieloletnią działalność została uhonorowana m.in. Nagrodą im. Oskara Kolberga, odznaką „Zasłużony dla Kultury Polskiej”, srebrnym i złotym Krzyżem Zasługi oraz srebrnym medalem „Zasłużony Kulturze Gloria Artis”.</p>
<p style="text-align: justify;">&nbsp;</p>

<!-- This site is optimized with the Yoast SEO plugin v22.2 - https://yoast.com/wordpress/plugins/seo/ -->
<title>Teresa Pryzmont - Festiwal Re:tradycja - Jarmark Jagielloński</title>
<meta name="robots" content="index, follow, max-snippet:-1, max-image-preview:large, max-video-preview:-1" />
<link rel="canonical" href="https://retradycja.eu/pl/tworca/teresa-pryzmont/" />
<meta property="og:locale" content="pl_PL" />
<meta property="og:type" content="article" />
<meta property="og:title" content="Teresa Pryzmont - Festiwal Re:tradycja - Jarmark Jagielloński" />
<meta property="og:description" content="Pani Teresa Pryzmont to uznana mistrzyni tkactwa dwuosnowowego. Od najmłodszych lat pomagała mamie w wykonywaniu tkanin lnianych, które wykorzystywane były [&hellip;]" />
<meta property="og:url" content="https://retradycja.eu/pl/tworca/teresa-pryzmont/" />
<meta property="og:site_name" content="Festiwal Re:tradycja - Jarmark Jagielloński" />
<meta property="article:publisher" content="https://www.facebook.com/retradycja" />
<meta property="article:modified_time" content="2024-01-03T10:54:10+00:00" />
<meta property="og:image" content="https://retradycja.eu/wp-content/uploads/2016/02/Tomasz-Bylina-1.jpg" />
	<meta property="og:image:width" content="2000" />
	<meta property="og:image:height" content="1333" />
	<meta property="og:image:type" content="image/jpeg" />
<meta name="twitter:card" content="summary_large_image" />
<meta name="twitter:label1" content="Szacowany czas czytania" />
	<meta name="twitter:data1" content="2 minuty" />
<script type="application/ld+json" class="yoast-schema-graph">{"@context":"https://schema.org","@graph":[{"@type":"WebPage","@id":"https://retradycja.eu/pl/tworca/teresa-pryzmont/","url":"https://retradycja.eu/pl/tworca/teresa-pryzmont/","name":"Teresa Pryzmont - Festiwal Re:tradycja - Jarmark Jagielloński","isPartOf":{"@id":"https://retradycja.eu/pl/#website"},"primaryImageOfPage":{"@id":"https://retradycja.eu/pl/tworca/teresa-pryzmont/#primaryimage"},"image":{"@id":"https://retradycja.eu/pl/tworca/teresa-pryzmont/#primaryimage"},"thumbnailUrl":"https://retradycja.eu/wp-content/uploads/2016/02/Tomasz-Bylina-1.jpg","datePublished":"2016-02-04T23:00:00+00:00","dateModified":"2024-01-03T10:54:10+00:00","breadcrumb":{"@id":"https://retradycja.eu/pl/tworca/teresa-pryzmont/#breadcrumb"},"inLanguage":"pl-PL","potentialAction":[{"@type":"ReadAction","target":["https://retradycja.eu/pl/tworca/teresa-pryzmont/"]}]},{"@type":"ImageObject","inLanguage":"pl-PL","@id":"https://retradycja.eu/pl/tworca/teresa-pryzmont/#primaryimage","url":"https://retradycja.eu/wp-content/uploads/2016/02/Tomasz-Bylina-1.jpg","contentUrl":"https://retradycja.eu/wp-content/uploads/2016/02/Tomasz-Bylina-1.jpg","width":2000,"height":1333,"caption":"Portret tkaczki, Teresy Pryzmont. Starsza, siwa kobieta ma na ramionach jasną chustę w wielobarwne kwiaty. Pozuje na tle dywanów i makat, które tworzy."},{"@type":"BreadcrumbList","@id":"https://retradycja.eu/pl/tworca/teresa-pryzmont/#breadcrumb","itemListElement":[{"@type":"ListItem","position":1,"name":"Strona główna","item":"https://retradycja.eu/pl/"},{"@type":"ListItem","position":2,"name":"Teresa Pryzmont"}]},{"@type":"WebSite","@id":"https://retradycja.eu/pl/#website","url":"https://retradycja.eu/pl/","name":"Festiwal Re:tradycja - Jarmark Jagielloński","description":" Lublin, Stare Miasto","publisher":{"@id":"https://retradycja.eu/pl/#organization"},"potentialAction":[{"@type":"SearchAction","target":{"@type":"EntryPoint","urlTemplate":"https://retradycja.eu/pl/?s={search_term_string}"},"query-input":"required name=search_term_string"}],"inLanguage":"pl-PL"},{"@type":"Organization","@id":"https://retradycja.eu/pl/#organization","name":"Warsztaty Kultury w Lublinie","url":"https://retradycja.eu/pl/","logo":{"@type":"ImageObject","inLanguage":"pl-PL","@id":"https://retradycja.eu/pl/#/schema/logo/image/","url":"https://retradycja.eu/wp-content/uploads/2022/06/logo_retradycje-01.png","contentUrl":"https://retradycja.eu/wp-content/uploads/2022/06/logo_retradycje-01.png","width":332,"height":63,"caption":"Warsztaty Kultury w Lublinie"},"image":{"@id":"https://retradycja.eu/pl/#/schema/logo/image/"},"sameAs":["https://www.facebook.com/retradycja","https://www.instagram.com/retradycja_jarmarkjagiellonski/","https://www.youtube.com/user/JarmarkJagiellonski"]}]}</script>
<!-- / Yoast SEO plugin. -->

Teresa Pryzmont - Festiwal Re:tradycja - Jarmark Jagielloński

Pani Teresa Pryzmont to uznana mistrzyni tkactwa dwuosnowowego. Od najmłodszych lat pomagała mamie w wykonywaniu tkanin lnianych, które wykorzystywane były [&hellip;]

Festiwal Re:tradycja - Jarmark Jagielloński

Portret tkaczki, Teresy Pryzmont. Starsza, siwa kobieta ma na ramionach jasną chustę w wielobarwne kwiaty. Pozuje na tle dywanów i makat, które tworzy.

Strona główna
