{"id":1417,"date":"2016-01-25T00:00:00","date_gmt":"2016-01-24T23:00:00","guid":{"rendered":"https:\/\/retradycja.eu\/tworca\/agnieszka-jackowiak-i-maciej-filipczuk-nomad-service\/"},"modified":"2023-07-04T13:55:36","modified_gmt":"2023-07-04T11:55:36","slug":"agnieszka-jackowiak-i-maciej-filipczuk-nomad-service","status":"publish","type":"tworca","link":"https:\/\/retradycja.eu\/pl\/tworca\/agnieszka-jackowiak-i-maciej-filipczuk-nomad-service\/","title":{"rendered":"Agnieszka Jackowiak i Maciej Filipczuk &#8211; Nomad Service"},"content":{"rendered":"<p><span lang=\"pl-PL\">Dzi\u0119ki pa<\/span><span lang=\"pl-PL\">\u0144stwu<\/span><span lang=\"pl-PL\"> Agnieszce Jackowiak <\/span><span lang=\"pl-PL\">i Maciejowi Filipczukowi do \u017cycia i u\u017cytku powracaj\u0105 tradycyjne <\/span><span lang=\"pl-PL\">czapki<\/span><span lang=\"pl-PL\">, kt\u00f3re znamy g\u0142\u00f3wnie z opracowa\u0144 etnograficznych, rycin czy najstarszych fotografii. Podczas swoich licznych wypraw zobaczyli oni, jak w innych zak\u0105tkach \u015bwiata rodz\u0105 si\u0119 ruchy powrotu do tradycyjnych rzemios\u0142, w tym tych zwi\u0105zanych z <\/span><span lang=\"pl-PL\">wyrobem nakry\u0107 g\u0142owy. <\/span><span lang=\"pl-PL\">Od 2012 r. pod mark\u0105 Nomad Service realizuj\u0105 oni projekt, <\/span><span lang=\"pl-PL\">w ramach kt\u00f3rego na nowo \u015bwiat\u0142o dzienne ujrza\u0142y m.in. lubelskie gamerki, krakowskie magierki, maciej\u00f3wki, d\u0142ubanki, rogatywki, kurpiowskie grzybki czy r\u00f3\u017cne rodzaje czepc\u00f3w. Na ich stoisku znajdziemy te\u017c czapki inspirowane formami tradycyjnymi&nbsp; oraz stemplowane torby. Tw\u00f3rcy interesuj\u0105 si\u0119 tak\u017ce tradycyjnym tkactwem, filcowaniem oraz muzyk\u0105 ludow\u0105.<\/span><\/p>\n<p style=\"text-align: justify;\"><strong>Kontakt<br \/>\n<\/strong>www: <a href=\"http:\/\/nomadservice.pl\/\" target=\"_blank\" rel=\"noopener noreferrer\">nomadservice.pl<\/a><\/p>\n<p style=\"text-align: justify;\">&nbsp;<\/p>\n","protected":false},"featured_media":1421,"template":"","meta":{"_acf_changed":false,"ngg_post_thumbnail":0},"dziedzina_tworczosci":[38,35],"kategoria_wydarzenia":[],"kategoria_tworcy":[9,17],"edycja":[12,13,14,15,26,27,31,182,209],"kraj_tworcy":[275],"acf":[],"yoast_head":"<!-- This site is optimized with the Yoast SEO plugin v22.2 - https:\/\/yoast.com\/wordpress\/plugins\/seo\/ -->\n<title>Agnieszka Jackowiak i Maciej Filipczuk - Nomad Service - Festiwal Re:tradycja - Jarmark Jagiello\u0144ski<\/title>\n<meta name=\"robots\" content=\"index, follow, max-snippet:-1, max-image-preview:large, max-video-preview:-1\" \/>\n<link rel=\"canonical\" href=\"https:\/\/retradycja.eu\/pl\/tworca\/agnieszka-jackowiak-i-maciej-filipczuk-nomad-service\/\" \/>\n<meta property=\"og:locale\" content=\"pl_PL\" \/>\n<meta property=\"og:type\" content=\"article\" \/>\n<meta property=\"og:title\" content=\"Agnieszka Jackowiak i Maciej Filipczuk - Nomad Service - Festiwal Re:tradycja - Jarmark Jagiello\u0144ski\" \/>\n<meta property=\"og:description\" content=\"Dzi\u0119ki pa\u0144stwu Agnieszce Jackowiak i Maciejowi Filipczukowi do \u017cycia i u\u017cytku powracaj\u0105 tradycyjne czapki, kt\u00f3re znamy g\u0142\u00f3wnie z opracowa\u0144 etnograficznych, [&hellip;]\" \/>\n<meta property=\"og:url\" content=\"https:\/\/retradycja.eu\/pl\/tworca\/agnieszka-jackowiak-i-maciej-filipczuk-nomad-service\/\" \/>\n<meta property=\"og:site_name\" content=\"Festiwal Re:tradycja - Jarmark Jagiello\u0144ski\" \/>\n<meta property=\"article:publisher\" content=\"https:\/\/www.facebook.com\/retradycja\" \/>\n<meta property=\"article:modified_time\" content=\"2023-07-04T11:55:36+00:00\" \/>\n<meta property=\"og:image\" content=\"https:\/\/retradycja.eu\/wp-content\/uploads\/2020\/08\/gutekzegier-6958-1-scaled.jpg\" \/>\n\t<meta property=\"og:image:width\" content=\"2560\" \/>\n\t<meta property=\"og:image:height\" content=\"1707\" \/>\n\t<meta property=\"og:image:type\" content=\"image\/jpeg\" \/>\n<meta name=\"twitter:card\" content=\"summary_large_image\" \/>\n<meta name=\"twitter:label1\" content=\"Szacowany czas czytania\" \/>\n\t<meta name=\"twitter:data1\" content=\"1 minuta\" \/>\n<script type=\"application\/ld+json\" class=\"yoast-schema-graph\">{\"@context\":\"https:\/\/schema.org\",\"@graph\":[{\"@type\":\"WebPage\",\"@id\":\"https:\/\/retradycja.eu\/pl\/tworca\/agnieszka-jackowiak-i-maciej-filipczuk-nomad-service\/\",\"url\":\"https:\/\/retradycja.eu\/pl\/tworca\/agnieszka-jackowiak-i-maciej-filipczuk-nomad-service\/\",\"name\":\"Agnieszka Jackowiak i Maciej Filipczuk - Nomad Service - Festiwal Re:tradycja - Jarmark Jagiello\u0144ski\",\"isPartOf\":{\"@id\":\"https:\/\/retradycja.eu\/pl\/#website\"},\"primaryImageOfPage\":{\"@id\":\"https:\/\/retradycja.eu\/pl\/tworca\/agnieszka-jackowiak-i-maciej-filipczuk-nomad-service\/#primaryimage\"},\"image\":{\"@id\":\"https:\/\/retradycja.eu\/pl\/tworca\/agnieszka-jackowiak-i-maciej-filipczuk-nomad-service\/#primaryimage\"},\"thumbnailUrl\":\"https:\/\/retradycja.eu\/wp-content\/uploads\/2020\/08\/gutekzegier-6958-1-scaled.jpg\",\"datePublished\":\"2016-01-24T23:00:00+00:00\",\"dateModified\":\"2023-07-04T11:55:36+00:00\",\"breadcrumb\":{\"@id\":\"https:\/\/retradycja.eu\/pl\/tworca\/agnieszka-jackowiak-i-maciej-filipczuk-nomad-service\/#breadcrumb\"},\"inLanguage\":\"pl-PL\",\"potentialAction\":[{\"@type\":\"ReadAction\",\"target\":[\"https:\/\/retradycja.eu\/pl\/tworca\/agnieszka-jackowiak-i-maciej-filipczuk-nomad-service\/\"]}]},{\"@type\":\"ImageObject\",\"inLanguage\":\"pl-PL\",\"@id\":\"https:\/\/retradycja.eu\/pl\/tworca\/agnieszka-jackowiak-i-maciej-filipczuk-nomad-service\/#primaryimage\",\"url\":\"https:\/\/retradycja.eu\/wp-content\/uploads\/2020\/08\/gutekzegier-6958-1-scaled.jpg\",\"contentUrl\":\"https:\/\/retradycja.eu\/wp-content\/uploads\/2020\/08\/gutekzegier-6958-1-scaled.jpg\",\"width\":2560,\"height\":1707},{\"@type\":\"BreadcrumbList\",\"@id\":\"https:\/\/retradycja.eu\/pl\/tworca\/agnieszka-jackowiak-i-maciej-filipczuk-nomad-service\/#breadcrumb\",\"itemListElement\":[{\"@type\":\"ListItem\",\"position\":1,\"name\":\"Strona g\u0142\u00f3wna\",\"item\":\"https:\/\/retradycja.eu\/pl\/\"},{\"@type\":\"ListItem\",\"position\":2,\"name\":\"Agnieszka Jackowiak i Maciej Filipczuk &#8211; Nomad Service\"}]},{\"@type\":\"WebSite\",\"@id\":\"https:\/\/retradycja.eu\/pl\/#website\",\"url\":\"https:\/\/retradycja.eu\/pl\/\",\"name\":\"Festiwal Re:tradycja - Jarmark Jagiello\u0144ski\",\"description\":\" Lublin, Stare Miasto\",\"publisher\":{\"@id\":\"https:\/\/retradycja.eu\/pl\/#organization\"},\"potentialAction\":[{\"@type\":\"SearchAction\",\"target\":{\"@type\":\"EntryPoint\",\"urlTemplate\":\"https:\/\/retradycja.eu\/pl\/?s={search_term_string}\"},\"query-input\":\"required name=search_term_string\"}],\"inLanguage\":\"pl-PL\"},{\"@type\":\"Organization\",\"@id\":\"https:\/\/retradycja.eu\/pl\/#organization\",\"name\":\"Warsztaty Kultury w Lublinie\",\"url\":\"https:\/\/retradycja.eu\/pl\/\",\"logo\":{\"@type\":\"ImageObject\",\"inLanguage\":\"pl-PL\",\"@id\":\"https:\/\/retradycja.eu\/pl\/#\/schema\/logo\/image\/\",\"url\":\"https:\/\/retradycja.eu\/wp-content\/uploads\/2022\/06\/logo_retradycje-01.png\",\"contentUrl\":\"https:\/\/retradycja.eu\/wp-content\/uploads\/2022\/06\/logo_retradycje-01.png\",\"width\":332,\"height\":63,\"caption\":\"Warsztaty Kultury w Lublinie\"},\"image\":{\"@id\":\"https:\/\/retradycja.eu\/pl\/#\/schema\/logo\/image\/\"},\"sameAs\":[\"https:\/\/www.facebook.com\/retradycja\",\"https:\/\/www.instagram.com\/retradycja_jarmarkjagiellonski\/\",\"https:\/\/www.youtube.com\/user\/JarmarkJagiellonski\"]}]}<\/script>\n<!-- \/ Yoast SEO plugin. -->","yoast_head_json":{"title":"Agnieszka Jackowiak i Maciej Filipczuk - Nomad Service - Festiwal Re:tradycja - Jarmark Jagiello\u0144ski","robots":{"index":"index","follow":"follow","max-snippet":"max-snippet:-1","max-image-preview":"max-image-preview:large","max-video-preview":"max-video-preview:-1"},"canonical":"https:\/\/retradycja.eu\/pl\/tworca\/agnieszka-jackowiak-i-maciej-filipczuk-nomad-service\/","og_locale":"pl_PL","og_type":"article","og_title":"Agnieszka Jackowiak i Maciej Filipczuk - Nomad Service - Festiwal Re:tradycja - Jarmark Jagiello\u0144ski","og_description":"Dzi\u0119ki pa\u0144stwu Agnieszce Jackowiak i Maciejowi Filipczukowi do \u017cycia i u\u017cytku powracaj\u0105 tradycyjne czapki, kt\u00f3re znamy g\u0142\u00f3wnie z opracowa\u0144 etnograficznych, [&hellip;]","og_url":"https:\/\/retradycja.eu\/pl\/tworca\/agnieszka-jackowiak-i-maciej-filipczuk-nomad-service\/","og_site_name":"Festiwal Re:tradycja - Jarmark Jagiello\u0144ski","article_publisher":"https:\/\/www.facebook.com\/retradycja","article_modified_time":"2023-07-04T11:55:36+00:00","og_image":[{"width":2560,"height":1707,"url":"https:\/\/retradycja.eu\/wp-content\/uploads\/2020\/08\/gutekzegier-6958-1-scaled.jpg","type":"image\/jpeg"}],"twitter_card":"summary_large_image","twitter_misc":{"Szacowany czas czytania":"1 minuta"},"schema":{"@context":"https:\/\/schema.org","@graph":[{"@type":"WebPage","@id":"https:\/\/retradycja.eu\/pl\/tworca\/agnieszka-jackowiak-i-maciej-filipczuk-nomad-service\/","url":"https:\/\/retradycja.eu\/pl\/tworca\/agnieszka-jackowiak-i-maciej-filipczuk-nomad-service\/","name":"Agnieszka Jackowiak i Maciej Filipczuk - Nomad Service - Festiwal Re:tradycja - Jarmark Jagiello\u0144ski","isPartOf":{"@id":"https:\/\/retradycja.eu\/pl\/#website"},"primaryImageOfPage":{"@id":"https:\/\/retradycja.eu\/pl\/tworca\/agnieszka-jackowiak-i-maciej-filipczuk-nomad-service\/#primaryimage"},"image":{"@id":"https:\/\/retradycja.eu\/pl\/tworca\/agnieszka-jackowiak-i-maciej-filipczuk-nomad-service\/#primaryimage"},"thumbnailUrl":"https:\/\/retradycja.eu\/wp-content\/uploads\/2020\/08\/gutekzegier-6958-1-scaled.jpg","datePublished":"2016-01-24T23:00:00+00:00","dateModified":"2023-07-04T11:55:36+00:00","breadcrumb":{"@id":"https:\/\/retradycja.eu\/pl\/tworca\/agnieszka-jackowiak-i-maciej-filipczuk-nomad-service\/#breadcrumb"},"inLanguage":"pl-PL","potentialAction":[{"@type":"ReadAction","target":["https:\/\/retradycja.eu\/pl\/tworca\/agnieszka-jackowiak-i-maciej-filipczuk-nomad-service\/"]}]},{"@type":"ImageObject","inLanguage":"pl-PL","@id":"https:\/\/retradycja.eu\/pl\/tworca\/agnieszka-jackowiak-i-maciej-filipczuk-nomad-service\/#primaryimage","url":"https:\/\/retradycja.eu\/wp-content\/uploads\/2020\/08\/gutekzegier-6958-1-scaled.jpg","contentUrl":"https:\/\/retradycja.eu\/wp-content\/uploads\/2020\/08\/gutekzegier-6958-1-scaled.jpg","width":2560,"height":1707},{"@type":"BreadcrumbList","@id":"https:\/\/retradycja.eu\/pl\/tworca\/agnieszka-jackowiak-i-maciej-filipczuk-nomad-service\/#breadcrumb","itemListElement":[{"@type":"ListItem","position":1,"name":"Strona g\u0142\u00f3wna","item":"https:\/\/retradycja.eu\/pl\/"},{"@type":"ListItem","position":2,"name":"Agnieszka Jackowiak i Maciej Filipczuk &#8211; Nomad Service"}]},{"@type":"WebSite","@id":"https:\/\/retradycja.eu\/pl\/#website","url":"https:\/\/retradycja.eu\/pl\/","name":"Festiwal Re:tradycja - Jarmark Jagiello\u0144ski","description":" Lublin, Stare Miasto","publisher":{"@id":"https:\/\/retradycja.eu\/pl\/#organization"},"potentialAction":[{"@type":"SearchAction","target":{"@type":"EntryPoint","urlTemplate":"https:\/\/retradycja.eu\/pl\/?s={search_term_string}"},"query-input":"required name=search_term_string"}],"inLanguage":"pl-PL"},{"@type":"Organization","@id":"https:\/\/retradycja.eu\/pl\/#organization","name":"Warsztaty Kultury w Lublinie","url":"https:\/\/retradycja.eu\/pl\/","logo":{"@type":"ImageObject","inLanguage":"pl-PL","@id":"https:\/\/retradycja.eu\/pl\/#\/schema\/logo\/image\/","url":"https:\/\/retradycja.eu\/wp-content\/uploads\/2022\/06\/logo_retradycje-01.png","contentUrl":"https:\/\/retradycja.eu\/wp-content\/uploads\/2022\/06\/logo_retradycje-01.png","width":332,"height":63,"caption":"Warsztaty Kultury w Lublinie"},"image":{"@id":"https:\/\/retradycja.eu\/pl\/#\/schema\/logo\/image\/"},"sameAs":["https:\/\/www.facebook.com\/retradycja","https:\/\/www.instagram.com\/retradycja_jarmarkjagiellonski\/","https:\/\/www.youtube.com\/user\/JarmarkJagiellonski"]}]}},"_links":{"self":[{"href":"https:\/\/retradycja.eu\/pl\/wp-json\/wp\/v2\/tworca\/1417"}],"collection":[{"href":"https:\/\/retradycja.eu\/pl\/wp-json\/wp\/v2\/tworca"}],"about":[{"href":"https:\/\/retradycja.eu\/pl\/wp-json\/wp\/v2\/types\/tworca"}],"wp:featuredmedia":[{"embeddable":true,"href":"https:\/\/retradycja.eu\/pl\/wp-json\/wp\/v2\/media\/1421"}],"wp:attachment":[{"href":"https:\/\/retradycja.eu\/pl\/wp-json\/wp\/v2\/media?parent=1417"}],"wp:term":[{"taxonomy":"dziedzina_tworczosci","embeddable":true,"href":"https:\/\/retradycja.eu\/pl\/wp-json\/wp\/v2\/dziedzina_tworczosci?post=1417"},{"taxonomy":"kategoria_wydarzenia","embeddable":true,"href":"https:\/\/retradycja.eu\/pl\/wp-json\/wp\/v2\/kategoria_wydarzenia?post=1417"},{"taxonomy":"kategoria_tworcy","embeddable":true,"href":"https:\/\/retradycja.eu\/pl\/wp-json\/wp\/v2\/kategoria_tworcy?post=1417"},{"taxonomy":"edycja","embeddable":true,"href":"https:\/\/retradycja.eu\/pl\/wp-json\/wp\/v2\/edycja?post=1417"},{"taxonomy":"kraj_tworcy","embeddable":true,"href":"https:\/\/retradycja.eu\/pl\/wp-json\/wp\/v2\/kraj_tworcy?post=1417"}],"curies":[{"name":"wp","href":"https:\/\/api.w.org\/{rel}","templated":true}]}}

<p><span lang="pl-PL">Dzięki pa</span><span lang="pl-PL">ństwu</span><span lang="pl-PL"> Agnieszce Jackowiak </span><span lang="pl-PL">i Maciejowi Filipczukowi do życia i użytku powracają tradycyjne </span><span lang="pl-PL">czapki</span><span lang="pl-PL">, które znamy głównie z opracowań etnograficznych, rycin czy najstarszych fotografii. Podczas swoich licznych wypraw zobaczyli oni, jak w innych zakątkach świata rodzą się ruchy powrotu do tradycyjnych rzemiosł, w tym tych związanych z </span><span lang="pl-PL">wyrobem nakryć głowy. </span><span lang="pl-PL">Od 2012 r. pod marką Nomad Service realizują oni projekt, </span><span lang="pl-PL">w ramach którego na nowo światło dzienne ujrzały m.in. lubelskie gamerki, krakowskie magierki, maciejówki, dłubanki, rogatywki, kurpiowskie grzybki czy różne rodzaje czepców. Na ich stoisku znajdziemy też czapki inspirowane formami tradycyjnymi&nbsp; oraz stemplowane torby. Twórcy interesują się także tradycyjnym tkactwem, filcowaniem oraz muzyką ludową.</span></p>
<p style="text-align: justify;"><strong>Kontakt<br />
</strong>www: <a href="http://nomadservice.pl/" target="_blank" rel="noopener noreferrer">nomadservice.pl</a></p>
<p style="text-align: justify;">&nbsp;</p>

<!-- This site is optimized with the Yoast SEO plugin v22.2 - https://yoast.com/wordpress/plugins/seo/ -->
<title>Agnieszka Jackowiak i Maciej Filipczuk - Nomad Service - Festiwal Re:tradycja - Jarmark Jagielloński</title>
<meta name="robots" content="index, follow, max-snippet:-1, max-image-preview:large, max-video-preview:-1" />
<link rel="canonical" href="https://retradycja.eu/pl/tworca/agnieszka-jackowiak-i-maciej-filipczuk-nomad-service/" />
<meta property="og:locale" content="pl_PL" />
<meta property="og:type" content="article" />
<meta property="og:title" content="Agnieszka Jackowiak i Maciej Filipczuk - Nomad Service - Festiwal Re:tradycja - Jarmark Jagielloński" />
<meta property="og:description" content="Dzięki państwu Agnieszce Jackowiak i Maciejowi Filipczukowi do życia i użytku powracają tradycyjne czapki, które znamy głównie z opracowań etnograficznych, [&hellip;]" />
<meta property="og:url" content="https://retradycja.eu/pl/tworca/agnieszka-jackowiak-i-maciej-filipczuk-nomad-service/" />
<meta property="og:site_name" content="Festiwal Re:tradycja - Jarmark Jagielloński" />
<meta property="article:publisher" content="https://www.facebook.com/retradycja" />
<meta property="article:modified_time" content="2023-07-04T11:55:36+00:00" />
<meta property="og:image" content="https://retradycja.eu/wp-content/uploads/2020/08/gutekzegier-6958-1-scaled.jpg" />
	<meta property="og:image:width" content="2560" />
	<meta property="og:image:height" content="1707" />
	<meta property="og:image:type" content="image/jpeg" />
<meta name="twitter:card" content="summary_large_image" />
<meta name="twitter:label1" content="Szacowany czas czytania" />
	<meta name="twitter:data1" content="1 minuta" />
<script type="application/ld+json" class="yoast-schema-graph">{"@context":"https://schema.org","@graph":[{"@type":"WebPage","@id":"https://retradycja.eu/pl/tworca/agnieszka-jackowiak-i-maciej-filipczuk-nomad-service/","url":"https://retradycja.eu/pl/tworca/agnieszka-jackowiak-i-maciej-filipczuk-nomad-service/","name":"Agnieszka Jackowiak i Maciej Filipczuk - Nomad Service - Festiwal Re:tradycja - Jarmark Jagielloński","isPartOf":{"@id":"https://retradycja.eu/pl/#website"},"primaryImageOfPage":{"@id":"https://retradycja.eu/pl/tworca/agnieszka-jackowiak-i-maciej-filipczuk-nomad-service/#primaryimage"},"image":{"@id":"https://retradycja.eu/pl/tworca/agnieszka-jackowiak-i-maciej-filipczuk-nomad-service/#primaryimage"},"thumbnailUrl":"https://retradycja.eu/wp-content/uploads/2020/08/gutekzegier-6958-1-scaled.jpg","datePublished":"2016-01-24T23:00:00+00:00","dateModified":"2023-07-04T11:55:36+00:00","breadcrumb":{"@id":"https://retradycja.eu/pl/tworca/agnieszka-jackowiak-i-maciej-filipczuk-nomad-service/#breadcrumb"},"inLanguage":"pl-PL","potentialAction":[{"@type":"ReadAction","target":["https://retradycja.eu/pl/tworca/agnieszka-jackowiak-i-maciej-filipczuk-nomad-service/"]}]},{"@type":"ImageObject","inLanguage":"pl-PL","@id":"https://retradycja.eu/pl/tworca/agnieszka-jackowiak-i-maciej-filipczuk-nomad-service/#primaryimage","url":"https://retradycja.eu/wp-content/uploads/2020/08/gutekzegier-6958-1-scaled.jpg","contentUrl":"https://retradycja.eu/wp-content/uploads/2020/08/gutekzegier-6958-1-scaled.jpg","width":2560,"height":1707},{"@type":"BreadcrumbList","@id":"https://retradycja.eu/pl/tworca/agnieszka-jackowiak-i-maciej-filipczuk-nomad-service/#breadcrumb","itemListElement":[{"@type":"ListItem","position":1,"name":"Strona główna","item":"https://retradycja.eu/pl/"},{"@type":"ListItem","position":2,"name":"Agnieszka Jackowiak i Maciej Filipczuk &#8211; Nomad Service"}]},{"@type":"WebSite","@id":"https://retradycja.eu/pl/#website","url":"https://retradycja.eu/pl/","name":"Festiwal Re:tradycja - Jarmark Jagielloński","description":" Lublin, Stare Miasto","publisher":{"@id":"https://retradycja.eu/pl/#organization"},"potentialAction":[{"@type":"SearchAction","target":{"@type":"EntryPoint","urlTemplate":"https://retradycja.eu/pl/?s={search_term_string}"},"query-input":"required name=search_term_string"}],"inLanguage":"pl-PL"},{"@type":"Organization","@id":"https://retradycja.eu/pl/#organization","name":"Warsztaty Kultury w Lublinie","url":"https://retradycja.eu/pl/","logo":{"@type":"ImageObject","inLanguage":"pl-PL","@id":"https://retradycja.eu/pl/#/schema/logo/image/","url":"https://retradycja.eu/wp-content/uploads/2022/06/logo_retradycje-01.png","contentUrl":"https://retradycja.eu/wp-content/uploads/2022/06/logo_retradycje-01.png","width":332,"height":63,"caption":"Warsztaty Kultury w Lublinie"},"image":{"@id":"https://retradycja.eu/pl/#/schema/logo/image/"},"sameAs":["https://www.facebook.com/retradycja","https://www.instagram.com/retradycja_jarmarkjagiellonski/","https://www.youtube.com/user/JarmarkJagiellonski"]}]}</script>
<!-- / Yoast SEO plugin. -->

Agnieszka Jackowiak i Maciej Filipczuk - Nomad Service - Festiwal Re:tradycja - Jarmark Jagielloński

Dzięki państwu Agnieszce Jackowiak i Maciejowi Filipczukowi do życia i użytku powracają tradycyjne czapki, które znamy głównie z opracowań etnograficznych, [&hellip;]

Festiwal Re:tradycja - Jarmark Jagielloński

Strona główna
