{"id":1358,"date":"2016-01-21T00:00:00","date_gmt":"2016-01-20T23:00:00","guid":{"rendered":"https:\/\/retradycja.eu\/tworca\/wlodzimierz-ciszek\/"},"modified":"2026-01-15T11:52:31","modified_gmt":"2026-01-15T10:52:31","slug":"wlodzimierz-ciszek","status":"publish","type":"tworca","link":"https:\/\/retradycja.eu\/pl\/tworca\/wlodzimierz-ciszek\/","title":{"rendered":"W\u0142odzimierz Ciszek"},"content":{"rendered":"<p style=\"text-align: justify;\">Pan W\u0142odzimierz Ciszek wytwarza zabawki ludowe, jest to tradycja rodzinna, kt\u00f3r\u0105 kontynuuje od oko\u0142o 40 lat. Zabawki wykonywa\u0142 ojciec pana W\u0142odzimierza &#8211; Stanis\u0142aw. Zabawki\u00a0z pracowni pana Ciszka to m.in: taczki, w\u00f3zki, ko\u0142yski, sze\u015bcienne grzechotki (zwane &#8222;scyrkowkami&#8221;) i\u00a0karety z konikami, koniki na k\u00f3\u0142kach, poruszaj\u0105ce si\u0119 na kijku karuzelki i &#8222;klepoki&#8221; (machaj\u0105ce skrzyd\u0142ami ptaszki) oraz dziobi\u0105ce kurki i kogutki. Prace pana Ciszka znajduj\u0105 si\u0119 m.in. w Muzeach Etnograficznych w Warszawie i Toruniu. Pan W\u0142odzimierz bra\u0142 udzia\u0142 w konkursach i wystawach realizowanych przez Muzeum Etnograficzne w Krakowie, Muzeum Wsi Opolskiej, Muzeum Zabawek i Zabawy w Kielcach, a tak\u017ce Regionalny O\u015brodek Kultury w Bielsku-Bia\u0142ej, gdzie w X jubileuszowym Mi\u0119dzynarodowym Konkursie na Zabawk\u0119 Tradycyjn\u0105 otrzyma\u0142 wyr\u00f3\u017cnienie I stopnia. W 2013, 2014 i 2018 roku otrzyma\u0142 tytu\u0142 Tw\u00f3rcy Jarmarku Jagiello\u0144skiego.\u00a0Jest cz\u0142onkiem Stowarzyszenia Tw\u00f3rc\u00f3w Ludowych.<\/p>\n<div class=\"et_pb_toggle_content clearfix\"><strong>Zabawkarstwo drewniane o\u015brodka \u0141\u0105czna &#8211; Ostoj\u00f3w zosta\u0142o w 2024 r. wpisane na Krajow\u0105 List\u0119 Niematerialnego Dziedzictwa Kulturowego. <\/strong><\/div>\n","protected":false},"featured_media":1359,"template":"","meta":{"_acf_changed":false,"ngg_post_thumbnail":0},"dziedzina_tworczosci":[29],"kategoria_wydarzenia":[],"kategoria_tworcy":[9],"edycja":[21,22,18,19,10,12,13,14,27,31],"kraj_tworcy":[275],"acf":[],"yoast_head":"<!-- This site is optimized with the Yoast SEO plugin v22.2 - https:\/\/yoast.com\/wordpress\/plugins\/seo\/ -->\n<title>W\u0142odzimierz Ciszek - Festiwal Re:tradycja - Jarmark Jagiello\u0144ski<\/title>\n<meta name=\"robots\" content=\"index, follow, max-snippet:-1, max-image-preview:large, max-video-preview:-1\" \/>\n<link rel=\"canonical\" href=\"https:\/\/retradycja.eu\/pl\/tworca\/wlodzimierz-ciszek\/\" \/>\n<meta property=\"og:locale\" content=\"pl_PL\" \/>\n<meta property=\"og:type\" content=\"article\" \/>\n<meta property=\"og:title\" content=\"W\u0142odzimierz Ciszek - Festiwal Re:tradycja - Jarmark Jagiello\u0144ski\" \/>\n<meta property=\"og:description\" content=\"Pan W\u0142odzimierz Ciszek wytwarza zabawki ludowe, jest to tradycja rodzinna, kt\u00f3r\u0105 kontynuuje od oko\u0142o 40 lat. Zabawki wykonywa\u0142 ojciec pana [&hellip;]\" \/>\n<meta property=\"og:url\" content=\"https:\/\/retradycja.eu\/pl\/tworca\/wlodzimierz-ciszek\/\" \/>\n<meta property=\"og:site_name\" content=\"Festiwal Re:tradycja - Jarmark Jagiello\u0144ski\" \/>\n<meta property=\"article:publisher\" content=\"https:\/\/www.facebook.com\/retradycja\" \/>\n<meta property=\"article:modified_time\" content=\"2026-01-15T10:52:31+00:00\" \/>\n<meta property=\"og:image\" content=\"https:\/\/retradycja.eu\/wp-content\/uploads\/2020\/08\/Tomasz-Bylina-11-3.jpg\" \/>\n\t<meta property=\"og:image:width\" content=\"2000\" \/>\n\t<meta property=\"og:image:height\" content=\"1333\" \/>\n\t<meta property=\"og:image:type\" content=\"image\/jpeg\" \/>\n<meta name=\"twitter:card\" content=\"summary_large_image\" \/>\n<meta name=\"twitter:label1\" content=\"Szacowany czas czytania\" \/>\n\t<meta name=\"twitter:data1\" content=\"1 minuta\" \/>\n<script type=\"application\/ld+json\" class=\"yoast-schema-graph\">{\"@context\":\"https:\/\/schema.org\",\"@graph\":[{\"@type\":\"WebPage\",\"@id\":\"https:\/\/retradycja.eu\/pl\/tworca\/wlodzimierz-ciszek\/\",\"url\":\"https:\/\/retradycja.eu\/pl\/tworca\/wlodzimierz-ciszek\/\",\"name\":\"W\u0142odzimierz Ciszek - Festiwal Re:tradycja - Jarmark Jagiello\u0144ski\",\"isPartOf\":{\"@id\":\"https:\/\/retradycja.eu\/pl\/#website\"},\"primaryImageOfPage\":{\"@id\":\"https:\/\/retradycja.eu\/pl\/tworca\/wlodzimierz-ciszek\/#primaryimage\"},\"image\":{\"@id\":\"https:\/\/retradycja.eu\/pl\/tworca\/wlodzimierz-ciszek\/#primaryimage\"},\"thumbnailUrl\":\"https:\/\/retradycja.eu\/wp-content\/uploads\/2020\/08\/Tomasz-Bylina-11-3.jpg\",\"datePublished\":\"2016-01-20T23:00:00+00:00\",\"dateModified\":\"2026-01-15T10:52:31+00:00\",\"breadcrumb\":{\"@id\":\"https:\/\/retradycja.eu\/pl\/tworca\/wlodzimierz-ciszek\/#breadcrumb\"},\"inLanguage\":\"pl-PL\",\"potentialAction\":[{\"@type\":\"ReadAction\",\"target\":[\"https:\/\/retradycja.eu\/pl\/tworca\/wlodzimierz-ciszek\/\"]}]},{\"@type\":\"ImageObject\",\"inLanguage\":\"pl-PL\",\"@id\":\"https:\/\/retradycja.eu\/pl\/tworca\/wlodzimierz-ciszek\/#primaryimage\",\"url\":\"https:\/\/retradycja.eu\/wp-content\/uploads\/2020\/08\/Tomasz-Bylina-11-3.jpg\",\"contentUrl\":\"https:\/\/retradycja.eu\/wp-content\/uploads\/2020\/08\/Tomasz-Bylina-11-3.jpg\",\"width\":2000,\"height\":1333},{\"@type\":\"BreadcrumbList\",\"@id\":\"https:\/\/retradycja.eu\/pl\/tworca\/wlodzimierz-ciszek\/#breadcrumb\",\"itemListElement\":[{\"@type\":\"ListItem\",\"position\":1,\"name\":\"Strona g\u0142\u00f3wna\",\"item\":\"https:\/\/retradycja.eu\/pl\/\"},{\"@type\":\"ListItem\",\"position\":2,\"name\":\"W\u0142odzimierz Ciszek\"}]},{\"@type\":\"WebSite\",\"@id\":\"https:\/\/retradycja.eu\/pl\/#website\",\"url\":\"https:\/\/retradycja.eu\/pl\/\",\"name\":\"Festiwal Re:tradycja - Jarmark Jagiello\u0144ski\",\"description\":\" Lublin, Stare Miasto\",\"publisher\":{\"@id\":\"https:\/\/retradycja.eu\/pl\/#organization\"},\"potentialAction\":[{\"@type\":\"SearchAction\",\"target\":{\"@type\":\"EntryPoint\",\"urlTemplate\":\"https:\/\/retradycja.eu\/pl\/?s={search_term_string}\"},\"query-input\":\"required name=search_term_string\"}],\"inLanguage\":\"pl-PL\"},{\"@type\":\"Organization\",\"@id\":\"https:\/\/retradycja.eu\/pl\/#organization\",\"name\":\"Warsztaty Kultury w Lublinie\",\"url\":\"https:\/\/retradycja.eu\/pl\/\",\"logo\":{\"@type\":\"ImageObject\",\"inLanguage\":\"pl-PL\",\"@id\":\"https:\/\/retradycja.eu\/pl\/#\/schema\/logo\/image\/\",\"url\":\"https:\/\/retradycja.eu\/wp-content\/uploads\/2022\/06\/logo_retradycje-01.png\",\"contentUrl\":\"https:\/\/retradycja.eu\/wp-content\/uploads\/2022\/06\/logo_retradycje-01.png\",\"width\":332,\"height\":63,\"caption\":\"Warsztaty Kultury w Lublinie\"},\"image\":{\"@id\":\"https:\/\/retradycja.eu\/pl\/#\/schema\/logo\/image\/\"},\"sameAs\":[\"https:\/\/www.facebook.com\/retradycja\",\"https:\/\/www.instagram.com\/retradycja_jarmarkjagiellonski\/\",\"https:\/\/www.youtube.com\/user\/JarmarkJagiellonski\"]}]}<\/script>\n<!-- \/ Yoast SEO plugin. -->","yoast_head_json":{"title":"W\u0142odzimierz Ciszek - Festiwal Re:tradycja - Jarmark Jagiello\u0144ski","robots":{"index":"index","follow":"follow","max-snippet":"max-snippet:-1","max-image-preview":"max-image-preview:large","max-video-preview":"max-video-preview:-1"},"canonical":"https:\/\/retradycja.eu\/pl\/tworca\/wlodzimierz-ciszek\/","og_locale":"pl_PL","og_type":"article","og_title":"W\u0142odzimierz Ciszek - Festiwal Re:tradycja - Jarmark Jagiello\u0144ski","og_description":"Pan W\u0142odzimierz Ciszek wytwarza zabawki ludowe, jest to tradycja rodzinna, kt\u00f3r\u0105 kontynuuje od oko\u0142o 40 lat. Zabawki wykonywa\u0142 ojciec pana [&hellip;]","og_url":"https:\/\/retradycja.eu\/pl\/tworca\/wlodzimierz-ciszek\/","og_site_name":"Festiwal Re:tradycja - Jarmark Jagiello\u0144ski","article_publisher":"https:\/\/www.facebook.com\/retradycja","article_modified_time":"2026-01-15T10:52:31+00:00","og_image":[{"width":2000,"height":1333,"url":"https:\/\/retradycja.eu\/wp-content\/uploads\/2020\/08\/Tomasz-Bylina-11-3.jpg","type":"image\/jpeg"}],"twitter_card":"summary_large_image","twitter_misc":{"Szacowany czas czytania":"1 minuta"},"schema":{"@context":"https:\/\/schema.org","@graph":[{"@type":"WebPage","@id":"https:\/\/retradycja.eu\/pl\/tworca\/wlodzimierz-ciszek\/","url":"https:\/\/retradycja.eu\/pl\/tworca\/wlodzimierz-ciszek\/","name":"W\u0142odzimierz Ciszek - Festiwal Re:tradycja - Jarmark Jagiello\u0144ski","isPartOf":{"@id":"https:\/\/retradycja.eu\/pl\/#website"},"primaryImageOfPage":{"@id":"https:\/\/retradycja.eu\/pl\/tworca\/wlodzimierz-ciszek\/#primaryimage"},"image":{"@id":"https:\/\/retradycja.eu\/pl\/tworca\/wlodzimierz-ciszek\/#primaryimage"},"thumbnailUrl":"https:\/\/retradycja.eu\/wp-content\/uploads\/2020\/08\/Tomasz-Bylina-11-3.jpg","datePublished":"2016-01-20T23:00:00+00:00","dateModified":"2026-01-15T10:52:31+00:00","breadcrumb":{"@id":"https:\/\/retradycja.eu\/pl\/tworca\/wlodzimierz-ciszek\/#breadcrumb"},"inLanguage":"pl-PL","potentialAction":[{"@type":"ReadAction","target":["https:\/\/retradycja.eu\/pl\/tworca\/wlodzimierz-ciszek\/"]}]},{"@type":"ImageObject","inLanguage":"pl-PL","@id":"https:\/\/retradycja.eu\/pl\/tworca\/wlodzimierz-ciszek\/#primaryimage","url":"https:\/\/retradycja.eu\/wp-content\/uploads\/2020\/08\/Tomasz-Bylina-11-3.jpg","contentUrl":"https:\/\/retradycja.eu\/wp-content\/uploads\/2020\/08\/Tomasz-Bylina-11-3.jpg","width":2000,"height":1333},{"@type":"BreadcrumbList","@id":"https:\/\/retradycja.eu\/pl\/tworca\/wlodzimierz-ciszek\/#breadcrumb","itemListElement":[{"@type":"ListItem","position":1,"name":"Strona g\u0142\u00f3wna","item":"https:\/\/retradycja.eu\/pl\/"},{"@type":"ListItem","position":2,"name":"W\u0142odzimierz Ciszek"}]},{"@type":"WebSite","@id":"https:\/\/retradycja.eu\/pl\/#website","url":"https:\/\/retradycja.eu\/pl\/","name":"Festiwal Re:tradycja - Jarmark Jagiello\u0144ski","description":" Lublin, Stare Miasto","publisher":{"@id":"https:\/\/retradycja.eu\/pl\/#organization"},"potentialAction":[{"@type":"SearchAction","target":{"@type":"EntryPoint","urlTemplate":"https:\/\/retradycja.eu\/pl\/?s={search_term_string}"},"query-input":"required name=search_term_string"}],"inLanguage":"pl-PL"},{"@type":"Organization","@id":"https:\/\/retradycja.eu\/pl\/#organization","name":"Warsztaty Kultury w Lublinie","url":"https:\/\/retradycja.eu\/pl\/","logo":{"@type":"ImageObject","inLanguage":"pl-PL","@id":"https:\/\/retradycja.eu\/pl\/#\/schema\/logo\/image\/","url":"https:\/\/retradycja.eu\/wp-content\/uploads\/2022\/06\/logo_retradycje-01.png","contentUrl":"https:\/\/retradycja.eu\/wp-content\/uploads\/2022\/06\/logo_retradycje-01.png","width":332,"height":63,"caption":"Warsztaty Kultury w Lublinie"},"image":{"@id":"https:\/\/retradycja.eu\/pl\/#\/schema\/logo\/image\/"},"sameAs":["https:\/\/www.facebook.com\/retradycja","https:\/\/www.instagram.com\/retradycja_jarmarkjagiellonski\/","https:\/\/www.youtube.com\/user\/JarmarkJagiellonski"]}]}},"_links":{"self":[{"href":"https:\/\/retradycja.eu\/pl\/wp-json\/wp\/v2\/tworca\/1358"}],"collection":[{"href":"https:\/\/retradycja.eu\/pl\/wp-json\/wp\/v2\/tworca"}],"about":[{"href":"https:\/\/retradycja.eu\/pl\/wp-json\/wp\/v2\/types\/tworca"}],"wp:featuredmedia":[{"embeddable":true,"href":"https:\/\/retradycja.eu\/pl\/wp-json\/wp\/v2\/media\/1359"}],"wp:attachment":[{"href":"https:\/\/retradycja.eu\/pl\/wp-json\/wp\/v2\/media?parent=1358"}],"wp:term":[{"taxonomy":"dziedzina_tworczosci","embeddable":true,"href":"https:\/\/retradycja.eu\/pl\/wp-json\/wp\/v2\/dziedzina_tworczosci?post=1358"},{"taxonomy":"kategoria_wydarzenia","embeddable":true,"href":"https:\/\/retradycja.eu\/pl\/wp-json\/wp\/v2\/kategoria_wydarzenia?post=1358"},{"taxonomy":"kategoria_tworcy","embeddable":true,"href":"https:\/\/retradycja.eu\/pl\/wp-json\/wp\/v2\/kategoria_tworcy?post=1358"},{"taxonomy":"edycja","embeddable":true,"href":"https:\/\/retradycja.eu\/pl\/wp-json\/wp\/v2\/edycja?post=1358"},{"taxonomy":"kraj_tworcy","embeddable":true,"href":"https:\/\/retradycja.eu\/pl\/wp-json\/wp\/v2\/kraj_tworcy?post=1358"}],"curies":[{"name":"wp","href":"https:\/\/api.w.org\/{rel}","templated":true}]}}

Włodzimierz Ciszek

<p style="text-align: justify;">Pan Włodzimierz Ciszek wytwarza zabawki ludowe, jest to tradycja rodzinna, którą kontynuuje od około 40 lat. Zabawki wykonywał ojciec pana Włodzimierza &#8211; Stanisław. Zabawki z pracowni pana Ciszka to m.in: taczki, wózki, kołyski, sześcienne grzechotki (zwane &#8222;scyrkowkami&#8221;) i karety z konikami, koniki na kółkach, poruszające się na kijku karuzelki i &#8222;klepoki&#8221; (machające skrzydłami ptaszki) oraz dziobiące kurki i kogutki. Prace pana Ciszka znajdują się m.in. w Muzeach Etnograficznych w Warszawie i Toruniu. Pan Włodzimierz brał udział w konkursach i wystawach realizowanych przez Muzeum Etnograficzne w Krakowie, Muzeum Wsi Opolskiej, Muzeum Zabawek i Zabawy w Kielcach, a także Regionalny Ośrodek Kultury w Bielsku-Białej, gdzie w X jubileuszowym Międzynarodowym Konkursie na Zabawkę Tradycyjną otrzymał wyróżnienie I stopnia. W 2013, 2014 i 2018 roku otrzymał tytuł Twórcy Jarmarku Jagiellońskiego. Jest członkiem Stowarzyszenia Twórców Ludowych.</p>
<div class="et_pb_toggle_content clearfix"><strong>Zabawkarstwo drewniane ośrodka Łączna &#8211; Ostojów zostało w 2024 r. wpisane na Krajową Listę Niematerialnego Dziedzictwa Kulturowego. </strong></div>

<!-- This site is optimized with the Yoast SEO plugin v22.2 - https://yoast.com/wordpress/plugins/seo/ -->
<title>Włodzimierz Ciszek - Festiwal Re:tradycja - Jarmark Jagielloński</title>
<meta name="robots" content="index, follow, max-snippet:-1, max-image-preview:large, max-video-preview:-1" />
<link rel="canonical" href="https://retradycja.eu/pl/tworca/wlodzimierz-ciszek/" />
<meta property="og:locale" content="pl_PL" />
<meta property="og:type" content="article" />
<meta property="og:title" content="Włodzimierz Ciszek - Festiwal Re:tradycja - Jarmark Jagielloński" />
<meta property="og:description" content="Pan Włodzimierz Ciszek wytwarza zabawki ludowe, jest to tradycja rodzinna, którą kontynuuje od około 40 lat. Zabawki wykonywał ojciec pana [&hellip;]" />
<meta property="og:url" content="https://retradycja.eu/pl/tworca/wlodzimierz-ciszek/" />
<meta property="og:site_name" content="Festiwal Re:tradycja - Jarmark Jagielloński" />
<meta property="article:publisher" content="https://www.facebook.com/retradycja" />
<meta property="article:modified_time" content="2026-01-15T10:52:31+00:00" />
<meta property="og:image" content="https://retradycja.eu/wp-content/uploads/2020/08/Tomasz-Bylina-11-3.jpg" />
	<meta property="og:image:width" content="2000" />
	<meta property="og:image:height" content="1333" />
	<meta property="og:image:type" content="image/jpeg" />
<meta name="twitter:card" content="summary_large_image" />
<meta name="twitter:label1" content="Szacowany czas czytania" />
	<meta name="twitter:data1" content="1 minuta" />
<script type="application/ld+json" class="yoast-schema-graph">{"@context":"https://schema.org","@graph":[{"@type":"WebPage","@id":"https://retradycja.eu/pl/tworca/wlodzimierz-ciszek/","url":"https://retradycja.eu/pl/tworca/wlodzimierz-ciszek/","name":"Włodzimierz Ciszek - Festiwal Re:tradycja - Jarmark Jagielloński","isPartOf":{"@id":"https://retradycja.eu/pl/#website"},"primaryImageOfPage":{"@id":"https://retradycja.eu/pl/tworca/wlodzimierz-ciszek/#primaryimage"},"image":{"@id":"https://retradycja.eu/pl/tworca/wlodzimierz-ciszek/#primaryimage"},"thumbnailUrl":"https://retradycja.eu/wp-content/uploads/2020/08/Tomasz-Bylina-11-3.jpg","datePublished":"2016-01-20T23:00:00+00:00","dateModified":"2026-01-15T10:52:31+00:00","breadcrumb":{"@id":"https://retradycja.eu/pl/tworca/wlodzimierz-ciszek/#breadcrumb"},"inLanguage":"pl-PL","potentialAction":[{"@type":"ReadAction","target":["https://retradycja.eu/pl/tworca/wlodzimierz-ciszek/"]}]},{"@type":"ImageObject","inLanguage":"pl-PL","@id":"https://retradycja.eu/pl/tworca/wlodzimierz-ciszek/#primaryimage","url":"https://retradycja.eu/wp-content/uploads/2020/08/Tomasz-Bylina-11-3.jpg","contentUrl":"https://retradycja.eu/wp-content/uploads/2020/08/Tomasz-Bylina-11-3.jpg","width":2000,"height":1333},{"@type":"BreadcrumbList","@id":"https://retradycja.eu/pl/tworca/wlodzimierz-ciszek/#breadcrumb","itemListElement":[{"@type":"ListItem","position":1,"name":"Strona główna","item":"https://retradycja.eu/pl/"},{"@type":"ListItem","position":2,"name":"Włodzimierz Ciszek"}]},{"@type":"WebSite","@id":"https://retradycja.eu/pl/#website","url":"https://retradycja.eu/pl/","name":"Festiwal Re:tradycja - Jarmark Jagielloński","description":" Lublin, Stare Miasto","publisher":{"@id":"https://retradycja.eu/pl/#organization"},"potentialAction":[{"@type":"SearchAction","target":{"@type":"EntryPoint","urlTemplate":"https://retradycja.eu/pl/?s={search_term_string}"},"query-input":"required name=search_term_string"}],"inLanguage":"pl-PL"},{"@type":"Organization","@id":"https://retradycja.eu/pl/#organization","name":"Warsztaty Kultury w Lublinie","url":"https://retradycja.eu/pl/","logo":{"@type":"ImageObject","inLanguage":"pl-PL","@id":"https://retradycja.eu/pl/#/schema/logo/image/","url":"https://retradycja.eu/wp-content/uploads/2022/06/logo_retradycje-01.png","contentUrl":"https://retradycja.eu/wp-content/uploads/2022/06/logo_retradycje-01.png","width":332,"height":63,"caption":"Warsztaty Kultury w Lublinie"},"image":{"@id":"https://retradycja.eu/pl/#/schema/logo/image/"},"sameAs":["https://www.facebook.com/retradycja","https://www.instagram.com/retradycja_jarmarkjagiellonski/","https://www.youtube.com/user/JarmarkJagiellonski"]}]}</script>
<!-- / Yoast SEO plugin. -->

Włodzimierz Ciszek - Festiwal Re:tradycja - Jarmark Jagielloński

Pan Włodzimierz Ciszek wytwarza zabawki ludowe, jest to tradycja rodzinna, którą kontynuuje od około 40 lat. Zabawki wykonywał ojciec pana [&hellip;]

Festiwal Re:tradycja - Jarmark Jagielloński

Strona główna
