{"id":1348,"date":"2016-01-21T00:00:00","date_gmt":"2016-01-20T23:00:00","guid":{"rendered":"https:\/\/retradycja.eu\/tworca\/malgorzata-i-krzysztof-boksa\/"},"modified":"2024-04-18T12:58:55","modified_gmt":"2024-04-18T10:58:55","slug":"malgorzata-i-krzysztof-boksa","status":"publish","type":"tworca","link":"https:\/\/retradycja.eu\/pl\/tworca\/malgorzata-i-krzysztof-boksa\/","title":{"rendered":"Ma\u0142gorzata i Krzysztof Boksa"},"content":{"rendered":"<p>Pa\u0144stwo Ma\u0142gorzata i Krzysztof Boksa tw\u00f3rczo\u015bci\u0105 zajmuj\u0105 si\u0119 od ok. 40 lat. Tajniki pracy ceramicznej pan Krzysztof pozna\u0142 dzi\u0119ki swojemu ojcu, W\u0142adys\u0142awowi. Zdobyte umiej\u0119tno\u015bci po\u0142\u0105czy\u0142 z wiedz\u0105 czerpan\u0105 z literatury, spotka\u0144 z tw\u00f3rcami ludowymi oraz etnografami. Ojciec pani Ma\u0142gorzaty \u2013 Nikodem by\u0142 natomiast krawcem, kt\u00f3ry razem z c\u00f3rk\u0105 szy\u0142 stroje dla lalek, wykonywa\u0142 broszki i inne ozdoby do ubra\u0144. Dzi\u015b pa\u0144stwo Boksa przy u\u017cyciu gliny szamotowej i wykorzystuj\u0105c metod\u0119 lepienia z wa\u0142eczk\u00f3w tworz\u0105 rze\u017aby inspirowane sztuk\u0105 ludow\u0105. W swoich pracach \u0142\u0105cz\u0105 te\u017c ceramik\u0119 z drewnem. Na ich stoisku znajdziemy m.in. anio\u0142y, ptaki, koniki czy kapliczki i reliefy z postaciami \u015bwi\u0119tymi. Opr\u00f3cz wyrob\u00f3w ceramicznych, pojawi si\u0119 tak\u017ce malarstwo na desce. Pa\u0144stwo Boksa byli wielokrotnie wyr\u00f3\u017cniani w konkursach w Bielsku Bia\u0142ej, Stryszawie, Wilkowicach, Tychach, Prudniku i \u017bywcu. S\u0105 tak\u017ce tw\u00f3rcami galerii i miejsca inspiracji tw\u00f3rczych &#8222;Przystanek Raj&#8221;.<\/p>\n<p style=\"text-align: justify;\"><strong>Kontakt<br \/>\n<\/strong>www:&nbsp;<a href=\"https:\/\/www.facebook.com\/MalgorzataBoksaCeramika\/\" target=\"_blank\" rel=\"noopener noreferrer\">MalgorzataBoksaCeramika fb<\/a><br \/>\ne-mail: mkboksa1@gmail.com<br \/>\ntelefon: +48 663622135<\/p>\n","protected":false},"featured_media":1352,"template":"","meta":{"_acf_changed":false,"ngg_post_thumbnail":0},"dziedzina_tworczosci":[34,16],"kategoria_wydarzenia":[],"kategoria_tworcy":[9,17],"edycja":[14,15,26,27,31,20,320],"kraj_tworcy":[275],"acf":[],"yoast_head":"<!-- This site is optimized with the Yoast SEO plugin v22.2 - https:\/\/yoast.com\/wordpress\/plugins\/seo\/ -->\n<title>Ma\u0142gorzata i Krzysztof Boksa - Festiwal Re:tradycja - Jarmark Jagiello\u0144ski<\/title>\n<meta name=\"robots\" content=\"index, follow, max-snippet:-1, max-image-preview:large, max-video-preview:-1\" \/>\n<link rel=\"canonical\" href=\"https:\/\/retradycja.eu\/pl\/tworca\/malgorzata-i-krzysztof-boksa\/\" \/>\n<meta property=\"og:locale\" content=\"pl_PL\" \/>\n<meta property=\"og:type\" content=\"article\" \/>\n<meta property=\"og:title\" content=\"Ma\u0142gorzata i Krzysztof Boksa - Festiwal Re:tradycja - Jarmark Jagiello\u0144ski\" \/>\n<meta property=\"og:description\" content=\"Pa\u0144stwo Ma\u0142gorzata i Krzysztof Boksa tw\u00f3rczo\u015bci\u0105 zajmuj\u0105 si\u0119 od ok. 40 lat. Tajniki pracy ceramicznej pan Krzysztof pozna\u0142 dzi\u0119ki swojemu [&hellip;]\" \/>\n<meta property=\"og:url\" content=\"https:\/\/retradycja.eu\/pl\/tworca\/malgorzata-i-krzysztof-boksa\/\" \/>\n<meta property=\"og:site_name\" content=\"Festiwal Re:tradycja - Jarmark Jagiello\u0144ski\" \/>\n<meta property=\"article:publisher\" content=\"https:\/\/www.facebook.com\/retradycja\" \/>\n<meta property=\"article:modified_time\" content=\"2024-04-18T10:58:55+00:00\" \/>\n<meta property=\"og:image\" content=\"https:\/\/retradycja.eu\/wp-content\/uploads\/2020\/08\/MG_7996-fot.-Tomasz-Bylina-scaled.jpg\" \/>\n\t<meta property=\"og:image:width\" content=\"2560\" \/>\n\t<meta property=\"og:image:height\" content=\"1707\" \/>\n\t<meta property=\"og:image:type\" content=\"image\/jpeg\" \/>\n<meta name=\"twitter:card\" content=\"summary_large_image\" \/>\n<meta name=\"twitter:label1\" content=\"Szacowany czas czytania\" \/>\n\t<meta name=\"twitter:data1\" content=\"2 minuty\" \/>\n<script type=\"application\/ld+json\" class=\"yoast-schema-graph\">{\"@context\":\"https:\/\/schema.org\",\"@graph\":[{\"@type\":\"WebPage\",\"@id\":\"https:\/\/retradycja.eu\/pl\/tworca\/malgorzata-i-krzysztof-boksa\/\",\"url\":\"https:\/\/retradycja.eu\/pl\/tworca\/malgorzata-i-krzysztof-boksa\/\",\"name\":\"Ma\u0142gorzata i Krzysztof Boksa - Festiwal Re:tradycja - Jarmark Jagiello\u0144ski\",\"isPartOf\":{\"@id\":\"https:\/\/retradycja.eu\/pl\/#website\"},\"primaryImageOfPage\":{\"@id\":\"https:\/\/retradycja.eu\/pl\/tworca\/malgorzata-i-krzysztof-boksa\/#primaryimage\"},\"image\":{\"@id\":\"https:\/\/retradycja.eu\/pl\/tworca\/malgorzata-i-krzysztof-boksa\/#primaryimage\"},\"thumbnailUrl\":\"https:\/\/retradycja.eu\/wp-content\/uploads\/2020\/08\/MG_7996-fot.-Tomasz-Bylina-scaled.jpg\",\"datePublished\":\"2016-01-20T23:00:00+00:00\",\"dateModified\":\"2024-04-18T10:58:55+00:00\",\"breadcrumb\":{\"@id\":\"https:\/\/retradycja.eu\/pl\/tworca\/malgorzata-i-krzysztof-boksa\/#breadcrumb\"},\"inLanguage\":\"pl-PL\",\"potentialAction\":[{\"@type\":\"ReadAction\",\"target\":[\"https:\/\/retradycja.eu\/pl\/tworca\/malgorzata-i-krzysztof-boksa\/\"]}]},{\"@type\":\"ImageObject\",\"inLanguage\":\"pl-PL\",\"@id\":\"https:\/\/retradycja.eu\/pl\/tworca\/malgorzata-i-krzysztof-boksa\/#primaryimage\",\"url\":\"https:\/\/retradycja.eu\/wp-content\/uploads\/2020\/08\/MG_7996-fot.-Tomasz-Bylina-scaled.jpg\",\"contentUrl\":\"https:\/\/retradycja.eu\/wp-content\/uploads\/2020\/08\/MG_7996-fot.-Tomasz-Bylina-scaled.jpg\",\"width\":2560,\"height\":1707},{\"@type\":\"BreadcrumbList\",\"@id\":\"https:\/\/retradycja.eu\/pl\/tworca\/malgorzata-i-krzysztof-boksa\/#breadcrumb\",\"itemListElement\":[{\"@type\":\"ListItem\",\"position\":1,\"name\":\"Strona g\u0142\u00f3wna\",\"item\":\"https:\/\/retradycja.eu\/pl\/\"},{\"@type\":\"ListItem\",\"position\":2,\"name\":\"Ma\u0142gorzata i Krzysztof Boksa\"}]},{\"@type\":\"WebSite\",\"@id\":\"https:\/\/retradycja.eu\/pl\/#website\",\"url\":\"https:\/\/retradycja.eu\/pl\/\",\"name\":\"Festiwal Re:tradycja - Jarmark Jagiello\u0144ski\",\"description\":\" Lublin, Stare Miasto\",\"publisher\":{\"@id\":\"https:\/\/retradycja.eu\/pl\/#organization\"},\"potentialAction\":[{\"@type\":\"SearchAction\",\"target\":{\"@type\":\"EntryPoint\",\"urlTemplate\":\"https:\/\/retradycja.eu\/pl\/?s={search_term_string}\"},\"query-input\":\"required name=search_term_string\"}],\"inLanguage\":\"pl-PL\"},{\"@type\":\"Organization\",\"@id\":\"https:\/\/retradycja.eu\/pl\/#organization\",\"name\":\"Warsztaty Kultury w Lublinie\",\"url\":\"https:\/\/retradycja.eu\/pl\/\",\"logo\":{\"@type\":\"ImageObject\",\"inLanguage\":\"pl-PL\",\"@id\":\"https:\/\/retradycja.eu\/pl\/#\/schema\/logo\/image\/\",\"url\":\"https:\/\/retradycja.eu\/wp-content\/uploads\/2022\/06\/logo_retradycje-01.png\",\"contentUrl\":\"https:\/\/retradycja.eu\/wp-content\/uploads\/2022\/06\/logo_retradycje-01.png\",\"width\":332,\"height\":63,\"caption\":\"Warsztaty Kultury w Lublinie\"},\"image\":{\"@id\":\"https:\/\/retradycja.eu\/pl\/#\/schema\/logo\/image\/\"},\"sameAs\":[\"https:\/\/www.facebook.com\/retradycja\",\"https:\/\/www.instagram.com\/retradycja_jarmarkjagiellonski\/\",\"https:\/\/www.youtube.com\/user\/JarmarkJagiellonski\"]}]}<\/script>\n<!-- \/ Yoast SEO plugin. -->","yoast_head_json":{"title":"Ma\u0142gorzata i Krzysztof Boksa - Festiwal Re:tradycja - Jarmark Jagiello\u0144ski","robots":{"index":"index","follow":"follow","max-snippet":"max-snippet:-1","max-image-preview":"max-image-preview:large","max-video-preview":"max-video-preview:-1"},"canonical":"https:\/\/retradycja.eu\/pl\/tworca\/malgorzata-i-krzysztof-boksa\/","og_locale":"pl_PL","og_type":"article","og_title":"Ma\u0142gorzata i Krzysztof Boksa - Festiwal Re:tradycja - Jarmark Jagiello\u0144ski","og_description":"Pa\u0144stwo Ma\u0142gorzata i Krzysztof Boksa tw\u00f3rczo\u015bci\u0105 zajmuj\u0105 si\u0119 od ok. 40 lat. Tajniki pracy ceramicznej pan Krzysztof pozna\u0142 dzi\u0119ki swojemu [&hellip;]","og_url":"https:\/\/retradycja.eu\/pl\/tworca\/malgorzata-i-krzysztof-boksa\/","og_site_name":"Festiwal Re:tradycja - Jarmark Jagiello\u0144ski","article_publisher":"https:\/\/www.facebook.com\/retradycja","article_modified_time":"2024-04-18T10:58:55+00:00","og_image":[{"width":2560,"height":1707,"url":"https:\/\/retradycja.eu\/wp-content\/uploads\/2020\/08\/MG_7996-fot.-Tomasz-Bylina-scaled.jpg","type":"image\/jpeg"}],"twitter_card":"summary_large_image","twitter_misc":{"Szacowany czas czytania":"2 minuty"},"schema":{"@context":"https:\/\/schema.org","@graph":[{"@type":"WebPage","@id":"https:\/\/retradycja.eu\/pl\/tworca\/malgorzata-i-krzysztof-boksa\/","url":"https:\/\/retradycja.eu\/pl\/tworca\/malgorzata-i-krzysztof-boksa\/","name":"Ma\u0142gorzata i Krzysztof Boksa - Festiwal Re:tradycja - Jarmark Jagiello\u0144ski","isPartOf":{"@id":"https:\/\/retradycja.eu\/pl\/#website"},"primaryImageOfPage":{"@id":"https:\/\/retradycja.eu\/pl\/tworca\/malgorzata-i-krzysztof-boksa\/#primaryimage"},"image":{"@id":"https:\/\/retradycja.eu\/pl\/tworca\/malgorzata-i-krzysztof-boksa\/#primaryimage"},"thumbnailUrl":"https:\/\/retradycja.eu\/wp-content\/uploads\/2020\/08\/MG_7996-fot.-Tomasz-Bylina-scaled.jpg","datePublished":"2016-01-20T23:00:00+00:00","dateModified":"2024-04-18T10:58:55+00:00","breadcrumb":{"@id":"https:\/\/retradycja.eu\/pl\/tworca\/malgorzata-i-krzysztof-boksa\/#breadcrumb"},"inLanguage":"pl-PL","potentialAction":[{"@type":"ReadAction","target":["https:\/\/retradycja.eu\/pl\/tworca\/malgorzata-i-krzysztof-boksa\/"]}]},{"@type":"ImageObject","inLanguage":"pl-PL","@id":"https:\/\/retradycja.eu\/pl\/tworca\/malgorzata-i-krzysztof-boksa\/#primaryimage","url":"https:\/\/retradycja.eu\/wp-content\/uploads\/2020\/08\/MG_7996-fot.-Tomasz-Bylina-scaled.jpg","contentUrl":"https:\/\/retradycja.eu\/wp-content\/uploads\/2020\/08\/MG_7996-fot.-Tomasz-Bylina-scaled.jpg","width":2560,"height":1707},{"@type":"BreadcrumbList","@id":"https:\/\/retradycja.eu\/pl\/tworca\/malgorzata-i-krzysztof-boksa\/#breadcrumb","itemListElement":[{"@type":"ListItem","position":1,"name":"Strona g\u0142\u00f3wna","item":"https:\/\/retradycja.eu\/pl\/"},{"@type":"ListItem","position":2,"name":"Ma\u0142gorzata i Krzysztof Boksa"}]},{"@type":"WebSite","@id":"https:\/\/retradycja.eu\/pl\/#website","url":"https:\/\/retradycja.eu\/pl\/","name":"Festiwal Re:tradycja - Jarmark Jagiello\u0144ski","description":" Lublin, Stare Miasto","publisher":{"@id":"https:\/\/retradycja.eu\/pl\/#organization"},"potentialAction":[{"@type":"SearchAction","target":{"@type":"EntryPoint","urlTemplate":"https:\/\/retradycja.eu\/pl\/?s={search_term_string}"},"query-input":"required name=search_term_string"}],"inLanguage":"pl-PL"},{"@type":"Organization","@id":"https:\/\/retradycja.eu\/pl\/#organization","name":"Warsztaty Kultury w Lublinie","url":"https:\/\/retradycja.eu\/pl\/","logo":{"@type":"ImageObject","inLanguage":"pl-PL","@id":"https:\/\/retradycja.eu\/pl\/#\/schema\/logo\/image\/","url":"https:\/\/retradycja.eu\/wp-content\/uploads\/2022\/06\/logo_retradycje-01.png","contentUrl":"https:\/\/retradycja.eu\/wp-content\/uploads\/2022\/06\/logo_retradycje-01.png","width":332,"height":63,"caption":"Warsztaty Kultury w Lublinie"},"image":{"@id":"https:\/\/retradycja.eu\/pl\/#\/schema\/logo\/image\/"},"sameAs":["https:\/\/www.facebook.com\/retradycja","https:\/\/www.instagram.com\/retradycja_jarmarkjagiellonski\/","https:\/\/www.youtube.com\/user\/JarmarkJagiellonski"]}]}},"_links":{"self":[{"href":"https:\/\/retradycja.eu\/pl\/wp-json\/wp\/v2\/tworca\/1348"}],"collection":[{"href":"https:\/\/retradycja.eu\/pl\/wp-json\/wp\/v2\/tworca"}],"about":[{"href":"https:\/\/retradycja.eu\/pl\/wp-json\/wp\/v2\/types\/tworca"}],"wp:featuredmedia":[{"embeddable":true,"href":"https:\/\/retradycja.eu\/pl\/wp-json\/wp\/v2\/media\/1352"}],"wp:attachment":[{"href":"https:\/\/retradycja.eu\/pl\/wp-json\/wp\/v2\/media?parent=1348"}],"wp:term":[{"taxonomy":"dziedzina_tworczosci","embeddable":true,"href":"https:\/\/retradycja.eu\/pl\/wp-json\/wp\/v2\/dziedzina_tworczosci?post=1348"},{"taxonomy":"kategoria_wydarzenia","embeddable":true,"href":"https:\/\/retradycja.eu\/pl\/wp-json\/wp\/v2\/kategoria_wydarzenia?post=1348"},{"taxonomy":"kategoria_tworcy","embeddable":true,"href":"https:\/\/retradycja.eu\/pl\/wp-json\/wp\/v2\/kategoria_tworcy?post=1348"},{"taxonomy":"edycja","embeddable":true,"href":"https:\/\/retradycja.eu\/pl\/wp-json\/wp\/v2\/edycja?post=1348"},{"taxonomy":"kraj_tworcy","embeddable":true,"href":"https:\/\/retradycja.eu\/pl\/wp-json\/wp\/v2\/kraj_tworcy?post=1348"}],"curies":[{"name":"wp","href":"https:\/\/api.w.org\/{rel}","templated":true}]}}

Małgorzata i Krzysztof Boksa

<p>Państwo Małgorzata i Krzysztof Boksa twórczością zajmują się od ok. 40 lat. Tajniki pracy ceramicznej pan Krzysztof poznał dzięki swojemu ojcu, Władysławowi. Zdobyte umiejętności połączył z wiedzą czerpaną z literatury, spotkań z twórcami ludowymi oraz etnografami. Ojciec pani Małgorzaty – Nikodem był natomiast krawcem, który razem z córką szył stroje dla lalek, wykonywał broszki i inne ozdoby do ubrań. Dziś państwo Boksa przy użyciu gliny szamotowej i wykorzystując metodę lepienia z wałeczków tworzą rzeźby inspirowane sztuką ludową. W swoich pracach łączą też ceramikę z drewnem. Na ich stoisku znajdziemy m.in. anioły, ptaki, koniki czy kapliczki i reliefy z postaciami świętymi. Oprócz wyrobów ceramicznych, pojawi się także malarstwo na desce. Państwo Boksa byli wielokrotnie wyróżniani w konkursach w Bielsku Białej, Stryszawie, Wilkowicach, Tychach, Prudniku i Żywcu. Są także twórcami galerii i miejsca inspiracji twórczych &#8222;Przystanek Raj&#8221;.</p>
<p style="text-align: justify;"><strong>Kontakt<br />
</strong>www:&nbsp;<a href="https://www.facebook.com/MalgorzataBoksaCeramika/" target="_blank" rel="noopener noreferrer">MalgorzataBoksaCeramika fb</a><br />
e-mail: mkboksa1@gmail.com<br />
telefon: +48 663622135</p>

<!-- This site is optimized with the Yoast SEO plugin v22.2 - https://yoast.com/wordpress/plugins/seo/ -->
<title>Małgorzata i Krzysztof Boksa - Festiwal Re:tradycja - Jarmark Jagielloński</title>
<meta name="robots" content="index, follow, max-snippet:-1, max-image-preview:large, max-video-preview:-1" />
<link rel="canonical" href="https://retradycja.eu/pl/tworca/malgorzata-i-krzysztof-boksa/" />
<meta property="og:locale" content="pl_PL" />
<meta property="og:type" content="article" />
<meta property="og:title" content="Małgorzata i Krzysztof Boksa - Festiwal Re:tradycja - Jarmark Jagielloński" />
<meta property="og:description" content="Państwo Małgorzata i Krzysztof Boksa twórczością zajmują się od ok. 40 lat. Tajniki pracy ceramicznej pan Krzysztof poznał dzięki swojemu [&hellip;]" />
<meta property="og:url" content="https://retradycja.eu/pl/tworca/malgorzata-i-krzysztof-boksa/" />
<meta property="og:site_name" content="Festiwal Re:tradycja - Jarmark Jagielloński" />
<meta property="article:publisher" content="https://www.facebook.com/retradycja" />
<meta property="article:modified_time" content="2024-04-18T10:58:55+00:00" />
<meta property="og:image" content="https://retradycja.eu/wp-content/uploads/2020/08/MG_7996-fot.-Tomasz-Bylina-scaled.jpg" />
	<meta property="og:image:width" content="2560" />
	<meta property="og:image:height" content="1707" />
	<meta property="og:image:type" content="image/jpeg" />
<meta name="twitter:card" content="summary_large_image" />
<meta name="twitter:label1" content="Szacowany czas czytania" />
	<meta name="twitter:data1" content="2 minuty" />
<script type="application/ld+json" class="yoast-schema-graph">{"@context":"https://schema.org","@graph":[{"@type":"WebPage","@id":"https://retradycja.eu/pl/tworca/malgorzata-i-krzysztof-boksa/","url":"https://retradycja.eu/pl/tworca/malgorzata-i-krzysztof-boksa/","name":"Małgorzata i Krzysztof Boksa - Festiwal Re:tradycja - Jarmark Jagielloński","isPartOf":{"@id":"https://retradycja.eu/pl/#website"},"primaryImageOfPage":{"@id":"https://retradycja.eu/pl/tworca/malgorzata-i-krzysztof-boksa/#primaryimage"},"image":{"@id":"https://retradycja.eu/pl/tworca/malgorzata-i-krzysztof-boksa/#primaryimage"},"thumbnailUrl":"https://retradycja.eu/wp-content/uploads/2020/08/MG_7996-fot.-Tomasz-Bylina-scaled.jpg","datePublished":"2016-01-20T23:00:00+00:00","dateModified":"2024-04-18T10:58:55+00:00","breadcrumb":{"@id":"https://retradycja.eu/pl/tworca/malgorzata-i-krzysztof-boksa/#breadcrumb"},"inLanguage":"pl-PL","potentialAction":[{"@type":"ReadAction","target":["https://retradycja.eu/pl/tworca/malgorzata-i-krzysztof-boksa/"]}]},{"@type":"ImageObject","inLanguage":"pl-PL","@id":"https://retradycja.eu/pl/tworca/malgorzata-i-krzysztof-boksa/#primaryimage","url":"https://retradycja.eu/wp-content/uploads/2020/08/MG_7996-fot.-Tomasz-Bylina-scaled.jpg","contentUrl":"https://retradycja.eu/wp-content/uploads/2020/08/MG_7996-fot.-Tomasz-Bylina-scaled.jpg","width":2560,"height":1707},{"@type":"BreadcrumbList","@id":"https://retradycja.eu/pl/tworca/malgorzata-i-krzysztof-boksa/#breadcrumb","itemListElement":[{"@type":"ListItem","position":1,"name":"Strona główna","item":"https://retradycja.eu/pl/"},{"@type":"ListItem","position":2,"name":"Małgorzata i Krzysztof Boksa"}]},{"@type":"WebSite","@id":"https://retradycja.eu/pl/#website","url":"https://retradycja.eu/pl/","name":"Festiwal Re:tradycja - Jarmark Jagielloński","description":" Lublin, Stare Miasto","publisher":{"@id":"https://retradycja.eu/pl/#organization"},"potentialAction":[{"@type":"SearchAction","target":{"@type":"EntryPoint","urlTemplate":"https://retradycja.eu/pl/?s={search_term_string}"},"query-input":"required name=search_term_string"}],"inLanguage":"pl-PL"},{"@type":"Organization","@id":"https://retradycja.eu/pl/#organization","name":"Warsztaty Kultury w Lublinie","url":"https://retradycja.eu/pl/","logo":{"@type":"ImageObject","inLanguage":"pl-PL","@id":"https://retradycja.eu/pl/#/schema/logo/image/","url":"https://retradycja.eu/wp-content/uploads/2022/06/logo_retradycje-01.png","contentUrl":"https://retradycja.eu/wp-content/uploads/2022/06/logo_retradycje-01.png","width":332,"height":63,"caption":"Warsztaty Kultury w Lublinie"},"image":{"@id":"https://retradycja.eu/pl/#/schema/logo/image/"},"sameAs":["https://www.facebook.com/retradycja","https://www.instagram.com/retradycja_jarmarkjagiellonski/","https://www.youtube.com/user/JarmarkJagiellonski"]}]}</script>
<!-- / Yoast SEO plugin. -->

Małgorzata i Krzysztof Boksa - Festiwal Re:tradycja - Jarmark Jagielloński

Państwo Małgorzata i Krzysztof Boksa twórczością zajmują się od ok. 40 lat. Tajniki pracy ceramicznej pan Krzysztof poznał dzięki swojemu [&hellip;]

Festiwal Re:tradycja - Jarmark Jagielloński

Strona główna
