{"id":1311,"date":"2015-08-13T00:00:00","date_gmt":"2015-08-12T22:00:00","guid":{"rendered":"https:\/\/retradycja.eu\/tworca\/joanna-zych\/"},"modified":"2023-05-17T12:10:31","modified_gmt":"2023-05-17T10:10:31","slug":"joanna-zych","status":"publish","type":"tworca","link":"https:\/\/retradycja.eu\/pl\/tworca\/joanna-zych\/","title":{"rendered":"Joanna Zych"},"content":{"rendered":"<p style=\"text-align: justify;\">Pani Joanna Zych wykonuje poduszki ro\u015blinne poduszki i materace lniane, \u201e\u0142usk\u0105 gryki wype\u0142niane\u201d.<\/p>\n<p style=\"text-align: justify;\">Poduszki r\u00f3\u017cnego kszta\u0142tu, a tak\u017ce wa\u0142ki do spania czy maty dopasowuj\u0105 si\u0119 do kszta\u0142tu cia\u0142a i poprawiaj\u0105 jako\u015b snu. W\u015br\u00f3d proponowanego asortymentu odnajdziemy tak\u017ce poduszki przeznaczone do medytacji. Pani Joanna wykonuje r\u00f3wnie\u017c obrusy i serwety lniane, haftowane oraz r\u0119cznie malowane.<\/p>\n<p style=\"text-align: justify;\">Sama m\u00f3wi o sobie: \u201eW\u0142a\u015bnie tu (na Lubelszczy\u017anie) znalaz\u0142am inspiracj\u0119 do tworzenia moich poduszek. To region bogaty w uprawy gryki. Osobiste do\u015bwiadczenia dawnych mieszka\u0144c\u00f3w mojej wsi i jej okolic w wykorzystywaniu zar\u00f3wno s\u0142omy, siana czy \u0142uski gryki jako naturalnego wype\u0142nienia materacy, by\u0142y dla mnie bod\u017acem do zag\u0142\u0119bienia si\u0119 w ten temat. Efektem tego s\u0105 r\u00f3\u017cne formy i wzory, kt\u00f3re z czasem dopracowywa\u0142am. Wci\u0105\u017c poszukuj\u0119 te\u017c nowych. Od\u015bwie\u017cenie pami\u0119ci o tradycyjnym materiale, jakim jest len to wa\u017cny punkt, kt\u00f3ry staram si\u0119 uwzgl\u0119dnia\u0107 w swoich pracach.\u201d<\/p>\n<p style=\"text-align: justify;\">Wyroby pani Joanny zosta\u0142y docenione m.in. na XXII Jarmarku Hole\u0144skim, gdzie otrzyma\u0142y wyr\u00f3\u017cnienie w kategorii &#8222;Najlepszy produkt&#8221;.<\/p>\n<p style=\"text-align: justify;\"><strong>Kontakt<br \/>\n<\/strong>e-mail: ekoart@op.pl<br \/>\ntelefon: +48 600550130<\/p>\n","protected":false},"featured_media":1316,"template":"","meta":{"_acf_changed":false,"ngg_post_thumbnail":0},"dziedzina_tworczosci":[45,35],"kategoria_wydarzenia":[],"kategoria_tworcy":[9,17],"edycja":[22,18,19,10,11,12,15,26,27,31,20,182,209,294],"kraj_tworcy":[275],"acf":[],"yoast_head":"<!-- This site is optimized with the Yoast SEO plugin v22.2 - https:\/\/yoast.com\/wordpress\/plugins\/seo\/ -->\n<title>Joanna Zych - Festiwal Re:tradycja - Jarmark Jagiello\u0144ski<\/title>\n<meta name=\"robots\" content=\"index, follow, max-snippet:-1, max-image-preview:large, max-video-preview:-1\" \/>\n<link rel=\"canonical\" href=\"https:\/\/retradycja.eu\/pl\/tworca\/joanna-zych\/\" \/>\n<meta property=\"og:locale\" content=\"pl_PL\" \/>\n<meta property=\"og:type\" content=\"article\" \/>\n<meta property=\"og:title\" content=\"Joanna Zych - Festiwal Re:tradycja - Jarmark Jagiello\u0144ski\" \/>\n<meta property=\"og:description\" content=\"Pani Joanna Zych wykonuje poduszki ro\u015blinne poduszki i materace lniane, \u201e\u0142usk\u0105 gryki wype\u0142niane\u201d. Poduszki r\u00f3\u017cnego kszta\u0142tu, a tak\u017ce wa\u0142ki do [&hellip;]\" \/>\n<meta property=\"og:url\" content=\"https:\/\/retradycja.eu\/pl\/tworca\/joanna-zych\/\" \/>\n<meta property=\"og:site_name\" content=\"Festiwal Re:tradycja - Jarmark Jagiello\u0144ski\" \/>\n<meta property=\"article:publisher\" content=\"https:\/\/www.facebook.com\/retradycja\" \/>\n<meta property=\"article:modified_time\" content=\"2023-05-17T10:10:31+00:00\" \/>\n<meta property=\"og:image\" content=\"https:\/\/retradycja.eu\/wp-content\/uploads\/2020\/08\/MG_4916-fot.-Tomasz-Bylina-1-scaled.jpg\" \/>\n\t<meta property=\"og:image:width\" content=\"2560\" \/>\n\t<meta property=\"og:image:height\" content=\"1707\" \/>\n\t<meta property=\"og:image:type\" content=\"image\/jpeg\" \/>\n<meta name=\"twitter:card\" content=\"summary_large_image\" \/>\n<meta name=\"twitter:label1\" content=\"Szacowany czas czytania\" \/>\n\t<meta name=\"twitter:data1\" content=\"1 minuta\" \/>\n<script type=\"application\/ld+json\" class=\"yoast-schema-graph\">{\"@context\":\"https:\/\/schema.org\",\"@graph\":[{\"@type\":\"WebPage\",\"@id\":\"https:\/\/retradycja.eu\/pl\/tworca\/joanna-zych\/\",\"url\":\"https:\/\/retradycja.eu\/pl\/tworca\/joanna-zych\/\",\"name\":\"Joanna Zych - Festiwal Re:tradycja - Jarmark Jagiello\u0144ski\",\"isPartOf\":{\"@id\":\"https:\/\/retradycja.eu\/pl\/#website\"},\"primaryImageOfPage\":{\"@id\":\"https:\/\/retradycja.eu\/pl\/tworca\/joanna-zych\/#primaryimage\"},\"image\":{\"@id\":\"https:\/\/retradycja.eu\/pl\/tworca\/joanna-zych\/#primaryimage\"},\"thumbnailUrl\":\"https:\/\/retradycja.eu\/wp-content\/uploads\/2020\/08\/MG_4916-fot.-Tomasz-Bylina-1-scaled.jpg\",\"datePublished\":\"2015-08-12T22:00:00+00:00\",\"dateModified\":\"2023-05-17T10:10:31+00:00\",\"breadcrumb\":{\"@id\":\"https:\/\/retradycja.eu\/pl\/tworca\/joanna-zych\/#breadcrumb\"},\"inLanguage\":\"pl-PL\",\"potentialAction\":[{\"@type\":\"ReadAction\",\"target\":[\"https:\/\/retradycja.eu\/pl\/tworca\/joanna-zych\/\"]}]},{\"@type\":\"ImageObject\",\"inLanguage\":\"pl-PL\",\"@id\":\"https:\/\/retradycja.eu\/pl\/tworca\/joanna-zych\/#primaryimage\",\"url\":\"https:\/\/retradycja.eu\/wp-content\/uploads\/2020\/08\/MG_4916-fot.-Tomasz-Bylina-1-scaled.jpg\",\"contentUrl\":\"https:\/\/retradycja.eu\/wp-content\/uploads\/2020\/08\/MG_4916-fot.-Tomasz-Bylina-1-scaled.jpg\",\"width\":2560,\"height\":1707,\"caption\":\"[Kobieta stoi na swoim stoisku z tradycyjnym r\u0119kodzie\u0142em.]\"},{\"@type\":\"BreadcrumbList\",\"@id\":\"https:\/\/retradycja.eu\/pl\/tworca\/joanna-zych\/#breadcrumb\",\"itemListElement\":[{\"@type\":\"ListItem\",\"position\":1,\"name\":\"Strona g\u0142\u00f3wna\",\"item\":\"https:\/\/retradycja.eu\/pl\/\"},{\"@type\":\"ListItem\",\"position\":2,\"name\":\"Joanna Zych\"}]},{\"@type\":\"WebSite\",\"@id\":\"https:\/\/retradycja.eu\/pl\/#website\",\"url\":\"https:\/\/retradycja.eu\/pl\/\",\"name\":\"Festiwal Re:tradycja - Jarmark Jagiello\u0144ski\",\"description\":\" Lublin, Stare Miasto\",\"publisher\":{\"@id\":\"https:\/\/retradycja.eu\/pl\/#organization\"},\"potentialAction\":[{\"@type\":\"SearchAction\",\"target\":{\"@type\":\"EntryPoint\",\"urlTemplate\":\"https:\/\/retradycja.eu\/pl\/?s={search_term_string}\"},\"query-input\":\"required name=search_term_string\"}],\"inLanguage\":\"pl-PL\"},{\"@type\":\"Organization\",\"@id\":\"https:\/\/retradycja.eu\/pl\/#organization\",\"name\":\"Warsztaty Kultury w Lublinie\",\"url\":\"https:\/\/retradycja.eu\/pl\/\",\"logo\":{\"@type\":\"ImageObject\",\"inLanguage\":\"pl-PL\",\"@id\":\"https:\/\/retradycja.eu\/pl\/#\/schema\/logo\/image\/\",\"url\":\"https:\/\/retradycja.eu\/wp-content\/uploads\/2022\/06\/logo_retradycje-01.png\",\"contentUrl\":\"https:\/\/retradycja.eu\/wp-content\/uploads\/2022\/06\/logo_retradycje-01.png\",\"width\":332,\"height\":63,\"caption\":\"Warsztaty Kultury w Lublinie\"},\"image\":{\"@id\":\"https:\/\/retradycja.eu\/pl\/#\/schema\/logo\/image\/\"},\"sameAs\":[\"https:\/\/www.facebook.com\/retradycja\",\"https:\/\/www.instagram.com\/retradycja_jarmarkjagiellonski\/\",\"https:\/\/www.youtube.com\/user\/JarmarkJagiellonski\"]}]}<\/script>\n<!-- \/ Yoast SEO plugin. -->","yoast_head_json":{"title":"Joanna Zych - Festiwal Re:tradycja - Jarmark Jagiello\u0144ski","robots":{"index":"index","follow":"follow","max-snippet":"max-snippet:-1","max-image-preview":"max-image-preview:large","max-video-preview":"max-video-preview:-1"},"canonical":"https:\/\/retradycja.eu\/pl\/tworca\/joanna-zych\/","og_locale":"pl_PL","og_type":"article","og_title":"Joanna Zych - Festiwal Re:tradycja - Jarmark Jagiello\u0144ski","og_description":"Pani Joanna Zych wykonuje poduszki ro\u015blinne poduszki i materace lniane, \u201e\u0142usk\u0105 gryki wype\u0142niane\u201d. Poduszki r\u00f3\u017cnego kszta\u0142tu, a tak\u017ce wa\u0142ki do [&hellip;]","og_url":"https:\/\/retradycja.eu\/pl\/tworca\/joanna-zych\/","og_site_name":"Festiwal Re:tradycja - Jarmark Jagiello\u0144ski","article_publisher":"https:\/\/www.facebook.com\/retradycja","article_modified_time":"2023-05-17T10:10:31+00:00","og_image":[{"width":2560,"height":1707,"url":"https:\/\/retradycja.eu\/wp-content\/uploads\/2020\/08\/MG_4916-fot.-Tomasz-Bylina-1-scaled.jpg","type":"image\/jpeg"}],"twitter_card":"summary_large_image","twitter_misc":{"Szacowany czas czytania":"1 minuta"},"schema":{"@context":"https:\/\/schema.org","@graph":[{"@type":"WebPage","@id":"https:\/\/retradycja.eu\/pl\/tworca\/joanna-zych\/","url":"https:\/\/retradycja.eu\/pl\/tworca\/joanna-zych\/","name":"Joanna Zych - Festiwal Re:tradycja - Jarmark Jagiello\u0144ski","isPartOf":{"@id":"https:\/\/retradycja.eu\/pl\/#website"},"primaryImageOfPage":{"@id":"https:\/\/retradycja.eu\/pl\/tworca\/joanna-zych\/#primaryimage"},"image":{"@id":"https:\/\/retradycja.eu\/pl\/tworca\/joanna-zych\/#primaryimage"},"thumbnailUrl":"https:\/\/retradycja.eu\/wp-content\/uploads\/2020\/08\/MG_4916-fot.-Tomasz-Bylina-1-scaled.jpg","datePublished":"2015-08-12T22:00:00+00:00","dateModified":"2023-05-17T10:10:31+00:00","breadcrumb":{"@id":"https:\/\/retradycja.eu\/pl\/tworca\/joanna-zych\/#breadcrumb"},"inLanguage":"pl-PL","potentialAction":[{"@type":"ReadAction","target":["https:\/\/retradycja.eu\/pl\/tworca\/joanna-zych\/"]}]},{"@type":"ImageObject","inLanguage":"pl-PL","@id":"https:\/\/retradycja.eu\/pl\/tworca\/joanna-zych\/#primaryimage","url":"https:\/\/retradycja.eu\/wp-content\/uploads\/2020\/08\/MG_4916-fot.-Tomasz-Bylina-1-scaled.jpg","contentUrl":"https:\/\/retradycja.eu\/wp-content\/uploads\/2020\/08\/MG_4916-fot.-Tomasz-Bylina-1-scaled.jpg","width":2560,"height":1707,"caption":"[Kobieta stoi na swoim stoisku z tradycyjnym r\u0119kodzie\u0142em.]"},{"@type":"BreadcrumbList","@id":"https:\/\/retradycja.eu\/pl\/tworca\/joanna-zych\/#breadcrumb","itemListElement":[{"@type":"ListItem","position":1,"name":"Strona g\u0142\u00f3wna","item":"https:\/\/retradycja.eu\/pl\/"},{"@type":"ListItem","position":2,"name":"Joanna Zych"}]},{"@type":"WebSite","@id":"https:\/\/retradycja.eu\/pl\/#website","url":"https:\/\/retradycja.eu\/pl\/","name":"Festiwal Re:tradycja - Jarmark Jagiello\u0144ski","description":" Lublin, Stare Miasto","publisher":{"@id":"https:\/\/retradycja.eu\/pl\/#organization"},"potentialAction":[{"@type":"SearchAction","target":{"@type":"EntryPoint","urlTemplate":"https:\/\/retradycja.eu\/pl\/?s={search_term_string}"},"query-input":"required name=search_term_string"}],"inLanguage":"pl-PL"},{"@type":"Organization","@id":"https:\/\/retradycja.eu\/pl\/#organization","name":"Warsztaty Kultury w Lublinie","url":"https:\/\/retradycja.eu\/pl\/","logo":{"@type":"ImageObject","inLanguage":"pl-PL","@id":"https:\/\/retradycja.eu\/pl\/#\/schema\/logo\/image\/","url":"https:\/\/retradycja.eu\/wp-content\/uploads\/2022\/06\/logo_retradycje-01.png","contentUrl":"https:\/\/retradycja.eu\/wp-content\/uploads\/2022\/06\/logo_retradycje-01.png","width":332,"height":63,"caption":"Warsztaty Kultury w Lublinie"},"image":{"@id":"https:\/\/retradycja.eu\/pl\/#\/schema\/logo\/image\/"},"sameAs":["https:\/\/www.facebook.com\/retradycja","https:\/\/www.instagram.com\/retradycja_jarmarkjagiellonski\/","https:\/\/www.youtube.com\/user\/JarmarkJagiellonski"]}]}},"_links":{"self":[{"href":"https:\/\/retradycja.eu\/pl\/wp-json\/wp\/v2\/tworca\/1311"}],"collection":[{"href":"https:\/\/retradycja.eu\/pl\/wp-json\/wp\/v2\/tworca"}],"about":[{"href":"https:\/\/retradycja.eu\/pl\/wp-json\/wp\/v2\/types\/tworca"}],"wp:featuredmedia":[{"embeddable":true,"href":"https:\/\/retradycja.eu\/pl\/wp-json\/wp\/v2\/media\/1316"}],"wp:attachment":[{"href":"https:\/\/retradycja.eu\/pl\/wp-json\/wp\/v2\/media?parent=1311"}],"wp:term":[{"taxonomy":"dziedzina_tworczosci","embeddable":true,"href":"https:\/\/retradycja.eu\/pl\/wp-json\/wp\/v2\/dziedzina_tworczosci?post=1311"},{"taxonomy":"kategoria_wydarzenia","embeddable":true,"href":"https:\/\/retradycja.eu\/pl\/wp-json\/wp\/v2\/kategoria_wydarzenia?post=1311"},{"taxonomy":"kategoria_tworcy","embeddable":true,"href":"https:\/\/retradycja.eu\/pl\/wp-json\/wp\/v2\/kategoria_tworcy?post=1311"},{"taxonomy":"edycja","embeddable":true,"href":"https:\/\/retradycja.eu\/pl\/wp-json\/wp\/v2\/edycja?post=1311"},{"taxonomy":"kraj_tworcy","embeddable":true,"href":"https:\/\/retradycja.eu\/pl\/wp-json\/wp\/v2\/kraj_tworcy?post=1311"}],"curies":[{"name":"wp","href":"https:\/\/api.w.org\/{rel}","templated":true}]}}

<p style="text-align: justify;">Pani Joanna Zych wykonuje poduszki roślinne poduszki i materace lniane, „łuską gryki wypełniane”.</p>
<p style="text-align: justify;">Poduszki różnego kształtu, a także wałki do spania czy maty dopasowują się do kształtu ciała i poprawiają jakoś snu. Wśród proponowanego asortymentu odnajdziemy także poduszki przeznaczone do medytacji. Pani Joanna wykonuje również obrusy i serwety lniane, haftowane oraz ręcznie malowane.</p>
<p style="text-align: justify;">Sama mówi o sobie: „Właśnie tu (na Lubelszczyźnie) znalazłam inspirację do tworzenia moich poduszek. To region bogaty w uprawy gryki. Osobiste doświadczenia dawnych mieszkańców mojej wsi i jej okolic w wykorzystywaniu zarówno słomy, siana czy łuski gryki jako naturalnego wypełnienia materacy, były dla mnie bodźcem do zagłębienia się w ten temat. Efektem tego są różne formy i wzory, które z czasem dopracowywałam. Wciąż poszukuję też nowych. Odświeżenie pamięci o tradycyjnym materiale, jakim jest len to ważny punkt, który staram się uwzględniać w swoich pracach.”</p>
<p style="text-align: justify;">Wyroby pani Joanny zostały docenione m.in. na XXII Jarmarku Holeńskim, gdzie otrzymały wyróżnienie w kategorii &#8222;Najlepszy produkt&#8221;.</p>
<p style="text-align: justify;"><strong>Kontakt<br />
</strong>e-mail: ekoart@op.pl<br />
telefon: +48 600550130</p>

<!-- This site is optimized with the Yoast SEO plugin v22.2 - https://yoast.com/wordpress/plugins/seo/ -->
<title>Joanna Zych - Festiwal Re:tradycja - Jarmark Jagielloński</title>
<meta name="robots" content="index, follow, max-snippet:-1, max-image-preview:large, max-video-preview:-1" />
<link rel="canonical" href="https://retradycja.eu/pl/tworca/joanna-zych/" />
<meta property="og:locale" content="pl_PL" />
<meta property="og:type" content="article" />
<meta property="og:title" content="Joanna Zych - Festiwal Re:tradycja - Jarmark Jagielloński" />
<meta property="og:description" content="Pani Joanna Zych wykonuje poduszki roślinne poduszki i materace lniane, „łuską gryki wypełniane”. Poduszki różnego kształtu, a także wałki do [&hellip;]" />
<meta property="og:url" content="https://retradycja.eu/pl/tworca/joanna-zych/" />
<meta property="og:site_name" content="Festiwal Re:tradycja - Jarmark Jagielloński" />
<meta property="article:publisher" content="https://www.facebook.com/retradycja" />
<meta property="article:modified_time" content="2023-05-17T10:10:31+00:00" />
<meta property="og:image" content="https://retradycja.eu/wp-content/uploads/2020/08/MG_4916-fot.-Tomasz-Bylina-1-scaled.jpg" />
	<meta property="og:image:width" content="2560" />
	<meta property="og:image:height" content="1707" />
	<meta property="og:image:type" content="image/jpeg" />
<meta name="twitter:card" content="summary_large_image" />
<meta name="twitter:label1" content="Szacowany czas czytania" />
	<meta name="twitter:data1" content="1 minuta" />
<script type="application/ld+json" class="yoast-schema-graph">{"@context":"https://schema.org","@graph":[{"@type":"WebPage","@id":"https://retradycja.eu/pl/tworca/joanna-zych/","url":"https://retradycja.eu/pl/tworca/joanna-zych/","name":"Joanna Zych - Festiwal Re:tradycja - Jarmark Jagielloński","isPartOf":{"@id":"https://retradycja.eu/pl/#website"},"primaryImageOfPage":{"@id":"https://retradycja.eu/pl/tworca/joanna-zych/#primaryimage"},"image":{"@id":"https://retradycja.eu/pl/tworca/joanna-zych/#primaryimage"},"thumbnailUrl":"https://retradycja.eu/wp-content/uploads/2020/08/MG_4916-fot.-Tomasz-Bylina-1-scaled.jpg","datePublished":"2015-08-12T22:00:00+00:00","dateModified":"2023-05-17T10:10:31+00:00","breadcrumb":{"@id":"https://retradycja.eu/pl/tworca/joanna-zych/#breadcrumb"},"inLanguage":"pl-PL","potentialAction":[{"@type":"ReadAction","target":["https://retradycja.eu/pl/tworca/joanna-zych/"]}]},{"@type":"ImageObject","inLanguage":"pl-PL","@id":"https://retradycja.eu/pl/tworca/joanna-zych/#primaryimage","url":"https://retradycja.eu/wp-content/uploads/2020/08/MG_4916-fot.-Tomasz-Bylina-1-scaled.jpg","contentUrl":"https://retradycja.eu/wp-content/uploads/2020/08/MG_4916-fot.-Tomasz-Bylina-1-scaled.jpg","width":2560,"height":1707,"caption":"[Kobieta stoi na swoim stoisku z tradycyjnym rękodziełem.]"},{"@type":"BreadcrumbList","@id":"https://retradycja.eu/pl/tworca/joanna-zych/#breadcrumb","itemListElement":[{"@type":"ListItem","position":1,"name":"Strona główna","item":"https://retradycja.eu/pl/"},{"@type":"ListItem","position":2,"name":"Joanna Zych"}]},{"@type":"WebSite","@id":"https://retradycja.eu/pl/#website","url":"https://retradycja.eu/pl/","name":"Festiwal Re:tradycja - Jarmark Jagielloński","description":" Lublin, Stare Miasto","publisher":{"@id":"https://retradycja.eu/pl/#organization"},"potentialAction":[{"@type":"SearchAction","target":{"@type":"EntryPoint","urlTemplate":"https://retradycja.eu/pl/?s={search_term_string}"},"query-input":"required name=search_term_string"}],"inLanguage":"pl-PL"},{"@type":"Organization","@id":"https://retradycja.eu/pl/#organization","name":"Warsztaty Kultury w Lublinie","url":"https://retradycja.eu/pl/","logo":{"@type":"ImageObject","inLanguage":"pl-PL","@id":"https://retradycja.eu/pl/#/schema/logo/image/","url":"https://retradycja.eu/wp-content/uploads/2022/06/logo_retradycje-01.png","contentUrl":"https://retradycja.eu/wp-content/uploads/2022/06/logo_retradycje-01.png","width":332,"height":63,"caption":"Warsztaty Kultury w Lublinie"},"image":{"@id":"https://retradycja.eu/pl/#/schema/logo/image/"},"sameAs":["https://www.facebook.com/retradycja","https://www.instagram.com/retradycja_jarmarkjagiellonski/","https://www.youtube.com/user/JarmarkJagiellonski"]}]}</script>
<!-- / Yoast SEO plugin. -->

Joanna Zych - Festiwal Re:tradycja - Jarmark Jagielloński

Pani Joanna Zych wykonuje poduszki roślinne poduszki i materace lniane, „łuską gryki wypełniane”. Poduszki różnego kształtu, a także wałki do [&hellip;]

Festiwal Re:tradycja - Jarmark Jagielloński

[Kobieta stoi na swoim stoisku z tradycyjnym rękodziełem.]

Strona główna
