{"id":1306,"date":"2015-08-13T00:00:00","date_gmt":"2015-08-12T22:00:00","guid":{"rendered":"https:\/\/retradycja.eu\/tworca\/arkadiusz-zych\/"},"modified":"2023-05-17T11:53:54","modified_gmt":"2023-05-17T09:53:54","slug":"arkadiusz-zych","status":"publish","type":"tworca","link":"https:\/\/retradycja.eu\/pl\/tworca\/arkadiusz-zych\/","title":{"rendered":"Arkadiusz Zych"},"content":{"rendered":"<p>Pan Arkadiusz Zych zajmuje si\u0119 wykonywaniem instrument\u00f3w perkusyjnych oraz autorskich drewnianych mebli, \u0142\u0105czonych tradycyjnymi metodami stolarsko-ciesielskimi.<\/p>\n<p>Tw\u00f3rca m\u00f3wi o sobie: \u201eSwoje tw\u00f3rcze dzia\u0142ania praktykujemy od ponad 30 lat, czyli od pocz\u0105tk\u00f3w naszego kontaktu z lubelsk\u0105 wsi\u0105. Specyfika regionu bogatego w wiele gatunk\u00f3w drzew oraz moje zainteresowania materia\u0142em, jakim jest drewno, po\u0142\u0105czone z pasj\u0105 muzyczn\u0105, zaowocowa\u0142y powstaniem pierwszych instrument\u00f3w. Wykonywanie instrument\u00f3w perkusyjnych sta\u0142o si\u0119 moim zaj\u0119ciem przez d\u0142ugie lata. Z czasem dosz\u0142a fascynacja ciesielk\u0105 i stolarsk\u0105 obr\u00f3bk\u0105 drewna, czego efektem sta\u0142y si\u0119 wykonywane przeze mnie meble z litego drewna. Du\u017cym do\u015bwiadczeniem by\u0142a dla mnie wieloletnia wsp\u00f3\u0142praca z lokalnym cie\u015bl\u0105 Eugeniuszem Antoniakiem z terenu Koz\u0142owieckiego Parku Krajobrazowego. Dzi\u0119ki temu zdoby\u0142em bezcenn\u0105 wiedz\u0119 na temat staropolskich metod ciesielskich, kt\u00f3r\u0105 wykorzystywa\u0142em wielokrotnie w praktyce.\u201d<\/p>\n<p>Do wykonywania swoich prac stosuje drewno z wielu gatunk\u00f3w drzew: owocowych, jesionu, d\u0119bu, akacji, modrzewia i sosny. Wykorzystuj\u0105c dawne techniki ciesielsko-stolarskie, tworzy w\u0142asne projekty zar\u00f3wno instrument\u00f3w, jak i mebli. Wypracowa\u0142 te\u017c swoje metody obr\u00f3bki mosi\u0105dzu, kt\u00f3ry jest szczeg\u00f3lnie istotnym elementem jego instrument\u00f3w.<\/p>\n<p style=\"text-align: justify;\"><strong>Kontakt<br><\/strong>e-mail: ekoart@op.pl<br>telefon: +48 600550130<\/p>\n\n\n<p><\/p>\n","protected":false},"featured_media":1310,"template":"","meta":{"_acf_changed":false,"ngg_post_thumbnail":0},"dziedzina_tworczosci":[211],"kategoria_wydarzenia":[],"kategoria_tworcy":[9,17],"edycja":[19,10,11,12,20,182,209,294],"kraj_tworcy":[275],"acf":[],"yoast_head":"<!-- This site is optimized with the Yoast SEO plugin v22.2 - https:\/\/yoast.com\/wordpress\/plugins\/seo\/ -->\n<title>Arkadiusz Zych - Festiwal Re:tradycja - Jarmark Jagiello\u0144ski<\/title>\n<meta name=\"robots\" content=\"index, follow, max-snippet:-1, max-image-preview:large, max-video-preview:-1\" \/>\n<link rel=\"canonical\" href=\"https:\/\/retradycja.eu\/pl\/tworca\/arkadiusz-zych\/\" \/>\n<meta property=\"og:locale\" content=\"pl_PL\" \/>\n<meta property=\"og:type\" content=\"article\" \/>\n<meta property=\"og:title\" content=\"Arkadiusz Zych - Festiwal Re:tradycja - Jarmark Jagiello\u0144ski\" \/>\n<meta property=\"og:description\" content=\"Pan Arkadiusz Zych zajmuje si\u0119 wykonywaniem instrument\u00f3w perkusyjnych oraz autorskich drewnianych mebli, \u0142\u0105czonych tradycyjnymi metodami stolarsko-ciesielskimi. Tw\u00f3rca m\u00f3wi o sobie: [&hellip;]\" \/>\n<meta property=\"og:url\" content=\"https:\/\/retradycja.eu\/pl\/tworca\/arkadiusz-zych\/\" \/>\n<meta property=\"og:site_name\" content=\"Festiwal Re:tradycja - Jarmark Jagiello\u0144ski\" \/>\n<meta property=\"article:publisher\" content=\"https:\/\/www.facebook.com\/retradycja\" \/>\n<meta property=\"article:modified_time\" content=\"2023-05-17T09:53:54+00:00\" \/>\n<meta property=\"og:image\" content=\"https:\/\/retradycja.eu\/wp-content\/uploads\/2020\/08\/Zych-Arkadiusz-1.jpg\" \/>\n\t<meta property=\"og:image:width\" content=\"1953\" \/>\n\t<meta property=\"og:image:height\" content=\"1303\" \/>\n\t<meta property=\"og:image:type\" content=\"image\/jpeg\" \/>\n<meta name=\"twitter:card\" content=\"summary_large_image\" \/>\n<meta name=\"twitter:label1\" content=\"Szacowany czas czytania\" \/>\n\t<meta name=\"twitter:data1\" content=\"2 minuty\" \/>\n<script type=\"application\/ld+json\" class=\"yoast-schema-graph\">{\"@context\":\"https:\/\/schema.org\",\"@graph\":[{\"@type\":\"WebPage\",\"@id\":\"https:\/\/retradycja.eu\/pl\/tworca\/arkadiusz-zych\/\",\"url\":\"https:\/\/retradycja.eu\/pl\/tworca\/arkadiusz-zych\/\",\"name\":\"Arkadiusz Zych - Festiwal Re:tradycja - Jarmark Jagiello\u0144ski\",\"isPartOf\":{\"@id\":\"https:\/\/retradycja.eu\/pl\/#website\"},\"primaryImageOfPage\":{\"@id\":\"https:\/\/retradycja.eu\/pl\/tworca\/arkadiusz-zych\/#primaryimage\"},\"image\":{\"@id\":\"https:\/\/retradycja.eu\/pl\/tworca\/arkadiusz-zych\/#primaryimage\"},\"thumbnailUrl\":\"https:\/\/retradycja.eu\/wp-content\/uploads\/2020\/08\/Zych-Arkadiusz-1.jpg\",\"datePublished\":\"2015-08-12T22:00:00+00:00\",\"dateModified\":\"2023-05-17T09:53:54+00:00\",\"breadcrumb\":{\"@id\":\"https:\/\/retradycja.eu\/pl\/tworca\/arkadiusz-zych\/#breadcrumb\"},\"inLanguage\":\"pl-PL\",\"potentialAction\":[{\"@type\":\"ReadAction\",\"target\":[\"https:\/\/retradycja.eu\/pl\/tworca\/arkadiusz-zych\/\"]}]},{\"@type\":\"ImageObject\",\"inLanguage\":\"pl-PL\",\"@id\":\"https:\/\/retradycja.eu\/pl\/tworca\/arkadiusz-zych\/#primaryimage\",\"url\":\"https:\/\/retradycja.eu\/wp-content\/uploads\/2020\/08\/Zych-Arkadiusz-1.jpg\",\"contentUrl\":\"https:\/\/retradycja.eu\/wp-content\/uploads\/2020\/08\/Zych-Arkadiusz-1.jpg\",\"width\":1953,\"height\":1303},{\"@type\":\"BreadcrumbList\",\"@id\":\"https:\/\/retradycja.eu\/pl\/tworca\/arkadiusz-zych\/#breadcrumb\",\"itemListElement\":[{\"@type\":\"ListItem\",\"position\":1,\"name\":\"Strona g\u0142\u00f3wna\",\"item\":\"https:\/\/retradycja.eu\/pl\/\"},{\"@type\":\"ListItem\",\"position\":2,\"name\":\"Arkadiusz Zych\"}]},{\"@type\":\"WebSite\",\"@id\":\"https:\/\/retradycja.eu\/pl\/#website\",\"url\":\"https:\/\/retradycja.eu\/pl\/\",\"name\":\"Festiwal Re:tradycja - Jarmark Jagiello\u0144ski\",\"description\":\" Lublin, Stare Miasto\",\"publisher\":{\"@id\":\"https:\/\/retradycja.eu\/pl\/#organization\"},\"potentialAction\":[{\"@type\":\"SearchAction\",\"target\":{\"@type\":\"EntryPoint\",\"urlTemplate\":\"https:\/\/retradycja.eu\/pl\/?s={search_term_string}\"},\"query-input\":\"required name=search_term_string\"}],\"inLanguage\":\"pl-PL\"},{\"@type\":\"Organization\",\"@id\":\"https:\/\/retradycja.eu\/pl\/#organization\",\"name\":\"Warsztaty Kultury w Lublinie\",\"url\":\"https:\/\/retradycja.eu\/pl\/\",\"logo\":{\"@type\":\"ImageObject\",\"inLanguage\":\"pl-PL\",\"@id\":\"https:\/\/retradycja.eu\/pl\/#\/schema\/logo\/image\/\",\"url\":\"https:\/\/retradycja.eu\/wp-content\/uploads\/2022\/06\/logo_retradycje-01.png\",\"contentUrl\":\"https:\/\/retradycja.eu\/wp-content\/uploads\/2022\/06\/logo_retradycje-01.png\",\"width\":332,\"height\":63,\"caption\":\"Warsztaty Kultury w Lublinie\"},\"image\":{\"@id\":\"https:\/\/retradycja.eu\/pl\/#\/schema\/logo\/image\/\"},\"sameAs\":[\"https:\/\/www.facebook.com\/retradycja\",\"https:\/\/www.instagram.com\/retradycja_jarmarkjagiellonski\/\",\"https:\/\/www.youtube.com\/user\/JarmarkJagiellonski\"]}]}<\/script>\n<!-- \/ Yoast SEO plugin. -->","yoast_head_json":{"title":"Arkadiusz Zych - Festiwal Re:tradycja - Jarmark Jagiello\u0144ski","robots":{"index":"index","follow":"follow","max-snippet":"max-snippet:-1","max-image-preview":"max-image-preview:large","max-video-preview":"max-video-preview:-1"},"canonical":"https:\/\/retradycja.eu\/pl\/tworca\/arkadiusz-zych\/","og_locale":"pl_PL","og_type":"article","og_title":"Arkadiusz Zych - Festiwal Re:tradycja - Jarmark Jagiello\u0144ski","og_description":"Pan Arkadiusz Zych zajmuje si\u0119 wykonywaniem instrument\u00f3w perkusyjnych oraz autorskich drewnianych mebli, \u0142\u0105czonych tradycyjnymi metodami stolarsko-ciesielskimi. Tw\u00f3rca m\u00f3wi o sobie: [&hellip;]","og_url":"https:\/\/retradycja.eu\/pl\/tworca\/arkadiusz-zych\/","og_site_name":"Festiwal Re:tradycja - Jarmark Jagiello\u0144ski","article_publisher":"https:\/\/www.facebook.com\/retradycja","article_modified_time":"2023-05-17T09:53:54+00:00","og_image":[{"width":1953,"height":1303,"url":"https:\/\/retradycja.eu\/wp-content\/uploads\/2020\/08\/Zych-Arkadiusz-1.jpg","type":"image\/jpeg"}],"twitter_card":"summary_large_image","twitter_misc":{"Szacowany czas czytania":"2 minuty"},"schema":{"@context":"https:\/\/schema.org","@graph":[{"@type":"WebPage","@id":"https:\/\/retradycja.eu\/pl\/tworca\/arkadiusz-zych\/","url":"https:\/\/retradycja.eu\/pl\/tworca\/arkadiusz-zych\/","name":"Arkadiusz Zych - Festiwal Re:tradycja - Jarmark Jagiello\u0144ski","isPartOf":{"@id":"https:\/\/retradycja.eu\/pl\/#website"},"primaryImageOfPage":{"@id":"https:\/\/retradycja.eu\/pl\/tworca\/arkadiusz-zych\/#primaryimage"},"image":{"@id":"https:\/\/retradycja.eu\/pl\/tworca\/arkadiusz-zych\/#primaryimage"},"thumbnailUrl":"https:\/\/retradycja.eu\/wp-content\/uploads\/2020\/08\/Zych-Arkadiusz-1.jpg","datePublished":"2015-08-12T22:00:00+00:00","dateModified":"2023-05-17T09:53:54+00:00","breadcrumb":{"@id":"https:\/\/retradycja.eu\/pl\/tworca\/arkadiusz-zych\/#breadcrumb"},"inLanguage":"pl-PL","potentialAction":[{"@type":"ReadAction","target":["https:\/\/retradycja.eu\/pl\/tworca\/arkadiusz-zych\/"]}]},{"@type":"ImageObject","inLanguage":"pl-PL","@id":"https:\/\/retradycja.eu\/pl\/tworca\/arkadiusz-zych\/#primaryimage","url":"https:\/\/retradycja.eu\/wp-content\/uploads\/2020\/08\/Zych-Arkadiusz-1.jpg","contentUrl":"https:\/\/retradycja.eu\/wp-content\/uploads\/2020\/08\/Zych-Arkadiusz-1.jpg","width":1953,"height":1303},{"@type":"BreadcrumbList","@id":"https:\/\/retradycja.eu\/pl\/tworca\/arkadiusz-zych\/#breadcrumb","itemListElement":[{"@type":"ListItem","position":1,"name":"Strona g\u0142\u00f3wna","item":"https:\/\/retradycja.eu\/pl\/"},{"@type":"ListItem","position":2,"name":"Arkadiusz Zych"}]},{"@type":"WebSite","@id":"https:\/\/retradycja.eu\/pl\/#website","url":"https:\/\/retradycja.eu\/pl\/","name":"Festiwal Re:tradycja - Jarmark Jagiello\u0144ski","description":" Lublin, Stare Miasto","publisher":{"@id":"https:\/\/retradycja.eu\/pl\/#organization"},"potentialAction":[{"@type":"SearchAction","target":{"@type":"EntryPoint","urlTemplate":"https:\/\/retradycja.eu\/pl\/?s={search_term_string}"},"query-input":"required name=search_term_string"}],"inLanguage":"pl-PL"},{"@type":"Organization","@id":"https:\/\/retradycja.eu\/pl\/#organization","name":"Warsztaty Kultury w Lublinie","url":"https:\/\/retradycja.eu\/pl\/","logo":{"@type":"ImageObject","inLanguage":"pl-PL","@id":"https:\/\/retradycja.eu\/pl\/#\/schema\/logo\/image\/","url":"https:\/\/retradycja.eu\/wp-content\/uploads\/2022\/06\/logo_retradycje-01.png","contentUrl":"https:\/\/retradycja.eu\/wp-content\/uploads\/2022\/06\/logo_retradycje-01.png","width":332,"height":63,"caption":"Warsztaty Kultury w Lublinie"},"image":{"@id":"https:\/\/retradycja.eu\/pl\/#\/schema\/logo\/image\/"},"sameAs":["https:\/\/www.facebook.com\/retradycja","https:\/\/www.instagram.com\/retradycja_jarmarkjagiellonski\/","https:\/\/www.youtube.com\/user\/JarmarkJagiellonski"]}]}},"_links":{"self":[{"href":"https:\/\/retradycja.eu\/pl\/wp-json\/wp\/v2\/tworca\/1306"}],"collection":[{"href":"https:\/\/retradycja.eu\/pl\/wp-json\/wp\/v2\/tworca"}],"about":[{"href":"https:\/\/retradycja.eu\/pl\/wp-json\/wp\/v2\/types\/tworca"}],"wp:featuredmedia":[{"embeddable":true,"href":"https:\/\/retradycja.eu\/pl\/wp-json\/wp\/v2\/media\/1310"}],"wp:attachment":[{"href":"https:\/\/retradycja.eu\/pl\/wp-json\/wp\/v2\/media?parent=1306"}],"wp:term":[{"taxonomy":"dziedzina_tworczosci","embeddable":true,"href":"https:\/\/retradycja.eu\/pl\/wp-json\/wp\/v2\/dziedzina_tworczosci?post=1306"},{"taxonomy":"kategoria_wydarzenia","embeddable":true,"href":"https:\/\/retradycja.eu\/pl\/wp-json\/wp\/v2\/kategoria_wydarzenia?post=1306"},{"taxonomy":"kategoria_tworcy","embeddable":true,"href":"https:\/\/retradycja.eu\/pl\/wp-json\/wp\/v2\/kategoria_tworcy?post=1306"},{"taxonomy":"edycja","embeddable":true,"href":"https:\/\/retradycja.eu\/pl\/wp-json\/wp\/v2\/edycja?post=1306"},{"taxonomy":"kraj_tworcy","embeddable":true,"href":"https:\/\/retradycja.eu\/pl\/wp-json\/wp\/v2\/kraj_tworcy?post=1306"}],"curies":[{"name":"wp","href":"https:\/\/api.w.org\/{rel}","templated":true}]}}

<p>Pan Arkadiusz Zych zajmuje się wykonywaniem instrumentów perkusyjnych oraz autorskich drewnianych mebli, łączonych tradycyjnymi metodami stolarsko-ciesielskimi.</p>
<p>Twórca mówi o sobie: „Swoje twórcze działania praktykujemy od ponad 30 lat, czyli od początków naszego kontaktu z lubelską wsią. Specyfika regionu bogatego w wiele gatunków drzew oraz moje zainteresowania materiałem, jakim jest drewno, połączone z pasją muzyczną, zaowocowały powstaniem pierwszych instrumentów. Wykonywanie instrumentów perkusyjnych stało się moim zajęciem przez długie lata. Z czasem doszła fascynacja ciesielką i stolarską obróbką drewna, czego efektem stały się wykonywane przeze mnie meble z litego drewna. Dużym doświadczeniem była dla mnie wieloletnia współpraca z lokalnym cieślą Eugeniuszem Antoniakiem z terenu Kozłowieckiego Parku Krajobrazowego. Dzięki temu zdobyłem bezcenną wiedzę na temat staropolskich metod ciesielskich, którą wykorzystywałem wielokrotnie w praktyce.”</p>
<p>Do wykonywania swoich prac stosuje drewno z wielu gatunków drzew: owocowych, jesionu, dębu, akacji, modrzewia i sosny. Wykorzystując dawne techniki ciesielsko-stolarskie, tworzy własne projekty zarówno instrumentów, jak i mebli. Wypracował też swoje metody obróbki mosiądzu, który jest szczególnie istotnym elementem jego instrumentów.</p>
<p style="text-align: justify;"><strong>Kontakt<br></strong>e-mail: ekoart@op.pl<br>telefon: +48 600550130</p>


<p></p>

<!-- This site is optimized with the Yoast SEO plugin v22.2 - https://yoast.com/wordpress/plugins/seo/ -->
<title>Arkadiusz Zych - Festiwal Re:tradycja - Jarmark Jagielloński</title>
<meta name="robots" content="index, follow, max-snippet:-1, max-image-preview:large, max-video-preview:-1" />
<link rel="canonical" href="https://retradycja.eu/pl/tworca/arkadiusz-zych/" />
<meta property="og:locale" content="pl_PL" />
<meta property="og:type" content="article" />
<meta property="og:title" content="Arkadiusz Zych - Festiwal Re:tradycja - Jarmark Jagielloński" />
<meta property="og:description" content="Pan Arkadiusz Zych zajmuje się wykonywaniem instrumentów perkusyjnych oraz autorskich drewnianych mebli, łączonych tradycyjnymi metodami stolarsko-ciesielskimi. Twórca mówi o sobie: [&hellip;]" />
<meta property="og:url" content="https://retradycja.eu/pl/tworca/arkadiusz-zych/" />
<meta property="og:site_name" content="Festiwal Re:tradycja - Jarmark Jagielloński" />
<meta property="article:publisher" content="https://www.facebook.com/retradycja" />
<meta property="article:modified_time" content="2023-05-17T09:53:54+00:00" />
<meta property="og:image" content="https://retradycja.eu/wp-content/uploads/2020/08/Zych-Arkadiusz-1.jpg" />
	<meta property="og:image:width" content="1953" />
	<meta property="og:image:height" content="1303" />
	<meta property="og:image:type" content="image/jpeg" />
<meta name="twitter:card" content="summary_large_image" />
<meta name="twitter:label1" content="Szacowany czas czytania" />
	<meta name="twitter:data1" content="2 minuty" />
<script type="application/ld+json" class="yoast-schema-graph">{"@context":"https://schema.org","@graph":[{"@type":"WebPage","@id":"https://retradycja.eu/pl/tworca/arkadiusz-zych/","url":"https://retradycja.eu/pl/tworca/arkadiusz-zych/","name":"Arkadiusz Zych - Festiwal Re:tradycja - Jarmark Jagielloński","isPartOf":{"@id":"https://retradycja.eu/pl/#website"},"primaryImageOfPage":{"@id":"https://retradycja.eu/pl/tworca/arkadiusz-zych/#primaryimage"},"image":{"@id":"https://retradycja.eu/pl/tworca/arkadiusz-zych/#primaryimage"},"thumbnailUrl":"https://retradycja.eu/wp-content/uploads/2020/08/Zych-Arkadiusz-1.jpg","datePublished":"2015-08-12T22:00:00+00:00","dateModified":"2023-05-17T09:53:54+00:00","breadcrumb":{"@id":"https://retradycja.eu/pl/tworca/arkadiusz-zych/#breadcrumb"},"inLanguage":"pl-PL","potentialAction":[{"@type":"ReadAction","target":["https://retradycja.eu/pl/tworca/arkadiusz-zych/"]}]},{"@type":"ImageObject","inLanguage":"pl-PL","@id":"https://retradycja.eu/pl/tworca/arkadiusz-zych/#primaryimage","url":"https://retradycja.eu/wp-content/uploads/2020/08/Zych-Arkadiusz-1.jpg","contentUrl":"https://retradycja.eu/wp-content/uploads/2020/08/Zych-Arkadiusz-1.jpg","width":1953,"height":1303},{"@type":"BreadcrumbList","@id":"https://retradycja.eu/pl/tworca/arkadiusz-zych/#breadcrumb","itemListElement":[{"@type":"ListItem","position":1,"name":"Strona główna","item":"https://retradycja.eu/pl/"},{"@type":"ListItem","position":2,"name":"Arkadiusz Zych"}]},{"@type":"WebSite","@id":"https://retradycja.eu/pl/#website","url":"https://retradycja.eu/pl/","name":"Festiwal Re:tradycja - Jarmark Jagielloński","description":" Lublin, Stare Miasto","publisher":{"@id":"https://retradycja.eu/pl/#organization"},"potentialAction":[{"@type":"SearchAction","target":{"@type":"EntryPoint","urlTemplate":"https://retradycja.eu/pl/?s={search_term_string}"},"query-input":"required name=search_term_string"}],"inLanguage":"pl-PL"},{"@type":"Organization","@id":"https://retradycja.eu/pl/#organization","name":"Warsztaty Kultury w Lublinie","url":"https://retradycja.eu/pl/","logo":{"@type":"ImageObject","inLanguage":"pl-PL","@id":"https://retradycja.eu/pl/#/schema/logo/image/","url":"https://retradycja.eu/wp-content/uploads/2022/06/logo_retradycje-01.png","contentUrl":"https://retradycja.eu/wp-content/uploads/2022/06/logo_retradycje-01.png","width":332,"height":63,"caption":"Warsztaty Kultury w Lublinie"},"image":{"@id":"https://retradycja.eu/pl/#/schema/logo/image/"},"sameAs":["https://www.facebook.com/retradycja","https://www.instagram.com/retradycja_jarmarkjagiellonski/","https://www.youtube.com/user/JarmarkJagiellonski"]}]}</script>
<!-- / Yoast SEO plugin. -->

Arkadiusz Zych - Festiwal Re:tradycja - Jarmark Jagielloński

Pan Arkadiusz Zych zajmuje się wykonywaniem instrumentów perkusyjnych oraz autorskich drewnianych mebli, łączonych tradycyjnymi metodami stolarsko-ciesielskimi. Twórca mówi o sobie: [&hellip;]

Festiwal Re:tradycja - Jarmark Jagielloński

Strona główna
