{"id":50942,"date":"2023-07-25T17:57:09","date_gmt":"2023-07-25T15:57:09","guid":{"rendered":"https:\/\/retradycja.eu\/?post_type=mec-events&#038;p=50942"},"modified":"2023-11-10T12:57:55","modified_gmt":"2023-11-10T11:57:55","slug":"tradycyjne-ukrainskie-zabawy-dzieciece-bez-ograniczen-wiekowych-piatek","status":"publish","type":"mec-events","link":"https:\/\/retradycja.eu\/pl\/events\/tradycyjne-ukrainskie-zabawy-dzieciece-bez-ograniczen-wiekowych-piatek\/","title":{"rendered":"Tradycyjne ukrai\u0144skie zabawy dzieci\u0119ce | bez ogranicze\u0144 wiekowych"},"content":{"rendered":"<h2>Opis<\/h2>\n<p><span style=\"font-weight: 400;\">Podczas Festiwalu na Podw\u00f3rku Re:tradycji spotkamy zesp\u00f3\u0142 Rankova Rosa z R\u00f3wnego. Dzieci i m\u0142odzie\u017c nale\u017c\u0105ca do grupy zapozna nas z tradycyjnymi ukrai\u0144skimi grami i zabawami. <\/span><span style=\"font-weight: 400;\">Zesp\u00f3\u0142 Rankova Rosa zosta\u0142 stworzony w 2001 r. przez Jurija i All\u0119 Kovalchuk przy szkole nr 28 w R\u00f3wnem (Ukraina).&nbsp; <\/span><span style=\"font-weight: 400;\">Prowadz\u0105cym zale\u017cy na tym, by dzieci i m\u0142odzie\u017c nale\u017c\u0105ce do grupy poznawa\u0142y dziedzictwo kultury tradycyjnej swojego regionu. <\/span><span style=\"font-weight: 400;\">Repertuar zespo\u0142u obejmuje tradycyjne pie\u015bni ludowe, dawne ta\u0144ce i zabawy, a tak\u017ce fragmenty obrz\u0119d\u00f3w w\u0142a\u015bciwych dla Polesia R\u00f3wie\u0144skiego.<\/span><\/p>\n<h2><b>Informacje praktyczne<\/b><\/h2>\n<p><span style=\"font-weight: 400;\">Kiedy:&nbsp;<\/span><\/p>\n<p><span style=\"font-weight: 400;\">18 sierpnia (pi\u0105tek) <\/span><span style=\"font-weight: 400;\">16.00-17.30<\/span><\/p>\n<p><span style=\"font-weight: 400;\">19 sierpnia (sobota) <\/span><span style=\"font-weight: 400;\">12.30-13.30, <\/span><span style=\"font-weight: 400;\">14.30-15.30<\/span><\/p>\n<p><span style=\"font-weight: 400;\">20 sierpnia (niedziela),&nbsp; <\/span><span style=\"font-weight: 400;\">12.00-13.00,&nbsp; <\/span><span style=\"font-weight: 400;\">15.00-16.00<\/span><\/p>\n<p><span style=\"font-weight: 400;\">Gdzie: Podw\u00f3rko Re:tradycji, B\u0142onia pod Zamkiem<\/span><\/p>\n<p><span style=\"font-weight: 400;\">Dla kogo: bez ogranicze\u0144 wiekowych, wst\u0119p wolny<\/span><\/p>\n<p>&nbsp;<\/p>\n","protected":false},"excerpt":{"rendered":"<p>Opis Podczas Festiwalu na Podw\u00f3rku Re:tradycji spotkamy zesp\u00f3\u0142 Rankova Rosa z R\u00f3wnego. Dzieci i m\u0142odzie\u017c nale\u017c\u0105ca do grupy zapozna nas [&hellip;]<\/p>\n","protected":false},"author":5,"featured_media":0,"comment_status":"closed","ping_status":"closed","template":"","meta":{"_acf_changed":false,"ngg_post_thumbnail":0},"tags":[],"pora_dnia":[],"kategoria_wydarzenia":[],"dostepnosc":[],"mec_category":[75],"acf":[],"yoast_head":"<!-- This site is optimized with the Yoast SEO plugin v22.2 - https:\/\/yoast.com\/wordpress\/plugins\/seo\/ -->\n<title>Tradycyjne ukrai\u0144skie zabawy dzieci\u0119ce<\/title>\n<meta name=\"description\" content=\"Tradycyjne ukrai\u0144skie zabawy dzieci\u0119ce.\" \/>\n<meta name=\"robots\" content=\"index, follow, max-snippet:-1, max-image-preview:large, max-video-preview:-1\" \/>\n<link rel=\"canonical\" href=\"https:\/\/retradycja.eu\/pl\/wydarzenia\/tradycyjne-ukrainskie-zabawy-dzieciece-bez-ograniczen-wiekowych-piatek\/\" \/>\n<meta property=\"og:locale\" content=\"pl_PL\" \/>\n<meta property=\"og:type\" content=\"article\" \/>\n<meta property=\"og:title\" content=\"Tradycyjne ukrai\u0144skie zabawy dzieci\u0119ce\" \/>\n<meta property=\"og:description\" content=\"Tradycyjne ukrai\u0144skie zabawy dzieci\u0119ce.\" \/>\n<meta property=\"og:url\" content=\"https:\/\/retradycja.eu\/pl\/wydarzenia\/tradycyjne-ukrainskie-zabawy-dzieciece-bez-ograniczen-wiekowych-piatek\/\" \/>\n<meta property=\"og:site_name\" content=\"Festiwal Re:tradycja - Jarmark Jagiello\u0144ski\" \/>\n<meta property=\"article:publisher\" content=\"https:\/\/www.facebook.com\/retradycja\" \/>\n<meta property=\"article:modified_time\" content=\"2023-11-10T11:57:55+00:00\" \/>\n<meta name=\"twitter:card\" content=\"summary_large_image\" \/>\n<meta name=\"twitter:label1\" content=\"Szacowany czas czytania\" \/>\n\t<meta name=\"twitter:data1\" content=\"1 minuta\" \/>\n<script type=\"application\/ld+json\" class=\"yoast-schema-graph\">{\"@context\":\"https:\/\/schema.org\",\"@graph\":[{\"@type\":\"WebPage\",\"@id\":\"https:\/\/retradycja.eu\/pl\/wydarzenia\/tradycyjne-ukrainskie-zabawy-dzieciece-bez-ograniczen-wiekowych-piatek\/\",\"url\":\"https:\/\/retradycja.eu\/pl\/wydarzenia\/tradycyjne-ukrainskie-zabawy-dzieciece-bez-ograniczen-wiekowych-piatek\/\",\"name\":\"Tradycyjne ukrai\u0144skie zabawy dzieci\u0119ce\",\"isPartOf\":{\"@id\":\"https:\/\/retradycja.eu\/pl\/#website\"},\"datePublished\":\"2023-07-25T15:57:09+00:00\",\"dateModified\":\"2023-11-10T11:57:55+00:00\",\"description\":\"Tradycyjne ukrai\u0144skie zabawy dzieci\u0119ce.\",\"breadcrumb\":{\"@id\":\"https:\/\/retradycja.eu\/pl\/wydarzenia\/tradycyjne-ukrainskie-zabawy-dzieciece-bez-ograniczen-wiekowych-piatek\/#breadcrumb\"},\"inLanguage\":\"pl-PL\",\"potentialAction\":[{\"@type\":\"ReadAction\",\"target\":[\"https:\/\/retradycja.eu\/pl\/wydarzenia\/tradycyjne-ukrainskie-zabawy-dzieciece-bez-ograniczen-wiekowych-piatek\/\"]}]},{\"@type\":\"BreadcrumbList\",\"@id\":\"https:\/\/retradycja.eu\/pl\/wydarzenia\/tradycyjne-ukrainskie-zabawy-dzieciece-bez-ograniczen-wiekowych-piatek\/#breadcrumb\",\"itemListElement\":[{\"@type\":\"ListItem\",\"position\":1,\"name\":\"Strona g\u0142\u00f3wna\",\"item\":\"https:\/\/retradycja.eu\/pl\/\"},{\"@type\":\"ListItem\",\"position\":2,\"name\":\"Wydarzenia\",\"item\":\"https:\/\/retradycja.eu\/pl\/wydarzenia\/\"},{\"@type\":\"ListItem\",\"position\":3,\"name\":\"Tradycyjne ukrai\u0144skie zabawy dzieci\u0119ce | bez ogranicze\u0144 wiekowych\"}]},{\"@type\":\"WebSite\",\"@id\":\"https:\/\/retradycja.eu\/pl\/#website\",\"url\":\"https:\/\/retradycja.eu\/pl\/\",\"name\":\"Festiwal Re:tradycja - Jarmark Jagiello\u0144ski\",\"description\":\" Lublin, Stare Miasto\",\"publisher\":{\"@id\":\"https:\/\/retradycja.eu\/pl\/#organization\"},\"potentialAction\":[{\"@type\":\"SearchAction\",\"target\":{\"@type\":\"EntryPoint\",\"urlTemplate\":\"https:\/\/retradycja.eu\/pl\/?s={search_term_string}\"},\"query-input\":\"required name=search_term_string\"}],\"inLanguage\":\"pl-PL\"},{\"@type\":\"Organization\",\"@id\":\"https:\/\/retradycja.eu\/pl\/#organization\",\"name\":\"Warsztaty Kultury w Lublinie\",\"url\":\"https:\/\/retradycja.eu\/pl\/\",\"logo\":{\"@type\":\"ImageObject\",\"inLanguage\":\"pl-PL\",\"@id\":\"https:\/\/retradycja.eu\/pl\/#\/schema\/logo\/image\/\",\"url\":\"https:\/\/retradycja.eu\/wp-content\/uploads\/2022\/06\/logo_retradycje-01.png\",\"contentUrl\":\"https:\/\/retradycja.eu\/wp-content\/uploads\/2022\/06\/logo_retradycje-01.png\",\"width\":332,\"height\":63,\"caption\":\"Warsztaty Kultury w Lublinie\"},\"image\":{\"@id\":\"https:\/\/retradycja.eu\/pl\/#\/schema\/logo\/image\/\"},\"sameAs\":[\"https:\/\/www.facebook.com\/retradycja\",\"https:\/\/www.instagram.com\/retradycja_jarmarkjagiellonski\/\",\"https:\/\/www.youtube.com\/user\/JarmarkJagiellonski\"]}]}<\/script>\n<!-- \/ Yoast SEO plugin. -->","yoast_head_json":{"title":"Tradycyjne ukrai\u0144skie zabawy dzieci\u0119ce","description":"Tradycyjne ukrai\u0144skie zabawy dzieci\u0119ce.","robots":{"index":"index","follow":"follow","max-snippet":"max-snippet:-1","max-image-preview":"max-image-preview:large","max-video-preview":"max-video-preview:-1"},"canonical":"https:\/\/retradycja.eu\/pl\/wydarzenia\/tradycyjne-ukrainskie-zabawy-dzieciece-bez-ograniczen-wiekowych-piatek\/","og_locale":"pl_PL","og_type":"article","og_title":"Tradycyjne ukrai\u0144skie zabawy dzieci\u0119ce","og_description":"Tradycyjne ukrai\u0144skie zabawy dzieci\u0119ce.","og_url":"https:\/\/retradycja.eu\/pl\/wydarzenia\/tradycyjne-ukrainskie-zabawy-dzieciece-bez-ograniczen-wiekowych-piatek\/","og_site_name":"Festiwal Re:tradycja - Jarmark Jagiello\u0144ski","article_publisher":"https:\/\/www.facebook.com\/retradycja","article_modified_time":"2023-11-10T11:57:55+00:00","twitter_card":"summary_large_image","twitter_misc":{"Szacowany czas czytania":"1 minuta"},"schema":{"@context":"https:\/\/schema.org","@graph":[{"@type":"WebPage","@id":"https:\/\/retradycja.eu\/pl\/wydarzenia\/tradycyjne-ukrainskie-zabawy-dzieciece-bez-ograniczen-wiekowych-piatek\/","url":"https:\/\/retradycja.eu\/pl\/wydarzenia\/tradycyjne-ukrainskie-zabawy-dzieciece-bez-ograniczen-wiekowych-piatek\/","name":"Tradycyjne ukrai\u0144skie zabawy dzieci\u0119ce","isPartOf":{"@id":"https:\/\/retradycja.eu\/pl\/#website"},"datePublished":"2023-07-25T15:57:09+00:00","dateModified":"2023-11-10T11:57:55+00:00","description":"Tradycyjne ukrai\u0144skie zabawy dzieci\u0119ce.","breadcrumb":{"@id":"https:\/\/retradycja.eu\/pl\/wydarzenia\/tradycyjne-ukrainskie-zabawy-dzieciece-bez-ograniczen-wiekowych-piatek\/#breadcrumb"},"inLanguage":"pl-PL","potentialAction":[{"@type":"ReadAction","target":["https:\/\/retradycja.eu\/pl\/wydarzenia\/tradycyjne-ukrainskie-zabawy-dzieciece-bez-ograniczen-wiekowych-piatek\/"]}]},{"@type":"BreadcrumbList","@id":"https:\/\/retradycja.eu\/pl\/wydarzenia\/tradycyjne-ukrainskie-zabawy-dzieciece-bez-ograniczen-wiekowych-piatek\/#breadcrumb","itemListElement":[{"@type":"ListItem","position":1,"name":"Strona g\u0142\u00f3wna","item":"https:\/\/retradycja.eu\/pl\/"},{"@type":"ListItem","position":2,"name":"Wydarzenia","item":"https:\/\/retradycja.eu\/pl\/wydarzenia\/"},{"@type":"ListItem","position":3,"name":"Tradycyjne ukrai\u0144skie zabawy dzieci\u0119ce | bez ogranicze\u0144 wiekowych"}]},{"@type":"WebSite","@id":"https:\/\/retradycja.eu\/pl\/#website","url":"https:\/\/retradycja.eu\/pl\/","name":"Festiwal Re:tradycja - Jarmark Jagiello\u0144ski","description":" Lublin, Stare Miasto","publisher":{"@id":"https:\/\/retradycja.eu\/pl\/#organization"},"potentialAction":[{"@type":"SearchAction","target":{"@type":"EntryPoint","urlTemplate":"https:\/\/retradycja.eu\/pl\/?s={search_term_string}"},"query-input":"required name=search_term_string"}],"inLanguage":"pl-PL"},{"@type":"Organization","@id":"https:\/\/retradycja.eu\/pl\/#organization","name":"Warsztaty Kultury w Lublinie","url":"https:\/\/retradycja.eu\/pl\/","logo":{"@type":"ImageObject","inLanguage":"pl-PL","@id":"https:\/\/retradycja.eu\/pl\/#\/schema\/logo\/image\/","url":"https:\/\/retradycja.eu\/wp-content\/uploads\/2022\/06\/logo_retradycje-01.png","contentUrl":"https:\/\/retradycja.eu\/wp-content\/uploads\/2022\/06\/logo_retradycje-01.png","width":332,"height":63,"caption":"Warsztaty Kultury w Lublinie"},"image":{"@id":"https:\/\/retradycja.eu\/pl\/#\/schema\/logo\/image\/"},"sameAs":["https:\/\/www.facebook.com\/retradycja","https:\/\/www.instagram.com\/retradycja_jarmarkjagiellonski\/","https:\/\/www.youtube.com\/user\/JarmarkJagiellonski"]}]}},"_links":{"self":[{"href":"https:\/\/retradycja.eu\/pl\/wp-json\/wp\/v2\/mec-events\/50942"}],"collection":[{"href":"https:\/\/retradycja.eu\/pl\/wp-json\/wp\/v2\/mec-events"}],"about":[{"href":"https:\/\/retradycja.eu\/pl\/wp-json\/wp\/v2\/types\/mec-events"}],"author":[{"embeddable":true,"href":"https:\/\/retradycja.eu\/pl\/wp-json\/wp\/v2\/users\/5"}],"replies":[{"embeddable":true,"href":"https:\/\/retradycja.eu\/pl\/wp-json\/wp\/v2\/comments?post=50942"}],"wp:attachment":[{"href":"https:\/\/retradycja.eu\/pl\/wp-json\/wp\/v2\/media?parent=50942"}],"wp:term":[{"taxonomy":"post_tag","embeddable":true,"href":"https:\/\/retradycja.eu\/pl\/wp-json\/wp\/v2\/tags?post=50942"},{"taxonomy":"pora_dnia","embeddable":true,"href":"https:\/\/retradycja.eu\/pl\/wp-json\/wp\/v2\/pora_dnia?post=50942"},{"taxonomy":"kategoria_wydarzenia","embeddable":true,"href":"https:\/\/retradycja.eu\/pl\/wp-json\/wp\/v2\/kategoria_wydarzenia?post=50942"},{"taxonomy":"dostepnosc","embeddable":true,"href":"https:\/\/retradycja.eu\/pl\/wp-json\/wp\/v2\/dostepnosc?post=50942"},{"taxonomy":"mec_category","embeddable":true,"href":"https:\/\/retradycja.eu\/pl\/wp-json\/wp\/v2\/mec_category?post=50942"}],"curies":[{"name":"wp","href":"https:\/\/api.w.org\/{rel}","templated":true}]}}

Tradycyjne ukraińskie zabawy dziecięce | bez ograniczeń wiekowych

<h2>Opis</h2>
<p><span style="font-weight: 400;">Podczas Festiwalu na Podwórku Re:tradycji spotkamy zespół Rankova Rosa z Równego. Dzieci i młodzież należąca do grupy zapozna nas z tradycyjnymi ukraińskimi grami i zabawami. </span><span style="font-weight: 400;">Zespół Rankova Rosa został stworzony w 2001 r. przez Jurija i Allę Kovalchuk przy szkole nr 28 w Równem (Ukraina).&nbsp; </span><span style="font-weight: 400;">Prowadzącym zależy na tym, by dzieci i młodzież należące do grupy poznawały dziedzictwo kultury tradycyjnej swojego regionu. </span><span style="font-weight: 400;">Repertuar zespołu obejmuje tradycyjne pieśni ludowe, dawne tańce i zabawy, a także fragmenty obrzędów właściwych dla Polesia Rówieńskiego.</span></p>
<h2><b>Informacje praktyczne</b></h2>
<p><span style="font-weight: 400;">Kiedy:&nbsp;</span></p>
<p><span style="font-weight: 400;">18 sierpnia (piątek) </span><span style="font-weight: 400;">16.00-17.30</span></p>
<p><span style="font-weight: 400;">19 sierpnia (sobota) </span><span style="font-weight: 400;">12.30-13.30, </span><span style="font-weight: 400;">14.30-15.30</span></p>
<p><span style="font-weight: 400;">20 sierpnia (niedziela),&nbsp; </span><span style="font-weight: 400;">12.00-13.00,&nbsp; </span><span style="font-weight: 400;">15.00-16.00</span></p>
<p><span style="font-weight: 400;">Gdzie: Podwórko Re:tradycji, Błonia pod Zamkiem</span></p>
<p><span style="font-weight: 400;">Dla kogo: bez ograniczeń wiekowych, wstęp wolny</span></p>
<p>&nbsp;</p>

<p>Opis Podczas Festiwalu na Podwórku Re:tradycji spotkamy zespół Rankova Rosa z Równego. Dzieci i młodzież należąca do grupy zapozna nas [&hellip;]</p>

<!-- This site is optimized with the Yoast SEO plugin v22.2 - https://yoast.com/wordpress/plugins/seo/ -->
<title>Tradycyjne ukraińskie zabawy dziecięce</title>
<meta name="description" content="Tradycyjne ukraińskie zabawy dziecięce." />
<meta name="robots" content="index, follow, max-snippet:-1, max-image-preview:large, max-video-preview:-1" />
<link rel="canonical" href="https://retradycja.eu/pl/wydarzenia/tradycyjne-ukrainskie-zabawy-dzieciece-bez-ograniczen-wiekowych-piatek/" />
<meta property="og:locale" content="pl_PL" />
<meta property="og:type" content="article" />
<meta property="og:title" content="Tradycyjne ukraińskie zabawy dziecięce" />
<meta property="og:description" content="Tradycyjne ukraińskie zabawy dziecięce." />
<meta property="og:url" content="https://retradycja.eu/pl/wydarzenia/tradycyjne-ukrainskie-zabawy-dzieciece-bez-ograniczen-wiekowych-piatek/" />
<meta property="og:site_name" content="Festiwal Re:tradycja - Jarmark Jagielloński" />
<meta property="article:publisher" content="https://www.facebook.com/retradycja" />
<meta property="article:modified_time" content="2023-11-10T11:57:55+00:00" />
<meta name="twitter:card" content="summary_large_image" />
<meta name="twitter:label1" content="Szacowany czas czytania" />
	<meta name="twitter:data1" content="1 minuta" />
<script type="application/ld+json" class="yoast-schema-graph">{"@context":"https://schema.org","@graph":[{"@type":"WebPage","@id":"https://retradycja.eu/pl/wydarzenia/tradycyjne-ukrainskie-zabawy-dzieciece-bez-ograniczen-wiekowych-piatek/","url":"https://retradycja.eu/pl/wydarzenia/tradycyjne-ukrainskie-zabawy-dzieciece-bez-ograniczen-wiekowych-piatek/","name":"Tradycyjne ukraińskie zabawy dziecięce","isPartOf":{"@id":"https://retradycja.eu/pl/#website"},"datePublished":"2023-07-25T15:57:09+00:00","dateModified":"2023-11-10T11:57:55+00:00","description":"Tradycyjne ukraińskie zabawy dziecięce.","breadcrumb":{"@id":"https://retradycja.eu/pl/wydarzenia/tradycyjne-ukrainskie-zabawy-dzieciece-bez-ograniczen-wiekowych-piatek/#breadcrumb"},"inLanguage":"pl-PL","potentialAction":[{"@type":"ReadAction","target":["https://retradycja.eu/pl/wydarzenia/tradycyjne-ukrainskie-zabawy-dzieciece-bez-ograniczen-wiekowych-piatek/"]}]},{"@type":"BreadcrumbList","@id":"https://retradycja.eu/pl/wydarzenia/tradycyjne-ukrainskie-zabawy-dzieciece-bez-ograniczen-wiekowych-piatek/#breadcrumb","itemListElement":[{"@type":"ListItem","position":1,"name":"Strona główna","item":"https://retradycja.eu/pl/"},{"@type":"ListItem","position":2,"name":"Wydarzenia","item":"https://retradycja.eu/pl/wydarzenia/"},{"@type":"ListItem","position":3,"name":"Tradycyjne ukraińskie zabawy dziecięce | bez ograniczeń wiekowych"}]},{"@type":"WebSite","@id":"https://retradycja.eu/pl/#website","url":"https://retradycja.eu/pl/","name":"Festiwal Re:tradycja - Jarmark Jagielloński","description":" Lublin, Stare Miasto","publisher":{"@id":"https://retradycja.eu/pl/#organization"},"potentialAction":[{"@type":"SearchAction","target":{"@type":"EntryPoint","urlTemplate":"https://retradycja.eu/pl/?s={search_term_string}"},"query-input":"required name=search_term_string"}],"inLanguage":"pl-PL"},{"@type":"Organization","@id":"https://retradycja.eu/pl/#organization","name":"Warsztaty Kultury w Lublinie","url":"https://retradycja.eu/pl/","logo":{"@type":"ImageObject","inLanguage":"pl-PL","@id":"https://retradycja.eu/pl/#/schema/logo/image/","url":"https://retradycja.eu/wp-content/uploads/2022/06/logo_retradycje-01.png","contentUrl":"https://retradycja.eu/wp-content/uploads/2022/06/logo_retradycje-01.png","width":332,"height":63,"caption":"Warsztaty Kultury w Lublinie"},"image":{"@id":"https://retradycja.eu/pl/#/schema/logo/image/"},"sameAs":["https://www.facebook.com/retradycja","https://www.instagram.com/retradycja_jarmarkjagiellonski/","https://www.youtube.com/user/JarmarkJagiellonski"]}]}</script>
<!-- / Yoast SEO plugin. -->

Tradycyjne ukraińskie zabawy dziecięce

Tradycyjne ukraińskie zabawy dziecięce.

Festiwal Re:tradycja - Jarmark Jagielloński

Strona główna
