{"id":55376,"date":"2024-08-06T11:55:48","date_gmt":"2024-08-06T09:55:48","guid":{"rendered":"https:\/\/retradycja.eu\/?post_type=artysta&#038;p=55376"},"modified":"2024-08-06T11:57:12","modified_gmt":"2024-08-06T09:57:12","slug":"marta-graban-butryn","status":"publish","type":"artysta","link":"https:\/\/retradycja.eu\/pl\/artysta\/marta-graban-butryn\/","title":{"rendered":"Marta Graban &#8211; Butryn | POL"},"content":{"rendered":"\n<p><strong>Prowadz\u0105ca Letni\u0105 Szko\u0142\u0119 Tradycji 2024 <\/strong><br><br>Etnolog, folklorystka, etnomuzykolog, absolwentka Kulturoznawstwa na UMCS w Lublinie\u00a0 (spec. folklorystyka i etnologia), stypendystka International Visegrad Fund oraz Ministra Kultury i Dziedzictwa Narodowego. Autorka artyku\u0142\u00f3w dotycz\u0105cych obrz\u0119dowo\u015bci rodzinnej \u0141emk\u00f3w, pomys\u0142odawczyni i koordynatorka projektu Lemko Archive. Od wielu lat poznaje, \u015bpiewa i gra muzyk\u0119 tradycyjn\u0105 Roztocza i \u0141emkowszczyzny. Uczestniczka wielu wypraw terenowych oraz przedsi\u0119wzi\u0119\u0107 muzycznych z udzia\u0142em wiejskich muzykant\u00f3w i \u015bpiewak\u00f3w (Szko\u0142a Suki Bi\u0142gorajskiej, Kapela Butryn\u00f3w, \u0141emkowska Wiejska Kapela Uherec, Akademia Kolberga). W 2023 roku realizowa\u0142a projekt pn. \u201ePie\u015bni \u0141emk\u00f3w\u201d, kt\u00f3ry mia\u0142 na celu zachowanie najstarszych \u0142emkowskich pie\u015bni (szczeg\u00f3lnie sob\u00f3tkowych, rusalnych, pasterskich, ko\u0142ysanek czy pie\u015bni wykonywanych na \u201eweczyrkach\u201d), jak i ich upowszechnienie w\u015br\u00f3d spo\u0142eczno\u015bci \u0142emkowskiej. W ramach projektu przeprowadzone zosta\u0142y kwerendy biblioteczne i archiwalne, badania terenowe, opracowanie i archiwizacja zebranego materia\u0142u, a tak\u017ce seria spotka\u0144\/prezentacji\/koncert\u00f3w w wybranych wsiach zamieszkiwanych obecnie przez spo\u0142eczno\u015b\u0107 \u0142emkowsk\u0105.<\/p>\n\n\n\n<p>Fot. Magda Boruch<\/p>\n\n\n\n<p><\/p>\n","protected":false},"featured_media":55377,"template":"","meta":{"_acf_changed":true,"ngg_post_thumbnail":0},"kategoria_wydarzenia":[],"edycja":[320],"acf":[],"yoast_head":"<!-- This site is optimized with the Yoast SEO plugin v22.2 - https:\/\/yoast.com\/wordpress\/plugins\/seo\/ -->\n<title>Marta Graban - Butryn<\/title>\n<meta name=\"description\" content=\"Etnolog, folklorystka, etnomuzykolog, absolwentka Kulturoznawstwa na UMCS w Lublinie\u00a0\" \/>\n<meta name=\"robots\" content=\"index, follow, max-snippet:-1, max-image-preview:large, max-video-preview:-1\" \/>\n<link rel=\"canonical\" href=\"https:\/\/retradycja.eu\/pl\/artysta\/marta-graban-butryn\/\" \/>\n<meta property=\"og:locale\" content=\"pl_PL\" \/>\n<meta property=\"og:type\" content=\"article\" \/>\n<meta property=\"og:title\" content=\"Marta Graban - Butryn\" \/>\n<meta property=\"og:description\" content=\"Etnolog, folklorystka, etnomuzykolog, absolwentka Kulturoznawstwa na UMCS w Lublinie\u00a0\" \/>\n<meta property=\"og:url\" content=\"https:\/\/retradycja.eu\/pl\/artysta\/marta-graban-butryn\/\" \/>\n<meta property=\"og:site_name\" content=\"Festiwal Re:tradycja - Jarmark Jagiello\u0144ski\" \/>\n<meta property=\"article:publisher\" content=\"https:\/\/www.facebook.com\/retradycja\" \/>\n<meta property=\"article:modified_time\" content=\"2024-08-06T09:57:12+00:00\" \/>\n<meta property=\"og:image\" content=\"https:\/\/retradycja.eu\/wp-content\/uploads\/2024\/08\/fot.magda_boruch-03-3.jpg\" \/>\n\t<meta property=\"og:image:width\" content=\"1920\" \/>\n\t<meta property=\"og:image:height\" content=\"1280\" \/>\n\t<meta property=\"og:image:type\" content=\"image\/jpeg\" \/>\n<meta name=\"twitter:card\" content=\"summary_large_image\" \/>\n<meta name=\"twitter:label1\" content=\"Szacowany czas czytania\" \/>\n\t<meta name=\"twitter:data1\" content=\"1 minuta\" \/>\n<script type=\"application\/ld+json\" class=\"yoast-schema-graph\">{\"@context\":\"https:\/\/schema.org\",\"@graph\":[{\"@type\":\"WebPage\",\"@id\":\"https:\/\/retradycja.eu\/pl\/artysta\/marta-graban-butryn\/\",\"url\":\"https:\/\/retradycja.eu\/pl\/artysta\/marta-graban-butryn\/\",\"name\":\"Marta Graban - Butryn\",\"isPartOf\":{\"@id\":\"https:\/\/retradycja.eu\/pl\/#website\"},\"primaryImageOfPage\":{\"@id\":\"https:\/\/retradycja.eu\/pl\/artysta\/marta-graban-butryn\/#primaryimage\"},\"image\":{\"@id\":\"https:\/\/retradycja.eu\/pl\/artysta\/marta-graban-butryn\/#primaryimage\"},\"thumbnailUrl\":\"https:\/\/retradycja.eu\/wp-content\/uploads\/2024\/08\/fot.magda_boruch-03-3.jpg\",\"datePublished\":\"2024-08-06T09:55:48+00:00\",\"dateModified\":\"2024-08-06T09:57:12+00:00\",\"description\":\"Etnolog, folklorystka, etnomuzykolog, absolwentka Kulturoznawstwa na UMCS w Lublinie\u00a0\",\"breadcrumb\":{\"@id\":\"https:\/\/retradycja.eu\/pl\/artysta\/marta-graban-butryn\/#breadcrumb\"},\"inLanguage\":\"pl-PL\",\"potentialAction\":[{\"@type\":\"ReadAction\",\"target\":[\"https:\/\/retradycja.eu\/pl\/artysta\/marta-graban-butryn\/\"]}]},{\"@type\":\"ImageObject\",\"inLanguage\":\"pl-PL\",\"@id\":\"https:\/\/retradycja.eu\/pl\/artysta\/marta-graban-butryn\/#primaryimage\",\"url\":\"https:\/\/retradycja.eu\/wp-content\/uploads\/2024\/08\/fot.magda_boruch-03-3.jpg\",\"contentUrl\":\"https:\/\/retradycja.eu\/wp-content\/uploads\/2024\/08\/fot.magda_boruch-03-3.jpg\",\"width\":1920,\"height\":1280,\"caption\":\"Kobieta w okularach gra na b\u0119bnie.\"},{\"@type\":\"BreadcrumbList\",\"@id\":\"https:\/\/retradycja.eu\/pl\/artysta\/marta-graban-butryn\/#breadcrumb\",\"itemListElement\":[{\"@type\":\"ListItem\",\"position\":1,\"name\":\"Strona g\u0142\u00f3wna\",\"item\":\"https:\/\/retradycja.eu\/pl\/\"},{\"@type\":\"ListItem\",\"position\":2,\"name\":\"Marta Graban &#8211; Butryn | POL\"}]},{\"@type\":\"WebSite\",\"@id\":\"https:\/\/retradycja.eu\/pl\/#website\",\"url\":\"https:\/\/retradycja.eu\/pl\/\",\"name\":\"Festiwal Re:tradycja - Jarmark Jagiello\u0144ski\",\"description\":\" Lublin, Stare Miasto\",\"publisher\":{\"@id\":\"https:\/\/retradycja.eu\/pl\/#organization\"},\"potentialAction\":[{\"@type\":\"SearchAction\",\"target\":{\"@type\":\"EntryPoint\",\"urlTemplate\":\"https:\/\/retradycja.eu\/pl\/?s={search_term_string}\"},\"query-input\":\"required name=search_term_string\"}],\"inLanguage\":\"pl-PL\"},{\"@type\":\"Organization\",\"@id\":\"https:\/\/retradycja.eu\/pl\/#organization\",\"name\":\"Warsztaty Kultury w Lublinie\",\"url\":\"https:\/\/retradycja.eu\/pl\/\",\"logo\":{\"@type\":\"ImageObject\",\"inLanguage\":\"pl-PL\",\"@id\":\"https:\/\/retradycja.eu\/pl\/#\/schema\/logo\/image\/\",\"url\":\"https:\/\/retradycja.eu\/wp-content\/uploads\/2022\/06\/logo_retradycje-01.png\",\"contentUrl\":\"https:\/\/retradycja.eu\/wp-content\/uploads\/2022\/06\/logo_retradycje-01.png\",\"width\":332,\"height\":63,\"caption\":\"Warsztaty Kultury w Lublinie\"},\"image\":{\"@id\":\"https:\/\/retradycja.eu\/pl\/#\/schema\/logo\/image\/\"},\"sameAs\":[\"https:\/\/www.facebook.com\/retradycja\",\"https:\/\/www.instagram.com\/retradycja_jarmarkjagiellonski\/\",\"https:\/\/www.youtube.com\/user\/JarmarkJagiellonski\"]}]}<\/script>\n<!-- \/ Yoast SEO plugin. -->","yoast_head_json":{"title":"Marta Graban - Butryn","description":"Etnolog, folklorystka, etnomuzykolog, absolwentka Kulturoznawstwa na UMCS w Lublinie\u00a0","robots":{"index":"index","follow":"follow","max-snippet":"max-snippet:-1","max-image-preview":"max-image-preview:large","max-video-preview":"max-video-preview:-1"},"canonical":"https:\/\/retradycja.eu\/pl\/artysta\/marta-graban-butryn\/","og_locale":"pl_PL","og_type":"article","og_title":"Marta Graban - Butryn","og_description":"Etnolog, folklorystka, etnomuzykolog, absolwentka Kulturoznawstwa na UMCS w Lublinie\u00a0","og_url":"https:\/\/retradycja.eu\/pl\/artysta\/marta-graban-butryn\/","og_site_name":"Festiwal Re:tradycja - Jarmark Jagiello\u0144ski","article_publisher":"https:\/\/www.facebook.com\/retradycja","article_modified_time":"2024-08-06T09:57:12+00:00","og_image":[{"width":1920,"height":1280,"url":"https:\/\/retradycja.eu\/wp-content\/uploads\/2024\/08\/fot.magda_boruch-03-3.jpg","type":"image\/jpeg"}],"twitter_card":"summary_large_image","twitter_misc":{"Szacowany czas czytania":"1 minuta"},"schema":{"@context":"https:\/\/schema.org","@graph":[{"@type":"WebPage","@id":"https:\/\/retradycja.eu\/pl\/artysta\/marta-graban-butryn\/","url":"https:\/\/retradycja.eu\/pl\/artysta\/marta-graban-butryn\/","name":"Marta Graban - Butryn","isPartOf":{"@id":"https:\/\/retradycja.eu\/pl\/#website"},"primaryImageOfPage":{"@id":"https:\/\/retradycja.eu\/pl\/artysta\/marta-graban-butryn\/#primaryimage"},"image":{"@id":"https:\/\/retradycja.eu\/pl\/artysta\/marta-graban-butryn\/#primaryimage"},"thumbnailUrl":"https:\/\/retradycja.eu\/wp-content\/uploads\/2024\/08\/fot.magda_boruch-03-3.jpg","datePublished":"2024-08-06T09:55:48+00:00","dateModified":"2024-08-06T09:57:12+00:00","description":"Etnolog, folklorystka, etnomuzykolog, absolwentka Kulturoznawstwa na UMCS w Lublinie\u00a0","breadcrumb":{"@id":"https:\/\/retradycja.eu\/pl\/artysta\/marta-graban-butryn\/#breadcrumb"},"inLanguage":"pl-PL","potentialAction":[{"@type":"ReadAction","target":["https:\/\/retradycja.eu\/pl\/artysta\/marta-graban-butryn\/"]}]},{"@type":"ImageObject","inLanguage":"pl-PL","@id":"https:\/\/retradycja.eu\/pl\/artysta\/marta-graban-butryn\/#primaryimage","url":"https:\/\/retradycja.eu\/wp-content\/uploads\/2024\/08\/fot.magda_boruch-03-3.jpg","contentUrl":"https:\/\/retradycja.eu\/wp-content\/uploads\/2024\/08\/fot.magda_boruch-03-3.jpg","width":1920,"height":1280,"caption":"Kobieta w okularach gra na b\u0119bnie."},{"@type":"BreadcrumbList","@id":"https:\/\/retradycja.eu\/pl\/artysta\/marta-graban-butryn\/#breadcrumb","itemListElement":[{"@type":"ListItem","position":1,"name":"Strona g\u0142\u00f3wna","item":"https:\/\/retradycja.eu\/pl\/"},{"@type":"ListItem","position":2,"name":"Marta Graban &#8211; Butryn | POL"}]},{"@type":"WebSite","@id":"https:\/\/retradycja.eu\/pl\/#website","url":"https:\/\/retradycja.eu\/pl\/","name":"Festiwal Re:tradycja - Jarmark Jagiello\u0144ski","description":" Lublin, Stare Miasto","publisher":{"@id":"https:\/\/retradycja.eu\/pl\/#organization"},"potentialAction":[{"@type":"SearchAction","target":{"@type":"EntryPoint","urlTemplate":"https:\/\/retradycja.eu\/pl\/?s={search_term_string}"},"query-input":"required name=search_term_string"}],"inLanguage":"pl-PL"},{"@type":"Organization","@id":"https:\/\/retradycja.eu\/pl\/#organization","name":"Warsztaty Kultury w Lublinie","url":"https:\/\/retradycja.eu\/pl\/","logo":{"@type":"ImageObject","inLanguage":"pl-PL","@id":"https:\/\/retradycja.eu\/pl\/#\/schema\/logo\/image\/","url":"https:\/\/retradycja.eu\/wp-content\/uploads\/2022\/06\/logo_retradycje-01.png","contentUrl":"https:\/\/retradycja.eu\/wp-content\/uploads\/2022\/06\/logo_retradycje-01.png","width":332,"height":63,"caption":"Warsztaty Kultury w Lublinie"},"image":{"@id":"https:\/\/retradycja.eu\/pl\/#\/schema\/logo\/image\/"},"sameAs":["https:\/\/www.facebook.com\/retradycja","https:\/\/www.instagram.com\/retradycja_jarmarkjagiellonski\/","https:\/\/www.youtube.com\/user\/JarmarkJagiellonski"]}]}},"_links":{"self":[{"href":"https:\/\/retradycja.eu\/pl\/wp-json\/wp\/v2\/artysta\/55376"}],"collection":[{"href":"https:\/\/retradycja.eu\/pl\/wp-json\/wp\/v2\/artysta"}],"about":[{"href":"https:\/\/retradycja.eu\/pl\/wp-json\/wp\/v2\/types\/artysta"}],"wp:featuredmedia":[{"embeddable":true,"href":"https:\/\/retradycja.eu\/pl\/wp-json\/wp\/v2\/media\/55377"}],"wp:attachment":[{"href":"https:\/\/retradycja.eu\/pl\/wp-json\/wp\/v2\/media?parent=55376"}],"wp:term":[{"taxonomy":"kategoria_wydarzenia","embeddable":true,"href":"https:\/\/retradycja.eu\/pl\/wp-json\/wp\/v2\/kategoria_wydarzenia?post=55376"},{"taxonomy":"edycja","embeddable":true,"href":"https:\/\/retradycja.eu\/pl\/wp-json\/wp\/v2\/edycja?post=55376"}],"curies":[{"name":"wp","href":"https:\/\/api.w.org\/{rel}","templated":true}]}}

<p><strong>Prowadząca Letnią Szkołę Tradycji 2024 </strong><br><br>Etnolog, folklorystka, etnomuzykolog, absolwentka Kulturoznawstwa na UMCS w Lublinie  (spec. folklorystyka i etnologia), stypendystka International Visegrad Fund oraz Ministra Kultury i Dziedzictwa Narodowego. Autorka artykułów dotyczących obrzędowości rodzinnej Łemków, pomysłodawczyni i koordynatorka projektu Lemko Archive. Od wielu lat poznaje, śpiewa i gra muzykę tradycyjną Roztocza i Łemkowszczyzny. Uczestniczka wielu wypraw terenowych oraz przedsięwzięć muzycznych z udziałem wiejskich muzykantów i śpiewaków (Szkoła Suki Biłgorajskiej, Kapela Butrynów, Łemkowska Wiejska Kapela Uherec, Akademia Kolberga). W 2023 roku realizowała projekt pn. „Pieśni Łemków”, który miał na celu zachowanie najstarszych łemkowskich pieśni (szczególnie sobótkowych, rusalnych, pasterskich, kołysanek czy pieśni wykonywanych na „weczyrkach”), jak i ich upowszechnienie wśród społeczności łemkowskiej. W ramach projektu przeprowadzone zostały kwerendy biblioteczne i archiwalne, badania terenowe, opracowanie i archiwizacja zebranego materiału, a także seria spotkań/prezentacji/koncertów w wybranych wsiach zamieszkiwanych obecnie przez społeczność łemkowską.</p>



<p>Fot. Magda Boruch</p>



<p></p>

<!-- This site is optimized with the Yoast SEO plugin v22.2 - https://yoast.com/wordpress/plugins/seo/ -->
<title>Marta Graban - Butryn</title>
<meta name="description" content="Etnolog, folklorystka, etnomuzykolog, absolwentka Kulturoznawstwa na UMCS w Lublinie " />
<meta name="robots" content="index, follow, max-snippet:-1, max-image-preview:large, max-video-preview:-1" />
<link rel="canonical" href="https://retradycja.eu/pl/artysta/marta-graban-butryn/" />
<meta property="og:locale" content="pl_PL" />
<meta property="og:type" content="article" />
<meta property="og:title" content="Marta Graban - Butryn" />
<meta property="og:description" content="Etnolog, folklorystka, etnomuzykolog, absolwentka Kulturoznawstwa na UMCS w Lublinie " />
<meta property="og:url" content="https://retradycja.eu/pl/artysta/marta-graban-butryn/" />
<meta property="og:site_name" content="Festiwal Re:tradycja - Jarmark Jagielloński" />
<meta property="article:publisher" content="https://www.facebook.com/retradycja" />
<meta property="article:modified_time" content="2024-08-06T09:57:12+00:00" />
<meta property="og:image" content="https://retradycja.eu/wp-content/uploads/2024/08/fot.magda_boruch-03-3.jpg" />
	<meta property="og:image:width" content="1920" />
	<meta property="og:image:height" content="1280" />
	<meta property="og:image:type" content="image/jpeg" />
<meta name="twitter:card" content="summary_large_image" />
<meta name="twitter:label1" content="Szacowany czas czytania" />
	<meta name="twitter:data1" content="1 minuta" />
<script type="application/ld+json" class="yoast-schema-graph">{"@context":"https://schema.org","@graph":[{"@type":"WebPage","@id":"https://retradycja.eu/pl/artysta/marta-graban-butryn/","url":"https://retradycja.eu/pl/artysta/marta-graban-butryn/","name":"Marta Graban - Butryn","isPartOf":{"@id":"https://retradycja.eu/pl/#website"},"primaryImageOfPage":{"@id":"https://retradycja.eu/pl/artysta/marta-graban-butryn/#primaryimage"},"image":{"@id":"https://retradycja.eu/pl/artysta/marta-graban-butryn/#primaryimage"},"thumbnailUrl":"https://retradycja.eu/wp-content/uploads/2024/08/fot.magda_boruch-03-3.jpg","datePublished":"2024-08-06T09:55:48+00:00","dateModified":"2024-08-06T09:57:12+00:00","description":"Etnolog, folklorystka, etnomuzykolog, absolwentka Kulturoznawstwa na UMCS w Lublinie ","breadcrumb":{"@id":"https://retradycja.eu/pl/artysta/marta-graban-butryn/#breadcrumb"},"inLanguage":"pl-PL","potentialAction":[{"@type":"ReadAction","target":["https://retradycja.eu/pl/artysta/marta-graban-butryn/"]}]},{"@type":"ImageObject","inLanguage":"pl-PL","@id":"https://retradycja.eu/pl/artysta/marta-graban-butryn/#primaryimage","url":"https://retradycja.eu/wp-content/uploads/2024/08/fot.magda_boruch-03-3.jpg","contentUrl":"https://retradycja.eu/wp-content/uploads/2024/08/fot.magda_boruch-03-3.jpg","width":1920,"height":1280,"caption":"Kobieta w okularach gra na bębnie."},{"@type":"BreadcrumbList","@id":"https://retradycja.eu/pl/artysta/marta-graban-butryn/#breadcrumb","itemListElement":[{"@type":"ListItem","position":1,"name":"Strona główna","item":"https://retradycja.eu/pl/"},{"@type":"ListItem","position":2,"name":"Marta Graban &#8211; Butryn | POL"}]},{"@type":"WebSite","@id":"https://retradycja.eu/pl/#website","url":"https://retradycja.eu/pl/","name":"Festiwal Re:tradycja - Jarmark Jagielloński","description":" Lublin, Stare Miasto","publisher":{"@id":"https://retradycja.eu/pl/#organization"},"potentialAction":[{"@type":"SearchAction","target":{"@type":"EntryPoint","urlTemplate":"https://retradycja.eu/pl/?s={search_term_string}"},"query-input":"required name=search_term_string"}],"inLanguage":"pl-PL"},{"@type":"Organization","@id":"https://retradycja.eu/pl/#organization","name":"Warsztaty Kultury w Lublinie","url":"https://retradycja.eu/pl/","logo":{"@type":"ImageObject","inLanguage":"pl-PL","@id":"https://retradycja.eu/pl/#/schema/logo/image/","url":"https://retradycja.eu/wp-content/uploads/2022/06/logo_retradycje-01.png","contentUrl":"https://retradycja.eu/wp-content/uploads/2022/06/logo_retradycje-01.png","width":332,"height":63,"caption":"Warsztaty Kultury w Lublinie"},"image":{"@id":"https://retradycja.eu/pl/#/schema/logo/image/"},"sameAs":["https://www.facebook.com/retradycja","https://www.instagram.com/retradycja_jarmarkjagiellonski/","https://www.youtube.com/user/JarmarkJagiellonski"]}]}</script>
<!-- / Yoast SEO plugin. -->

Festiwal Re:tradycja - Jarmark Jagielloński

Kobieta w okularach gra na bębnie.

Strona główna
