{"id":50804,"date":"2023-07-20T11:23:34","date_gmt":"2023-07-20T09:23:34","guid":{"rendered":"https:\/\/retradycja.eu\/?post_type=artysta&#038;p=50804"},"modified":"2024-07-31T10:07:38","modified_gmt":"2024-07-31T08:07:38","slug":"zespol-tradycyjnego-spiewu-poleskiego-rankova-rosa-z-rownego","status":"publish","type":"artysta","link":"https:\/\/retradycja.eu\/pl\/artysta\/zespol-tradycyjnego-spiewu-poleskiego-rankova-rosa-z-rownego\/","title":{"rendered":"Zesp\u00f3\u0142 tradycyjnego \u015bpiewu poleskiego \u201eRankova rosa\u201d z R\u00f3wnego"},"content":{"rendered":"\n<p>Zesp\u00f3\u0142 Rankova rosa zosta\u0142 stworzony w 2001 r. przez Jurija i All\u0119 Kovalchuk przy szkole nr 28 w R\u00f3wnem (Ukraina).\u00a0 Prowadz\u0105cym zale\u017cy na tym, by dzieci i m\u0142odzie\u017c nale\u017c\u0105ce do grupy poznawa\u0142y dziedzictwo kultury tradycyjnej swojego regionu.<\/p>\n\n\n\n<p>Repertuar zespo\u0142u obejmuje tradycyjne pie\u015bni ludowe, dawne ta\u0144ce i zabawy, a tak\u017ce fragmenty obrz\u0119d\u00f3w w\u0142a\u015bciwych dla Polesia R\u00f3wie\u0144skiego. Podczas Festiwalu zesp\u00f3\u0142 b\u0119dziemy mogli spotka\u0107 na podw\u00f3rku Re:tradycji, gdzie dzieci zaprosz\u0105 nas do wsp\u00f3lnych tradycyjnych zabaw.<\/p>\n","protected":false},"featured_media":0,"template":"","meta":{"_acf_changed":true,"ngg_post_thumbnail":0},"kategoria_wydarzenia":[],"edycja":[294],"acf":[],"yoast_head":"<!-- This site is optimized with the Yoast SEO plugin v22.2 - https:\/\/yoast.com\/wordpress\/plugins\/seo\/ -->\n<title>Zesp\u00f3\u0142 tradycyjnego \u015bpiewu poleskiego \u201eRankova rosa\u201d z R\u00f3wnego<\/title>\n<meta name=\"description\" content=\"Prowadz\u0105cym zale\u017cy na tym, by dzieci i m\u0142odzie\u017c nale\u017c\u0105ce do grupy poznawa\u0142y dziedzictwo kultury tradycyjnej swojego regionu.\" \/>\n<meta name=\"robots\" content=\"index, follow, max-snippet:-1, max-image-preview:large, max-video-preview:-1\" \/>\n<link rel=\"canonical\" href=\"https:\/\/retradycja.eu\/pl\/artysta\/zespol-tradycyjnego-spiewu-poleskiego-rankova-rosa-z-rownego\/\" \/>\n<meta property=\"og:locale\" content=\"pl_PL\" \/>\n<meta property=\"og:type\" content=\"article\" \/>\n<meta property=\"og:title\" content=\"Zesp\u00f3\u0142 tradycyjnego \u015bpiewu poleskiego \u201eRankova rosa\u201d z R\u00f3wnego\" \/>\n<meta property=\"og:description\" content=\"Prowadz\u0105cym zale\u017cy na tym, by dzieci i m\u0142odzie\u017c nale\u017c\u0105ce do grupy poznawa\u0142y dziedzictwo kultury tradycyjnej swojego regionu.\" \/>\n<meta property=\"og:url\" content=\"https:\/\/retradycja.eu\/pl\/artysta\/zespol-tradycyjnego-spiewu-poleskiego-rankova-rosa-z-rownego\/\" \/>\n<meta property=\"og:site_name\" content=\"Festiwal Re:tradycja - Jarmark Jagiello\u0144ski\" \/>\n<meta property=\"article:publisher\" content=\"https:\/\/www.facebook.com\/retradycja\" \/>\n<meta property=\"article:modified_time\" content=\"2024-07-31T08:07:38+00:00\" \/>\n<meta name=\"twitter:card\" content=\"summary_large_image\" \/>\n<meta name=\"twitter:label1\" content=\"Szacowany czas czytania\" \/>\n\t<meta name=\"twitter:data1\" content=\"1 minuta\" \/>\n<script type=\"application\/ld+json\" class=\"yoast-schema-graph\">{\"@context\":\"https:\/\/schema.org\",\"@graph\":[{\"@type\":\"WebPage\",\"@id\":\"https:\/\/retradycja.eu\/pl\/artysta\/zespol-tradycyjnego-spiewu-poleskiego-rankova-rosa-z-rownego\/\",\"url\":\"https:\/\/retradycja.eu\/pl\/artysta\/zespol-tradycyjnego-spiewu-poleskiego-rankova-rosa-z-rownego\/\",\"name\":\"Zesp\u00f3\u0142 tradycyjnego \u015bpiewu poleskiego \u201eRankova rosa\u201d z R\u00f3wnego\",\"isPartOf\":{\"@id\":\"https:\/\/retradycja.eu\/pl\/#website\"},\"datePublished\":\"2023-07-20T09:23:34+00:00\",\"dateModified\":\"2024-07-31T08:07:38+00:00\",\"description\":\"Prowadz\u0105cym zale\u017cy na tym, by dzieci i m\u0142odzie\u017c nale\u017c\u0105ce do grupy poznawa\u0142y dziedzictwo kultury tradycyjnej swojego regionu.\",\"breadcrumb\":{\"@id\":\"https:\/\/retradycja.eu\/pl\/artysta\/zespol-tradycyjnego-spiewu-poleskiego-rankova-rosa-z-rownego\/#breadcrumb\"},\"inLanguage\":\"pl-PL\",\"potentialAction\":[{\"@type\":\"ReadAction\",\"target\":[\"https:\/\/retradycja.eu\/pl\/artysta\/zespol-tradycyjnego-spiewu-poleskiego-rankova-rosa-z-rownego\/\"]}]},{\"@type\":\"BreadcrumbList\",\"@id\":\"https:\/\/retradycja.eu\/pl\/artysta\/zespol-tradycyjnego-spiewu-poleskiego-rankova-rosa-z-rownego\/#breadcrumb\",\"itemListElement\":[{\"@type\":\"ListItem\",\"position\":1,\"name\":\"Strona g\u0142\u00f3wna\",\"item\":\"https:\/\/retradycja.eu\/pl\/\"},{\"@type\":\"ListItem\",\"position\":2,\"name\":\"Zesp\u00f3\u0142 tradycyjnego \u015bpiewu poleskiego \u201eRankova rosa\u201d z R\u00f3wnego\"}]},{\"@type\":\"WebSite\",\"@id\":\"https:\/\/retradycja.eu\/pl\/#website\",\"url\":\"https:\/\/retradycja.eu\/pl\/\",\"name\":\"Festiwal Re:tradycja - Jarmark Jagiello\u0144ski\",\"description\":\" Lublin, Stare Miasto\",\"publisher\":{\"@id\":\"https:\/\/retradycja.eu\/pl\/#organization\"},\"potentialAction\":[{\"@type\":\"SearchAction\",\"target\":{\"@type\":\"EntryPoint\",\"urlTemplate\":\"https:\/\/retradycja.eu\/pl\/?s={search_term_string}\"},\"query-input\":\"required name=search_term_string\"}],\"inLanguage\":\"pl-PL\"},{\"@type\":\"Organization\",\"@id\":\"https:\/\/retradycja.eu\/pl\/#organization\",\"name\":\"Warsztaty Kultury w Lublinie\",\"url\":\"https:\/\/retradycja.eu\/pl\/\",\"logo\":{\"@type\":\"ImageObject\",\"inLanguage\":\"pl-PL\",\"@id\":\"https:\/\/retradycja.eu\/pl\/#\/schema\/logo\/image\/\",\"url\":\"https:\/\/retradycja.eu\/wp-content\/uploads\/2022\/06\/logo_retradycje-01.png\",\"contentUrl\":\"https:\/\/retradycja.eu\/wp-content\/uploads\/2022\/06\/logo_retradycje-01.png\",\"width\":332,\"height\":63,\"caption\":\"Warsztaty Kultury w Lublinie\"},\"image\":{\"@id\":\"https:\/\/retradycja.eu\/pl\/#\/schema\/logo\/image\/\"},\"sameAs\":[\"https:\/\/www.facebook.com\/retradycja\",\"https:\/\/www.instagram.com\/retradycja_jarmarkjagiellonski\/\",\"https:\/\/www.youtube.com\/user\/JarmarkJagiellonski\"]}]}<\/script>\n<!-- \/ Yoast SEO plugin. -->","yoast_head_json":{"title":"Zesp\u00f3\u0142 tradycyjnego \u015bpiewu poleskiego \u201eRankova rosa\u201d z R\u00f3wnego","description":"Prowadz\u0105cym zale\u017cy na tym, by dzieci i m\u0142odzie\u017c nale\u017c\u0105ce do grupy poznawa\u0142y dziedzictwo kultury tradycyjnej swojego regionu.","robots":{"index":"index","follow":"follow","max-snippet":"max-snippet:-1","max-image-preview":"max-image-preview:large","max-video-preview":"max-video-preview:-1"},"canonical":"https:\/\/retradycja.eu\/pl\/artysta\/zespol-tradycyjnego-spiewu-poleskiego-rankova-rosa-z-rownego\/","og_locale":"pl_PL","og_type":"article","og_title":"Zesp\u00f3\u0142 tradycyjnego \u015bpiewu poleskiego \u201eRankova rosa\u201d z R\u00f3wnego","og_description":"Prowadz\u0105cym zale\u017cy na tym, by dzieci i m\u0142odzie\u017c nale\u017c\u0105ce do grupy poznawa\u0142y dziedzictwo kultury tradycyjnej swojego regionu.","og_url":"https:\/\/retradycja.eu\/pl\/artysta\/zespol-tradycyjnego-spiewu-poleskiego-rankova-rosa-z-rownego\/","og_site_name":"Festiwal Re:tradycja - Jarmark Jagiello\u0144ski","article_publisher":"https:\/\/www.facebook.com\/retradycja","article_modified_time":"2024-07-31T08:07:38+00:00","twitter_card":"summary_large_image","twitter_misc":{"Szacowany czas czytania":"1 minuta"},"schema":{"@context":"https:\/\/schema.org","@graph":[{"@type":"WebPage","@id":"https:\/\/retradycja.eu\/pl\/artysta\/zespol-tradycyjnego-spiewu-poleskiego-rankova-rosa-z-rownego\/","url":"https:\/\/retradycja.eu\/pl\/artysta\/zespol-tradycyjnego-spiewu-poleskiego-rankova-rosa-z-rownego\/","name":"Zesp\u00f3\u0142 tradycyjnego \u015bpiewu poleskiego \u201eRankova rosa\u201d z R\u00f3wnego","isPartOf":{"@id":"https:\/\/retradycja.eu\/pl\/#website"},"datePublished":"2023-07-20T09:23:34+00:00","dateModified":"2024-07-31T08:07:38+00:00","description":"Prowadz\u0105cym zale\u017cy na tym, by dzieci i m\u0142odzie\u017c nale\u017c\u0105ce do grupy poznawa\u0142y dziedzictwo kultury tradycyjnej swojego regionu.","breadcrumb":{"@id":"https:\/\/retradycja.eu\/pl\/artysta\/zespol-tradycyjnego-spiewu-poleskiego-rankova-rosa-z-rownego\/#breadcrumb"},"inLanguage":"pl-PL","potentialAction":[{"@type":"ReadAction","target":["https:\/\/retradycja.eu\/pl\/artysta\/zespol-tradycyjnego-spiewu-poleskiego-rankova-rosa-z-rownego\/"]}]},{"@type":"BreadcrumbList","@id":"https:\/\/retradycja.eu\/pl\/artysta\/zespol-tradycyjnego-spiewu-poleskiego-rankova-rosa-z-rownego\/#breadcrumb","itemListElement":[{"@type":"ListItem","position":1,"name":"Strona g\u0142\u00f3wna","item":"https:\/\/retradycja.eu\/pl\/"},{"@type":"ListItem","position":2,"name":"Zesp\u00f3\u0142 tradycyjnego \u015bpiewu poleskiego \u201eRankova rosa\u201d z R\u00f3wnego"}]},{"@type":"WebSite","@id":"https:\/\/retradycja.eu\/pl\/#website","url":"https:\/\/retradycja.eu\/pl\/","name":"Festiwal Re:tradycja - Jarmark Jagiello\u0144ski","description":" Lublin, Stare Miasto","publisher":{"@id":"https:\/\/retradycja.eu\/pl\/#organization"},"potentialAction":[{"@type":"SearchAction","target":{"@type":"EntryPoint","urlTemplate":"https:\/\/retradycja.eu\/pl\/?s={search_term_string}"},"query-input":"required name=search_term_string"}],"inLanguage":"pl-PL"},{"@type":"Organization","@id":"https:\/\/retradycja.eu\/pl\/#organization","name":"Warsztaty Kultury w Lublinie","url":"https:\/\/retradycja.eu\/pl\/","logo":{"@type":"ImageObject","inLanguage":"pl-PL","@id":"https:\/\/retradycja.eu\/pl\/#\/schema\/logo\/image\/","url":"https:\/\/retradycja.eu\/wp-content\/uploads\/2022\/06\/logo_retradycje-01.png","contentUrl":"https:\/\/retradycja.eu\/wp-content\/uploads\/2022\/06\/logo_retradycje-01.png","width":332,"height":63,"caption":"Warsztaty Kultury w Lublinie"},"image":{"@id":"https:\/\/retradycja.eu\/pl\/#\/schema\/logo\/image\/"},"sameAs":["https:\/\/www.facebook.com\/retradycja","https:\/\/www.instagram.com\/retradycja_jarmarkjagiellonski\/","https:\/\/www.youtube.com\/user\/JarmarkJagiellonski"]}]}},"_links":{"self":[{"href":"https:\/\/retradycja.eu\/pl\/wp-json\/wp\/v2\/artysta\/50804"}],"collection":[{"href":"https:\/\/retradycja.eu\/pl\/wp-json\/wp\/v2\/artysta"}],"about":[{"href":"https:\/\/retradycja.eu\/pl\/wp-json\/wp\/v2\/types\/artysta"}],"wp:attachment":[{"href":"https:\/\/retradycja.eu\/pl\/wp-json\/wp\/v2\/media?parent=50804"}],"wp:term":[{"taxonomy":"kategoria_wydarzenia","embeddable":true,"href":"https:\/\/retradycja.eu\/pl\/wp-json\/wp\/v2\/kategoria_wydarzenia?post=50804"},{"taxonomy":"edycja","embeddable":true,"href":"https:\/\/retradycja.eu\/pl\/wp-json\/wp\/v2\/edycja?post=50804"}],"curies":[{"name":"wp","href":"https:\/\/api.w.org\/{rel}","templated":true}]}}

Zespół tradycyjnego śpiewu poleskiego „Rankova rosa” z Równego

<p>Zespół Rankova rosa został stworzony w 2001 r. przez Jurija i Allę Kovalchuk przy szkole nr 28 w Równem (Ukraina).  Prowadzącym zależy na tym, by dzieci i młodzież należące do grupy poznawały dziedzictwo kultury tradycyjnej swojego regionu.</p>



<p>Repertuar zespołu obejmuje tradycyjne pieśni ludowe, dawne tańce i zabawy, a także fragmenty obrzędów właściwych dla Polesia Rówieńskiego. Podczas Festiwalu zespół będziemy mogli spotkać na podwórku Re:tradycji, gdzie dzieci zaproszą nas do wspólnych tradycyjnych zabaw.</p>

<!-- This site is optimized with the Yoast SEO plugin v22.2 - https://yoast.com/wordpress/plugins/seo/ -->
<title>Zespół tradycyjnego śpiewu poleskiego „Rankova rosa” z Równego</title>
<meta name="description" content="Prowadzącym zależy na tym, by dzieci i młodzież należące do grupy poznawały dziedzictwo kultury tradycyjnej swojego regionu." />
<meta name="robots" content="index, follow, max-snippet:-1, max-image-preview:large, max-video-preview:-1" />
<link rel="canonical" href="https://retradycja.eu/pl/artysta/zespol-tradycyjnego-spiewu-poleskiego-rankova-rosa-z-rownego/" />
<meta property="og:locale" content="pl_PL" />
<meta property="og:type" content="article" />
<meta property="og:title" content="Zespół tradycyjnego śpiewu poleskiego „Rankova rosa” z Równego" />
<meta property="og:description" content="Prowadzącym zależy na tym, by dzieci i młodzież należące do grupy poznawały dziedzictwo kultury tradycyjnej swojego regionu." />
<meta property="og:url" content="https://retradycja.eu/pl/artysta/zespol-tradycyjnego-spiewu-poleskiego-rankova-rosa-z-rownego/" />
<meta property="og:site_name" content="Festiwal Re:tradycja - Jarmark Jagielloński" />
<meta property="article:publisher" content="https://www.facebook.com/retradycja" />
<meta property="article:modified_time" content="2024-07-31T08:07:38+00:00" />
<meta name="twitter:card" content="summary_large_image" />
<meta name="twitter:label1" content="Szacowany czas czytania" />
	<meta name="twitter:data1" content="1 minuta" />
<script type="application/ld+json" class="yoast-schema-graph">{"@context":"https://schema.org","@graph":[{"@type":"WebPage","@id":"https://retradycja.eu/pl/artysta/zespol-tradycyjnego-spiewu-poleskiego-rankova-rosa-z-rownego/","url":"https://retradycja.eu/pl/artysta/zespol-tradycyjnego-spiewu-poleskiego-rankova-rosa-z-rownego/","name":"Zespół tradycyjnego śpiewu poleskiego „Rankova rosa” z Równego","isPartOf":{"@id":"https://retradycja.eu/pl/#website"},"datePublished":"2023-07-20T09:23:34+00:00","dateModified":"2024-07-31T08:07:38+00:00","description":"Prowadzącym zależy na tym, by dzieci i młodzież należące do grupy poznawały dziedzictwo kultury tradycyjnej swojego regionu.","breadcrumb":{"@id":"https://retradycja.eu/pl/artysta/zespol-tradycyjnego-spiewu-poleskiego-rankova-rosa-z-rownego/#breadcrumb"},"inLanguage":"pl-PL","potentialAction":[{"@type":"ReadAction","target":["https://retradycja.eu/pl/artysta/zespol-tradycyjnego-spiewu-poleskiego-rankova-rosa-z-rownego/"]}]},{"@type":"BreadcrumbList","@id":"https://retradycja.eu/pl/artysta/zespol-tradycyjnego-spiewu-poleskiego-rankova-rosa-z-rownego/#breadcrumb","itemListElement":[{"@type":"ListItem","position":1,"name":"Strona główna","item":"https://retradycja.eu/pl/"},{"@type":"ListItem","position":2,"name":"Zespół tradycyjnego śpiewu poleskiego „Rankova rosa” z Równego"}]},{"@type":"WebSite","@id":"https://retradycja.eu/pl/#website","url":"https://retradycja.eu/pl/","name":"Festiwal Re:tradycja - Jarmark Jagielloński","description":" Lublin, Stare Miasto","publisher":{"@id":"https://retradycja.eu/pl/#organization"},"potentialAction":[{"@type":"SearchAction","target":{"@type":"EntryPoint","urlTemplate":"https://retradycja.eu/pl/?s={search_term_string}"},"query-input":"required name=search_term_string"}],"inLanguage":"pl-PL"},{"@type":"Organization","@id":"https://retradycja.eu/pl/#organization","name":"Warsztaty Kultury w Lublinie","url":"https://retradycja.eu/pl/","logo":{"@type":"ImageObject","inLanguage":"pl-PL","@id":"https://retradycja.eu/pl/#/schema/logo/image/","url":"https://retradycja.eu/wp-content/uploads/2022/06/logo_retradycje-01.png","contentUrl":"https://retradycja.eu/wp-content/uploads/2022/06/logo_retradycje-01.png","width":332,"height":63,"caption":"Warsztaty Kultury w Lublinie"},"image":{"@id":"https://retradycja.eu/pl/#/schema/logo/image/"},"sameAs":["https://www.facebook.com/retradycja","https://www.instagram.com/retradycja_jarmarkjagiellonski/","https://www.youtube.com/user/JarmarkJagiellonski"]}]}</script>
<!-- / Yoast SEO plugin. -->

Prowadzącym zależy na tym, by dzieci i młodzież należące do grupy poznawały dziedzictwo kultury tradycyjnej swojego regionu.

Festiwal Re:tradycja - Jarmark Jagielloński

Strona główna
