{"id":4572,"date":"2019-07-18T00:00:00","date_gmt":"2019-07-17T22:00:00","guid":{"rendered":"https:\/\/retradycja.eu\/artysta\/maciej-filipczuk\/"},"modified":"2024-07-31T15:08:49","modified_gmt":"2024-07-31T13:08:49","slug":"maciej-filipczuk","status":"publish","type":"artysta","link":"https:\/\/retradycja.eu\/pl\/artysta\/maciej-filipczuk\/","title":{"rendered":"Maciej Filipczuk"},"content":{"rendered":"<p>Skrzypek, ucze\u0144 wiejskiego mistrza Kazimierza Mety. W ramach swoich poszukiwa\u0144 muzycznych skupia si\u0119 na przekazie bezpo\u015brednim mistrz-ucze\u0144 oraz zg\u0142\u0119bia tajniki archaicznych form muzycznych Mazowsza. Muzykant graj\u0105cy do ta\u0144ca w formie in crudo oraz lider i wsp\u00f3\u0142tw\u00f3rca wielu projekt\u00f3w artystycznych inspirowanych muzyk\u0105 tradycyjn\u0105. Stypendysta Ministra Kultury w ramach projekt\u00f3w \u201eMazurek Vulgaris\u201d, \u201eMetaMuzyka\u201d i \u201eArche Vivum\u201d. Tw\u00f3rca projektu Maciej Filipczuk &amp; go\u015bcie weselni, stawiaj\u0105cego na spotkanie tu i teraz i na intensywno\u015b\u0107 muzyki mierzon\u0105 ilo\u015bci\u0105 potu wyci\u015bni\u0119tego z tancerzy.<\/p>\n","protected":false},"featured_media":0,"template":"","meta":{"_acf_changed":true,"ngg_post_thumbnail":0},"kategoria_wydarzenia":[],"edycja":[31],"acf":[],"yoast_head":"<!-- This site is optimized with the Yoast SEO plugin v22.2 - https:\/\/yoast.com\/wordpress\/plugins\/seo\/ -->\n<title>Maciej Filipczuk<\/title>\n<meta name=\"description\" content=\"Skrzypek, ucze\u0144 wiejskiego mistrza Kazimierza Mety.\" \/>\n<meta name=\"robots\" content=\"index, follow, max-snippet:-1, max-image-preview:large, max-video-preview:-1\" \/>\n<link rel=\"canonical\" href=\"https:\/\/retradycja.eu\/pl\/artysta\/maciej-filipczuk\/\" \/>\n<meta property=\"og:locale\" content=\"pl_PL\" \/>\n<meta property=\"og:type\" content=\"article\" \/>\n<meta property=\"og:title\" content=\"Maciej Filipczuk\" \/>\n<meta property=\"og:description\" content=\"Skrzypek, ucze\u0144 wiejskiego mistrza Kazimierza Mety.\" \/>\n<meta property=\"og:url\" content=\"https:\/\/retradycja.eu\/pl\/artysta\/maciej-filipczuk\/\" \/>\n<meta property=\"og:site_name\" content=\"Festiwal Re:tradycja - Jarmark Jagiello\u0144ski\" \/>\n<meta property=\"article:publisher\" content=\"https:\/\/www.facebook.com\/retradycja\" \/>\n<meta property=\"article:modified_time\" content=\"2024-07-31T13:08:49+00:00\" \/>\n<meta name=\"twitter:card\" content=\"summary_large_image\" \/>\n<meta name=\"twitter:label1\" content=\"Szacowany czas czytania\" \/>\n\t<meta name=\"twitter:data1\" content=\"1 minuta\" \/>\n<script type=\"application\/ld+json\" class=\"yoast-schema-graph\">{\"@context\":\"https:\/\/schema.org\",\"@graph\":[{\"@type\":\"WebPage\",\"@id\":\"https:\/\/retradycja.eu\/pl\/artysta\/maciej-filipczuk\/\",\"url\":\"https:\/\/retradycja.eu\/pl\/artysta\/maciej-filipczuk\/\",\"name\":\"Maciej Filipczuk\",\"isPartOf\":{\"@id\":\"https:\/\/retradycja.eu\/pl\/#website\"},\"datePublished\":\"2019-07-17T22:00:00+00:00\",\"dateModified\":\"2024-07-31T13:08:49+00:00\",\"description\":\"Skrzypek, ucze\u0144 wiejskiego mistrza Kazimierza Mety.\",\"breadcrumb\":{\"@id\":\"https:\/\/retradycja.eu\/pl\/artysta\/maciej-filipczuk\/#breadcrumb\"},\"inLanguage\":\"pl-PL\",\"potentialAction\":[{\"@type\":\"ReadAction\",\"target\":[\"https:\/\/retradycja.eu\/pl\/artysta\/maciej-filipczuk\/\"]}]},{\"@type\":\"BreadcrumbList\",\"@id\":\"https:\/\/retradycja.eu\/pl\/artysta\/maciej-filipczuk\/#breadcrumb\",\"itemListElement\":[{\"@type\":\"ListItem\",\"position\":1,\"name\":\"Strona g\u0142\u00f3wna\",\"item\":\"https:\/\/retradycja.eu\/pl\/\"},{\"@type\":\"ListItem\",\"position\":2,\"name\":\"Maciej Filipczuk\"}]},{\"@type\":\"WebSite\",\"@id\":\"https:\/\/retradycja.eu\/pl\/#website\",\"url\":\"https:\/\/retradycja.eu\/pl\/\",\"name\":\"Festiwal Re:tradycja - Jarmark Jagiello\u0144ski\",\"description\":\" Lublin, Stare Miasto\",\"publisher\":{\"@id\":\"https:\/\/retradycja.eu\/pl\/#organization\"},\"potentialAction\":[{\"@type\":\"SearchAction\",\"target\":{\"@type\":\"EntryPoint\",\"urlTemplate\":\"https:\/\/retradycja.eu\/pl\/?s={search_term_string}\"},\"query-input\":\"required name=search_term_string\"}],\"inLanguage\":\"pl-PL\"},{\"@type\":\"Organization\",\"@id\":\"https:\/\/retradycja.eu\/pl\/#organization\",\"name\":\"Warsztaty Kultury w Lublinie\",\"url\":\"https:\/\/retradycja.eu\/pl\/\",\"logo\":{\"@type\":\"ImageObject\",\"inLanguage\":\"pl-PL\",\"@id\":\"https:\/\/retradycja.eu\/pl\/#\/schema\/logo\/image\/\",\"url\":\"https:\/\/retradycja.eu\/wp-content\/uploads\/2022\/06\/logo_retradycje-01.png\",\"contentUrl\":\"https:\/\/retradycja.eu\/wp-content\/uploads\/2022\/06\/logo_retradycje-01.png\",\"width\":332,\"height\":63,\"caption\":\"Warsztaty Kultury w Lublinie\"},\"image\":{\"@id\":\"https:\/\/retradycja.eu\/pl\/#\/schema\/logo\/image\/\"},\"sameAs\":[\"https:\/\/www.facebook.com\/retradycja\",\"https:\/\/www.instagram.com\/retradycja_jarmarkjagiellonski\/\",\"https:\/\/www.youtube.com\/user\/JarmarkJagiellonski\"]}]}<\/script>\n<!-- \/ Yoast SEO plugin. -->","yoast_head_json":{"title":"Maciej Filipczuk","description":"Skrzypek, ucze\u0144 wiejskiego mistrza Kazimierza Mety.","robots":{"index":"index","follow":"follow","max-snippet":"max-snippet:-1","max-image-preview":"max-image-preview:large","max-video-preview":"max-video-preview:-1"},"canonical":"https:\/\/retradycja.eu\/pl\/artysta\/maciej-filipczuk\/","og_locale":"pl_PL","og_type":"article","og_title":"Maciej Filipczuk","og_description":"Skrzypek, ucze\u0144 wiejskiego mistrza Kazimierza Mety.","og_url":"https:\/\/retradycja.eu\/pl\/artysta\/maciej-filipczuk\/","og_site_name":"Festiwal Re:tradycja - Jarmark Jagiello\u0144ski","article_publisher":"https:\/\/www.facebook.com\/retradycja","article_modified_time":"2024-07-31T13:08:49+00:00","twitter_card":"summary_large_image","twitter_misc":{"Szacowany czas czytania":"1 minuta"},"schema":{"@context":"https:\/\/schema.org","@graph":[{"@type":"WebPage","@id":"https:\/\/retradycja.eu\/pl\/artysta\/maciej-filipczuk\/","url":"https:\/\/retradycja.eu\/pl\/artysta\/maciej-filipczuk\/","name":"Maciej Filipczuk","isPartOf":{"@id":"https:\/\/retradycja.eu\/pl\/#website"},"datePublished":"2019-07-17T22:00:00+00:00","dateModified":"2024-07-31T13:08:49+00:00","description":"Skrzypek, ucze\u0144 wiejskiego mistrza Kazimierza Mety.","breadcrumb":{"@id":"https:\/\/retradycja.eu\/pl\/artysta\/maciej-filipczuk\/#breadcrumb"},"inLanguage":"pl-PL","potentialAction":[{"@type":"ReadAction","target":["https:\/\/retradycja.eu\/pl\/artysta\/maciej-filipczuk\/"]}]},{"@type":"BreadcrumbList","@id":"https:\/\/retradycja.eu\/pl\/artysta\/maciej-filipczuk\/#breadcrumb","itemListElement":[{"@type":"ListItem","position":1,"name":"Strona g\u0142\u00f3wna","item":"https:\/\/retradycja.eu\/pl\/"},{"@type":"ListItem","position":2,"name":"Maciej Filipczuk"}]},{"@type":"WebSite","@id":"https:\/\/retradycja.eu\/pl\/#website","url":"https:\/\/retradycja.eu\/pl\/","name":"Festiwal Re:tradycja - Jarmark Jagiello\u0144ski","description":" Lublin, Stare Miasto","publisher":{"@id":"https:\/\/retradycja.eu\/pl\/#organization"},"potentialAction":[{"@type":"SearchAction","target":{"@type":"EntryPoint","urlTemplate":"https:\/\/retradycja.eu\/pl\/?s={search_term_string}"},"query-input":"required name=search_term_string"}],"inLanguage":"pl-PL"},{"@type":"Organization","@id":"https:\/\/retradycja.eu\/pl\/#organization","name":"Warsztaty Kultury w Lublinie","url":"https:\/\/retradycja.eu\/pl\/","logo":{"@type":"ImageObject","inLanguage":"pl-PL","@id":"https:\/\/retradycja.eu\/pl\/#\/schema\/logo\/image\/","url":"https:\/\/retradycja.eu\/wp-content\/uploads\/2022\/06\/logo_retradycje-01.png","contentUrl":"https:\/\/retradycja.eu\/wp-content\/uploads\/2022\/06\/logo_retradycje-01.png","width":332,"height":63,"caption":"Warsztaty Kultury w Lublinie"},"image":{"@id":"https:\/\/retradycja.eu\/pl\/#\/schema\/logo\/image\/"},"sameAs":["https:\/\/www.facebook.com\/retradycja","https:\/\/www.instagram.com\/retradycja_jarmarkjagiellonski\/","https:\/\/www.youtube.com\/user\/JarmarkJagiellonski"]}]}},"_links":{"self":[{"href":"https:\/\/retradycja.eu\/pl\/wp-json\/wp\/v2\/artysta\/4572"}],"collection":[{"href":"https:\/\/retradycja.eu\/pl\/wp-json\/wp\/v2\/artysta"}],"about":[{"href":"https:\/\/retradycja.eu\/pl\/wp-json\/wp\/v2\/types\/artysta"}],"wp:attachment":[{"href":"https:\/\/retradycja.eu\/pl\/wp-json\/wp\/v2\/media?parent=4572"}],"wp:term":[{"taxonomy":"kategoria_wydarzenia","embeddable":true,"href":"https:\/\/retradycja.eu\/pl\/wp-json\/wp\/v2\/kategoria_wydarzenia?post=4572"},{"taxonomy":"edycja","embeddable":true,"href":"https:\/\/retradycja.eu\/pl\/wp-json\/wp\/v2\/edycja?post=4572"}],"curies":[{"name":"wp","href":"https:\/\/api.w.org\/{rel}","templated":true}]}}

<p>Skrzypek, uczeń wiejskiego mistrza Kazimierza Mety. W ramach swoich poszukiwań muzycznych skupia się na przekazie bezpośrednim mistrz-uczeń oraz zgłębia tajniki archaicznych form muzycznych Mazowsza. Muzykant grający do tańca w formie in crudo oraz lider i współtwórca wielu projektów artystycznych inspirowanych muzyką tradycyjną. Stypendysta Ministra Kultury w ramach projektów „Mazurek Vulgaris”, „MetaMuzyka” i „Arche Vivum”. Twórca projektu Maciej Filipczuk &amp; goście weselni, stawiającego na spotkanie tu i teraz i na intensywność muzyki mierzoną ilością potu wyciśniętego z tancerzy.</p>

<!-- This site is optimized with the Yoast SEO plugin v22.2 - https://yoast.com/wordpress/plugins/seo/ -->
<title>Maciej Filipczuk</title>
<meta name="description" content="Skrzypek, uczeń wiejskiego mistrza Kazimierza Mety." />
<meta name="robots" content="index, follow, max-snippet:-1, max-image-preview:large, max-video-preview:-1" />
<link rel="canonical" href="https://retradycja.eu/pl/artysta/maciej-filipczuk/" />
<meta property="og:locale" content="pl_PL" />
<meta property="og:type" content="article" />
<meta property="og:title" content="Maciej Filipczuk" />
<meta property="og:description" content="Skrzypek, uczeń wiejskiego mistrza Kazimierza Mety." />
<meta property="og:url" content="https://retradycja.eu/pl/artysta/maciej-filipczuk/" />
<meta property="og:site_name" content="Festiwal Re:tradycja - Jarmark Jagielloński" />
<meta property="article:publisher" content="https://www.facebook.com/retradycja" />
<meta property="article:modified_time" content="2024-07-31T13:08:49+00:00" />
<meta name="twitter:card" content="summary_large_image" />
<meta name="twitter:label1" content="Szacowany czas czytania" />
	<meta name="twitter:data1" content="1 minuta" />
<script type="application/ld+json" class="yoast-schema-graph">{"@context":"https://schema.org","@graph":[{"@type":"WebPage","@id":"https://retradycja.eu/pl/artysta/maciej-filipczuk/","url":"https://retradycja.eu/pl/artysta/maciej-filipczuk/","name":"Maciej Filipczuk","isPartOf":{"@id":"https://retradycja.eu/pl/#website"},"datePublished":"2019-07-17T22:00:00+00:00","dateModified":"2024-07-31T13:08:49+00:00","description":"Skrzypek, uczeń wiejskiego mistrza Kazimierza Mety.","breadcrumb":{"@id":"https://retradycja.eu/pl/artysta/maciej-filipczuk/#breadcrumb"},"inLanguage":"pl-PL","potentialAction":[{"@type":"ReadAction","target":["https://retradycja.eu/pl/artysta/maciej-filipczuk/"]}]},{"@type":"BreadcrumbList","@id":"https://retradycja.eu/pl/artysta/maciej-filipczuk/#breadcrumb","itemListElement":[{"@type":"ListItem","position":1,"name":"Strona główna","item":"https://retradycja.eu/pl/"},{"@type":"ListItem","position":2,"name":"Maciej Filipczuk"}]},{"@type":"WebSite","@id":"https://retradycja.eu/pl/#website","url":"https://retradycja.eu/pl/","name":"Festiwal Re:tradycja - Jarmark Jagielloński","description":" Lublin, Stare Miasto","publisher":{"@id":"https://retradycja.eu/pl/#organization"},"potentialAction":[{"@type":"SearchAction","target":{"@type":"EntryPoint","urlTemplate":"https://retradycja.eu/pl/?s={search_term_string}"},"query-input":"required name=search_term_string"}],"inLanguage":"pl-PL"},{"@type":"Organization","@id":"https://retradycja.eu/pl/#organization","name":"Warsztaty Kultury w Lublinie","url":"https://retradycja.eu/pl/","logo":{"@type":"ImageObject","inLanguage":"pl-PL","@id":"https://retradycja.eu/pl/#/schema/logo/image/","url":"https://retradycja.eu/wp-content/uploads/2022/06/logo_retradycje-01.png","contentUrl":"https://retradycja.eu/wp-content/uploads/2022/06/logo_retradycje-01.png","width":332,"height":63,"caption":"Warsztaty Kultury w Lublinie"},"image":{"@id":"https://retradycja.eu/pl/#/schema/logo/image/"},"sameAs":["https://www.facebook.com/retradycja","https://www.instagram.com/retradycja_jarmarkjagiellonski/","https://www.youtube.com/user/JarmarkJagiellonski"]}]}</script>
<!-- / Yoast SEO plugin. -->

Skrzypek, uczeń wiejskiego mistrza Kazimierza Mety.

Festiwal Re:tradycja - Jarmark Jagielloński

Strona główna
