{"id":4570,"date":"2019-07-18T00:00:00","date_gmt":"2019-07-17T22:00:00","guid":{"rendered":"https:\/\/retradycja.eu\/artysta\/marcin-kabat-kowalczuk\/"},"modified":"2024-07-31T15:07:21","modified_gmt":"2024-07-31T13:07:21","slug":"marcin-kabat-kowalczuk","status":"publish","type":"artysta","link":"https:\/\/retradycja.eu\/pl\/artysta\/marcin-kabat-kowalczuk\/","title":{"rendered":"Marcin \u201eKabat\u201d Kowalczuk"},"content":{"rendered":"<p><span style=\"font-weight: 400;\">Puzonista i tubista. Muzyk z wykszta\u0142cenia i zami\u0142owania. Wsp\u00f3\u0142pracowa\u0142 z orkiestrami d\u0119tymi na Lubelszczy\u017anie (Parczew, Lubart\u00f3w, Ostr\u00f3w Lubelski, Rossosz, Majdan Grabina), obecnie z Orkiestr\u0105 D\u0119t\u0105 ze Zdzi\u0142owic i Helicopters Brass Orkiestra w \u015awidniku. Od kilku lat zg\u0142\u0119bia wiedz\u0119 na temat muzyki tradycyjnej z Lubelszczyzny, jednak jego zainteresowania kieruj\u0105 si\u0119 r\u00f3wnie\u017c w kierunku muzyki improwizowanej, eksperymentalnej, jazzu czy reggae. Pojawia\u0142 i pojawia si\u0119 w wielu sk\u0142adach muzycznych, m.in. Komische Pilze, S\u0142oma i Przedwietrze, Chojzes Klezmorim, Sekta Denta, Mikroelementy. W pracy codziennej zajmuje si\u0119 realizacj\u0105 o\u015bwietlenia m.in. teatralnego.<\/span><\/p>\n\n\n<p><\/p>\n","protected":false},"featured_media":0,"template":"","meta":{"_acf_changed":true,"ngg_post_thumbnail":0},"kategoria_wydarzenia":[],"edycja":[31,209],"acf":[],"yoast_head":"<!-- This site is optimized with the Yoast SEO plugin v22.2 - https:\/\/yoast.com\/wordpress\/plugins\/seo\/ -->\n<title>Marcin \u201eKabat\u201d Kowalczuk<\/title>\n<meta name=\"description\" content=\"Puzonista i tubista. Muzyk z wykszta\u0142cenia i zami\u0142owania.\" \/>\n<meta name=\"robots\" content=\"index, follow, max-snippet:-1, max-image-preview:large, max-video-preview:-1\" \/>\n<link rel=\"canonical\" href=\"https:\/\/retradycja.eu\/pl\/artysta\/marcin-kabat-kowalczuk\/\" \/>\n<meta property=\"og:locale\" content=\"pl_PL\" \/>\n<meta property=\"og:type\" content=\"article\" \/>\n<meta property=\"og:title\" content=\"Marcin \u201eKabat\u201d Kowalczuk\" \/>\n<meta property=\"og:description\" content=\"Puzonista i tubista. Muzyk z wykszta\u0142cenia i zami\u0142owania.\" \/>\n<meta property=\"og:url\" content=\"https:\/\/retradycja.eu\/pl\/artysta\/marcin-kabat-kowalczuk\/\" \/>\n<meta property=\"og:site_name\" content=\"Festiwal Re:tradycja - Jarmark Jagiello\u0144ski\" \/>\n<meta property=\"article:publisher\" content=\"https:\/\/www.facebook.com\/retradycja\" \/>\n<meta property=\"article:modified_time\" content=\"2024-07-31T13:07:21+00:00\" \/>\n<meta name=\"twitter:card\" content=\"summary_large_image\" \/>\n<meta name=\"twitter:label1\" content=\"Szacowany czas czytania\" \/>\n\t<meta name=\"twitter:data1\" content=\"1 minuta\" \/>\n<script type=\"application\/ld+json\" class=\"yoast-schema-graph\">{\"@context\":\"https:\/\/schema.org\",\"@graph\":[{\"@type\":\"WebPage\",\"@id\":\"https:\/\/retradycja.eu\/pl\/artysta\/marcin-kabat-kowalczuk\/\",\"url\":\"https:\/\/retradycja.eu\/pl\/artysta\/marcin-kabat-kowalczuk\/\",\"name\":\"Marcin \u201eKabat\u201d Kowalczuk\",\"isPartOf\":{\"@id\":\"https:\/\/retradycja.eu\/pl\/#website\"},\"datePublished\":\"2019-07-17T22:00:00+00:00\",\"dateModified\":\"2024-07-31T13:07:21+00:00\",\"description\":\"Puzonista i tubista. Muzyk z wykszta\u0142cenia i zami\u0142owania.\",\"breadcrumb\":{\"@id\":\"https:\/\/retradycja.eu\/pl\/artysta\/marcin-kabat-kowalczuk\/#breadcrumb\"},\"inLanguage\":\"pl-PL\",\"potentialAction\":[{\"@type\":\"ReadAction\",\"target\":[\"https:\/\/retradycja.eu\/pl\/artysta\/marcin-kabat-kowalczuk\/\"]}]},{\"@type\":\"BreadcrumbList\",\"@id\":\"https:\/\/retradycja.eu\/pl\/artysta\/marcin-kabat-kowalczuk\/#breadcrumb\",\"itemListElement\":[{\"@type\":\"ListItem\",\"position\":1,\"name\":\"Strona g\u0142\u00f3wna\",\"item\":\"https:\/\/retradycja.eu\/pl\/\"},{\"@type\":\"ListItem\",\"position\":2,\"name\":\"Marcin \u201eKabat\u201d Kowalczuk\"}]},{\"@type\":\"WebSite\",\"@id\":\"https:\/\/retradycja.eu\/pl\/#website\",\"url\":\"https:\/\/retradycja.eu\/pl\/\",\"name\":\"Festiwal Re:tradycja - Jarmark Jagiello\u0144ski\",\"description\":\" Lublin, Stare Miasto\",\"publisher\":{\"@id\":\"https:\/\/retradycja.eu\/pl\/#organization\"},\"potentialAction\":[{\"@type\":\"SearchAction\",\"target\":{\"@type\":\"EntryPoint\",\"urlTemplate\":\"https:\/\/retradycja.eu\/pl\/?s={search_term_string}\"},\"query-input\":\"required name=search_term_string\"}],\"inLanguage\":\"pl-PL\"},{\"@type\":\"Organization\",\"@id\":\"https:\/\/retradycja.eu\/pl\/#organization\",\"name\":\"Warsztaty Kultury w Lublinie\",\"url\":\"https:\/\/retradycja.eu\/pl\/\",\"logo\":{\"@type\":\"ImageObject\",\"inLanguage\":\"pl-PL\",\"@id\":\"https:\/\/retradycja.eu\/pl\/#\/schema\/logo\/image\/\",\"url\":\"https:\/\/retradycja.eu\/wp-content\/uploads\/2022\/06\/logo_retradycje-01.png\",\"contentUrl\":\"https:\/\/retradycja.eu\/wp-content\/uploads\/2022\/06\/logo_retradycje-01.png\",\"width\":332,\"height\":63,\"caption\":\"Warsztaty Kultury w Lublinie\"},\"image\":{\"@id\":\"https:\/\/retradycja.eu\/pl\/#\/schema\/logo\/image\/\"},\"sameAs\":[\"https:\/\/www.facebook.com\/retradycja\",\"https:\/\/www.instagram.com\/retradycja_jarmarkjagiellonski\/\",\"https:\/\/www.youtube.com\/user\/JarmarkJagiellonski\"]}]}<\/script>\n<!-- \/ Yoast SEO plugin. -->","yoast_head_json":{"title":"Marcin \u201eKabat\u201d Kowalczuk","description":"Puzonista i tubista. Muzyk z wykszta\u0142cenia i zami\u0142owania.","robots":{"index":"index","follow":"follow","max-snippet":"max-snippet:-1","max-image-preview":"max-image-preview:large","max-video-preview":"max-video-preview:-1"},"canonical":"https:\/\/retradycja.eu\/pl\/artysta\/marcin-kabat-kowalczuk\/","og_locale":"pl_PL","og_type":"article","og_title":"Marcin \u201eKabat\u201d Kowalczuk","og_description":"Puzonista i tubista. Muzyk z wykszta\u0142cenia i zami\u0142owania.","og_url":"https:\/\/retradycja.eu\/pl\/artysta\/marcin-kabat-kowalczuk\/","og_site_name":"Festiwal Re:tradycja - Jarmark Jagiello\u0144ski","article_publisher":"https:\/\/www.facebook.com\/retradycja","article_modified_time":"2024-07-31T13:07:21+00:00","twitter_card":"summary_large_image","twitter_misc":{"Szacowany czas czytania":"1 minuta"},"schema":{"@context":"https:\/\/schema.org","@graph":[{"@type":"WebPage","@id":"https:\/\/retradycja.eu\/pl\/artysta\/marcin-kabat-kowalczuk\/","url":"https:\/\/retradycja.eu\/pl\/artysta\/marcin-kabat-kowalczuk\/","name":"Marcin \u201eKabat\u201d Kowalczuk","isPartOf":{"@id":"https:\/\/retradycja.eu\/pl\/#website"},"datePublished":"2019-07-17T22:00:00+00:00","dateModified":"2024-07-31T13:07:21+00:00","description":"Puzonista i tubista. Muzyk z wykszta\u0142cenia i zami\u0142owania.","breadcrumb":{"@id":"https:\/\/retradycja.eu\/pl\/artysta\/marcin-kabat-kowalczuk\/#breadcrumb"},"inLanguage":"pl-PL","potentialAction":[{"@type":"ReadAction","target":["https:\/\/retradycja.eu\/pl\/artysta\/marcin-kabat-kowalczuk\/"]}]},{"@type":"BreadcrumbList","@id":"https:\/\/retradycja.eu\/pl\/artysta\/marcin-kabat-kowalczuk\/#breadcrumb","itemListElement":[{"@type":"ListItem","position":1,"name":"Strona g\u0142\u00f3wna","item":"https:\/\/retradycja.eu\/pl\/"},{"@type":"ListItem","position":2,"name":"Marcin \u201eKabat\u201d Kowalczuk"}]},{"@type":"WebSite","@id":"https:\/\/retradycja.eu\/pl\/#website","url":"https:\/\/retradycja.eu\/pl\/","name":"Festiwal Re:tradycja - Jarmark Jagiello\u0144ski","description":" Lublin, Stare Miasto","publisher":{"@id":"https:\/\/retradycja.eu\/pl\/#organization"},"potentialAction":[{"@type":"SearchAction","target":{"@type":"EntryPoint","urlTemplate":"https:\/\/retradycja.eu\/pl\/?s={search_term_string}"},"query-input":"required name=search_term_string"}],"inLanguage":"pl-PL"},{"@type":"Organization","@id":"https:\/\/retradycja.eu\/pl\/#organization","name":"Warsztaty Kultury w Lublinie","url":"https:\/\/retradycja.eu\/pl\/","logo":{"@type":"ImageObject","inLanguage":"pl-PL","@id":"https:\/\/retradycja.eu\/pl\/#\/schema\/logo\/image\/","url":"https:\/\/retradycja.eu\/wp-content\/uploads\/2022\/06\/logo_retradycje-01.png","contentUrl":"https:\/\/retradycja.eu\/wp-content\/uploads\/2022\/06\/logo_retradycje-01.png","width":332,"height":63,"caption":"Warsztaty Kultury w Lublinie"},"image":{"@id":"https:\/\/retradycja.eu\/pl\/#\/schema\/logo\/image\/"},"sameAs":["https:\/\/www.facebook.com\/retradycja","https:\/\/www.instagram.com\/retradycja_jarmarkjagiellonski\/","https:\/\/www.youtube.com\/user\/JarmarkJagiellonski"]}]}},"_links":{"self":[{"href":"https:\/\/retradycja.eu\/pl\/wp-json\/wp\/v2\/artysta\/4570"}],"collection":[{"href":"https:\/\/retradycja.eu\/pl\/wp-json\/wp\/v2\/artysta"}],"about":[{"href":"https:\/\/retradycja.eu\/pl\/wp-json\/wp\/v2\/types\/artysta"}],"wp:attachment":[{"href":"https:\/\/retradycja.eu\/pl\/wp-json\/wp\/v2\/media?parent=4570"}],"wp:term":[{"taxonomy":"kategoria_wydarzenia","embeddable":true,"href":"https:\/\/retradycja.eu\/pl\/wp-json\/wp\/v2\/kategoria_wydarzenia?post=4570"},{"taxonomy":"edycja","embeddable":true,"href":"https:\/\/retradycja.eu\/pl\/wp-json\/wp\/v2\/edycja?post=4570"}],"curies":[{"name":"wp","href":"https:\/\/api.w.org\/{rel}","templated":true}]}}

<p><span style="font-weight: 400;">Puzonista i tubista. Muzyk z wykształcenia i zamiłowania. Współpracował z orkiestrami dętymi na Lubelszczyźnie (Parczew, Lubartów, Ostrów Lubelski, Rossosz, Majdan Grabina), obecnie z Orkiestrą Dętą ze Zdziłowic i Helicopters Brass Orkiestra w Świdniku. Od kilku lat zgłębia wiedzę na temat muzyki tradycyjnej z Lubelszczyzny, jednak jego zainteresowania kierują się również w kierunku muzyki improwizowanej, eksperymentalnej, jazzu czy reggae. Pojawiał i pojawia się w wielu składach muzycznych, m.in. Komische Pilze, Słoma i Przedwietrze, Chojzes Klezmorim, Sekta Denta, Mikroelementy. W pracy codziennej zajmuje się realizacją oświetlenia m.in. teatralnego.</span></p>


<p></p>

<!-- This site is optimized with the Yoast SEO plugin v22.2 - https://yoast.com/wordpress/plugins/seo/ -->
<title>Marcin „Kabat” Kowalczuk</title>
<meta name="description" content="Puzonista i tubista. Muzyk z wykształcenia i zamiłowania." />
<meta name="robots" content="index, follow, max-snippet:-1, max-image-preview:large, max-video-preview:-1" />
<link rel="canonical" href="https://retradycja.eu/pl/artysta/marcin-kabat-kowalczuk/" />
<meta property="og:locale" content="pl_PL" />
<meta property="og:type" content="article" />
<meta property="og:title" content="Marcin „Kabat” Kowalczuk" />
<meta property="og:description" content="Puzonista i tubista. Muzyk z wykształcenia i zamiłowania." />
<meta property="og:url" content="https://retradycja.eu/pl/artysta/marcin-kabat-kowalczuk/" />
<meta property="og:site_name" content="Festiwal Re:tradycja - Jarmark Jagielloński" />
<meta property="article:publisher" content="https://www.facebook.com/retradycja" />
<meta property="article:modified_time" content="2024-07-31T13:07:21+00:00" />
<meta name="twitter:card" content="summary_large_image" />
<meta name="twitter:label1" content="Szacowany czas czytania" />
	<meta name="twitter:data1" content="1 minuta" />
<script type="application/ld+json" class="yoast-schema-graph">{"@context":"https://schema.org","@graph":[{"@type":"WebPage","@id":"https://retradycja.eu/pl/artysta/marcin-kabat-kowalczuk/","url":"https://retradycja.eu/pl/artysta/marcin-kabat-kowalczuk/","name":"Marcin „Kabat” Kowalczuk","isPartOf":{"@id":"https://retradycja.eu/pl/#website"},"datePublished":"2019-07-17T22:00:00+00:00","dateModified":"2024-07-31T13:07:21+00:00","description":"Puzonista i tubista. Muzyk z wykształcenia i zamiłowania.","breadcrumb":{"@id":"https://retradycja.eu/pl/artysta/marcin-kabat-kowalczuk/#breadcrumb"},"inLanguage":"pl-PL","potentialAction":[{"@type":"ReadAction","target":["https://retradycja.eu/pl/artysta/marcin-kabat-kowalczuk/"]}]},{"@type":"BreadcrumbList","@id":"https://retradycja.eu/pl/artysta/marcin-kabat-kowalczuk/#breadcrumb","itemListElement":[{"@type":"ListItem","position":1,"name":"Strona główna","item":"https://retradycja.eu/pl/"},{"@type":"ListItem","position":2,"name":"Marcin „Kabat” Kowalczuk"}]},{"@type":"WebSite","@id":"https://retradycja.eu/pl/#website","url":"https://retradycja.eu/pl/","name":"Festiwal Re:tradycja - Jarmark Jagielloński","description":" Lublin, Stare Miasto","publisher":{"@id":"https://retradycja.eu/pl/#organization"},"potentialAction":[{"@type":"SearchAction","target":{"@type":"EntryPoint","urlTemplate":"https://retradycja.eu/pl/?s={search_term_string}"},"query-input":"required name=search_term_string"}],"inLanguage":"pl-PL"},{"@type":"Organization","@id":"https://retradycja.eu/pl/#organization","name":"Warsztaty Kultury w Lublinie","url":"https://retradycja.eu/pl/","logo":{"@type":"ImageObject","inLanguage":"pl-PL","@id":"https://retradycja.eu/pl/#/schema/logo/image/","url":"https://retradycja.eu/wp-content/uploads/2022/06/logo_retradycje-01.png","contentUrl":"https://retradycja.eu/wp-content/uploads/2022/06/logo_retradycje-01.png","width":332,"height":63,"caption":"Warsztaty Kultury w Lublinie"},"image":{"@id":"https://retradycja.eu/pl/#/schema/logo/image/"},"sameAs":["https://www.facebook.com/retradycja","https://www.instagram.com/retradycja_jarmarkjagiellonski/","https://www.youtube.com/user/JarmarkJagiellonski"]}]}</script>
<!-- / Yoast SEO plugin. -->

Puzonista i tubista. Muzyk z wykształcenia i zamiłowania.

Festiwal Re:tradycja - Jarmark Jagielloński

Strona główna
