{"version":"1.0","provider_name":"Festiwal Re:tradycja - Jarmark Jagiello\u0144ski","provider_url":"https:\/\/retradycja.eu\/pl\/","author_name":"Agata Turczyn","author_url":"https:\/\/retradycja.eu\/pl\/author\/aturczyn_jj\/","title":"Jarmark Jagiello\u0144ski | Jak si\u0119 zg\u0142osi\u0107?","type":"rich","width":600,"height":338,"html":"<blockquote class=\"wp-embedded-content\" data-secret=\"TLIJlLqrjU\"><a href=\"https:\/\/retradycja.eu\/pl\/jarmark-jagiellonski-2026-jak-sie-zglosic\/\">Jarmark Jagiello\u0144ski 2026 | Jak si\u0119 zg\u0142osi\u0107?<\/a><\/blockquote><iframe sandbox=\"allow-scripts\" security=\"restricted\" src=\"https:\/\/retradycja.eu\/pl\/jarmark-jagiellonski-2026-jak-sie-zglosic\/embed\/#?secret=TLIJlLqrjU\" width=\"600\" height=\"338\" title=\"&#8222;Jarmark Jagiello\u0144ski 2026 | Jak si\u0119 zg\u0142osi\u0107?&#8221; &#8212; Festiwal Re:tradycja - Jarmark Jagiello\u0144ski\" data-secret=\"TLIJlLqrjU\" frameborder=\"0\" marginwidth=\"0\" marginheight=\"0\" scrolling=\"no\" class=\"wp-embedded-content\"><\/iframe><script type=\"text\/javascript\">\n\/* <![CDATA[ *\/\n\/*! This file is auto-generated *\/\n!function(d,l){\"use strict\";l.querySelector&&d.addEventListener&&\"undefined\"!=typeof URL&&(d.wp=d.wp||{},d.wp.receiveEmbedMessage||(d.wp.receiveEmbedMessage=function(e){var t=e.data;if((t||t.secret||t.message||t.value)&&!\/[^a-zA-Z0-9]\/.test(t.secret)){for(var s,r,n,a=l.querySelectorAll('iframe[data-secret=\"'+t.secret+'\"]'),o=l.querySelectorAll('blockquote[data-secret=\"'+t.secret+'\"]'),c=new RegExp(\"^https?:$\",\"i\"),i=0;i<o.length;i++)o[i].style.display=\"none\";for(i=0;i<a.length;i++)s=a[i],e.source===s.contentWindow&&(s.removeAttribute(\"style\"),\"height\"===t.message?(1e3<(r=parseInt(t.value,10))?r=1e3:~~r<200&&(r=200),s.height=r):\"link\"===t.message&&(r=new URL(s.getAttribute(\"src\")),n=new URL(t.value),c.test(n.protocol))&&n.host===r.host&&l.activeElement===s&&(d.top.location.href=t.value))}},d.addEventListener(\"message\",d.wp.receiveEmbedMessage,!1),l.addEventListener(\"DOMContentLoaded\",function(){for(var e,t,s=l.querySelectorAll(\"iframe.wp-embedded-content\"),r=0;r<s.length;r++)(t=(e=s[r]).getAttribute(\"data-secret\"))||(t=Math.random().toString(36).substring(2,12),e.src+=\"#?secret=\"+t,e.setAttribute(\"data-secret\",t)),e.contentWindow.postMessage({message:\"ready\",secret:t},\"*\")},!1)))}(window,document);\n\/* ]]> *\/\n<\/script>\n","thumbnail_url":"https:\/\/retradycja.eu\/wp-content\/uploads\/2025\/11\/fot.-BartekZurawski-203-e1763720631178.webp","thumbnail_width":2000,"thumbnail_height":1126,"description":"Wa\u017cna jest dla nas wiedza i umiej\u0119tno\u015bci gromadzone przez pokolenia. Doceniamy tak\u017ce tw\u00f3rcze i \u015bwiadome nawi\u0105zywanie do tradycji."}

Festiwal Re:tradycja - Jarmark Jagielloński

Jarmark Jagielloński | Jak się zgłosić?

<blockquote class="wp-embedded-content" data-secret="TLIJlLqrjU"><a href="https://retradycja.eu/pl/jarmark-jagiellonski-2026-jak-sie-zglosic/">Jarmark Jagielloński 2026 | Jak się zgłosić?</a></blockquote><iframe sandbox="allow-scripts" security="restricted" src="https://retradycja.eu/pl/jarmark-jagiellonski-2026-jak-sie-zglosic/embed/#?secret=TLIJlLqrjU" width="600" height="338" title="&#8222;Jarmark Jagielloński 2026 | Jak się zgłosić?&#8221; &#8212; Festiwal Re:tradycja - Jarmark Jagielloński" data-secret="TLIJlLqrjU" frameborder="0" marginwidth="0" marginheight="0" scrolling="no" class="wp-embedded-content"></iframe><script type="text/javascript">
/* <![CDATA[ */
/*! This file is auto-generated */
!function(d,l){"use strict";l.querySelector&&d.addEventListener&&"undefined"!=typeof URL&&(d.wp=d.wp||{},d.wp.receiveEmbedMessage||(d.wp.receiveEmbedMessage=function(e){var t=e.data;if((t||t.secret||t.message||t.value)&&!/[^a-zA-Z0-9]/.test(t.secret)){for(var s,r,n,a=l.querySelectorAll('iframe[data-secret="'+t.secret+'"]'),o=l.querySelectorAll('blockquote[data-secret="'+t.secret+'"]'),c=new RegExp("^https?:$","i"),i=0;i<o.length;i++)o[i].style.display="none";for(i=0;i<a.length;i++)s=a[i],e.source===s.contentWindow&&(s.removeAttribute("style"),"height"===t.message?(1e3<(r=parseInt(t.value,10))?r=1e3:~~r<200&&(r=200),s.height=r):"link"===t.message&&(r=new URL(s.getAttribute("src")),n=new URL(t.value),c.test(n.protocol))&&n.host===r.host&&l.activeElement===s&&(d.top.location.href=t.value))}},d.addEventListener("message",d.wp.receiveEmbedMessage,!1),l.addEventListener("DOMContentLoaded",function(){for(var e,t,s=l.querySelectorAll("iframe.wp-embedded-content"),r=0;r<s.length;r++)(t=(e=s[r]).getAttribute("data-secret"))||(t=Math.random().toString(36).substring(2,12),e.src+="#?secret="+t,e.setAttribute("data-secret",t)),e.contentWindow.postMessage({message:"ready",secret:t},"*")},!1)))}(window,document);
/* ]]> */
</script>

Ważna jest dla nas wiedza i umiejętności gromadzone przez pokolenia. Doceniamy także twórcze i świadome nawiązywanie do tradycji.
