{"id":55528,"date":"2024-08-12T16:20:56","date_gmt":"2024-08-12T14:20:56","guid":{"rendered":"https:\/\/retradycja.eu\/tworca\/piotr-mentel\/"},"modified":"2024-08-12T16:20:56","modified_gmt":"2024-08-12T14:20:56","slug":"piotr-mentel","status":"publish","type":"tworca","link":"https:\/\/retradycja.eu\/en\/tworca\/piotr-mentel\/","title":{"rendered":"Piotr Mentel"},"content":{"rendered":"<p>Piotr hails from Stryszawa, a village renowned for its toymaking heritage. His roots in this craft run deep, tracing back to Teofil Mentel (1876-1944), a renowned ancestor and the originator of the iconic Stryszawa birds. Growing up in a family deeply immersed in this tradition, Piotr&#8217;s grandparents, Stefania and Julian, and his parents, Antonina and Tadeusz, nurtured his innate talent for crafting wooden toys.<\/p>\n<p>Following in the footsteps of generations past, Piotr continues to create vibrant and whimsical wooden toys. His repertoire includes colorful birds,\u00a0 horses and carriages, carousels, delightful rattles, and intricate nativity scenes. By meticulously handcrafting each piece from Weymouth pine, linden, spruce, and sycamore using a traditional shoemaker&#8217;s knife called a gnyp, he preserves the Mentel family patterns, a legacy spanning over 130 years.<\/p>\n<p>A dedicated advocate for his craft, Piotr is a prominent member of the Folk Artists\u2019 Association (Beskid branch), where he serves as president. His commitment to the community is further evidenced by his involvement with the LGD Podbabiog\u00f3rze. In recognition of his exceptional talent, Piotr was awarded first prize in the &#8220;Oblicza Frasobliwgo&#8221; competition, hosted by the Zakopane Cultural Centre &#8211; the Red Manor Regional Culture Center in 2021.<\/p>\n","protected":false},"featured_media":39401,"template":"","meta":{"_acf_changed":false,"ngg_post_thumbnail":0},"dziedzina_tworczosci":[117,163],"kategoria_wydarzenia":[],"kategoria_tworcy":[156,157],"edycja":[153,222,300,324],"kraj_tworcy":[289],"acf":[],"yoast_head":"<!-- This site is optimized with the Yoast SEO plugin v22.2 - https:\/\/yoast.com\/wordpress\/plugins\/seo\/ -->\n<title>Piotr Mentel - Jarmark Jagiello\u0144ski<\/title>\n<meta name=\"robots\" content=\"index, follow, max-snippet:-1, max-image-preview:large, max-video-preview:-1\" \/>\n<link rel=\"canonical\" href=\"https:\/\/retradycja.eu\/tworca\/piotr-mentel\/\" \/>\n<meta property=\"og:locale\" content=\"en_US\" \/>\n<meta property=\"og:type\" content=\"article\" \/>\n<meta property=\"og:title\" content=\"Piotr Mentel - Jarmark Jagiello\u0144ski\" \/>\n<meta property=\"og:description\" content=\"Piotr hails from Stryszawa, a village renowned for its toymaking heritage. His roots in this craft run deep, tracing back [&hellip;]\" \/>\n<meta property=\"og:url\" content=\"https:\/\/retradycja.eu\/tworca\/piotr-mentel\/\" \/>\n<meta property=\"og:site_name\" content=\"Jarmark Jagiello\u0144ski\" \/>\n<meta property=\"article:publisher\" content=\"https:\/\/www.facebook.com\/retradycja\" \/>\n<meta name=\"twitter:card\" content=\"summary_large_image\" \/>\n<meta name=\"twitter:label1\" content=\"Est. reading time\" \/>\n\t<meta name=\"twitter:data1\" content=\"1 minute\" \/>\n<script type=\"application\/ld+json\" class=\"yoast-schema-graph\">{\"@context\":\"https:\/\/schema.org\",\"@graph\":[{\"@type\":\"WebPage\",\"@id\":\"https:\/\/retradycja.eu\/tworca\/piotr-mentel\/\",\"url\":\"https:\/\/retradycja.eu\/tworca\/piotr-mentel\/\",\"name\":\"Piotr Mentel - Jarmark Jagiello\u0144ski\",\"isPartOf\":{\"@id\":\"https:\/\/retradycja.eu\/pl\/#website\"},\"primaryImageOfPage\":{\"@id\":\"https:\/\/retradycja.eu\/tworca\/piotr-mentel\/#primaryimage\"},\"image\":{\"@id\":\"https:\/\/retradycja.eu\/tworca\/piotr-mentel\/#primaryimage\"},\"thumbnailUrl\":\"https:\/\/retradycja.eu\/wp-content\/uploads\/2020\/04\/Tomasz-Bylina-003-1.jpg\",\"datePublished\":\"2024-08-12T14:20:56+00:00\",\"dateModified\":\"2024-08-12T14:20:56+00:00\",\"breadcrumb\":{\"@id\":\"https:\/\/retradycja.eu\/tworca\/piotr-mentel\/#breadcrumb\"},\"inLanguage\":\"en-US\",\"potentialAction\":[{\"@type\":\"ReadAction\",\"target\":[\"https:\/\/retradycja.eu\/tworca\/piotr-mentel\/\"]}]},{\"@type\":\"ImageObject\",\"inLanguage\":\"en-US\",\"@id\":\"https:\/\/retradycja.eu\/tworca\/piotr-mentel\/#primaryimage\",\"url\":\"https:\/\/retradycja.eu\/wp-content\/uploads\/2020\/04\/Tomasz-Bylina-003-1.jpg\",\"contentUrl\":\"https:\/\/retradycja.eu\/wp-content\/uploads\/2020\/04\/Tomasz-Bylina-003-1.jpg\",\"width\":2000,\"height\":1333,\"caption\":\"[M\u0142ody m\u0119zczyzna z m\u0142od\u0105 kobiet\u0105 ]\"},{\"@type\":\"BreadcrumbList\",\"@id\":\"https:\/\/retradycja.eu\/tworca\/piotr-mentel\/#breadcrumb\",\"itemListElement\":[{\"@type\":\"ListItem\",\"position\":1,\"name\":\"Strona g\u0142\u00f3wna\",\"item\":\"https:\/\/retradycja.eu\/en\/\"},{\"@type\":\"ListItem\",\"position\":2,\"name\":\"Piotr Mentel\"}]},{\"@type\":\"WebSite\",\"@id\":\"https:\/\/retradycja.eu\/pl\/#website\",\"url\":\"https:\/\/retradycja.eu\/pl\/\",\"name\":\"Jarmark Jagiello\u0144ski\",\"description\":\"The Jagiellonian Fair 21-23 August 2020 |  Lublin, Old Town\",\"publisher\":{\"@id\":\"https:\/\/retradycja.eu\/pl\/#organization\"},\"potentialAction\":[{\"@type\":\"SearchAction\",\"target\":{\"@type\":\"EntryPoint\",\"urlTemplate\":\"https:\/\/retradycja.eu\/pl\/?s={search_term_string}\"},\"query-input\":\"required name=search_term_string\"}],\"inLanguage\":\"en-US\"},{\"@type\":\"Organization\",\"@id\":\"https:\/\/retradycja.eu\/pl\/#organization\",\"name\":\"Warsztaty Kultury w Lublinie\",\"url\":\"https:\/\/retradycja.eu\/pl\/\",\"logo\":{\"@type\":\"ImageObject\",\"inLanguage\":\"en-US\",\"@id\":\"https:\/\/retradycja.eu\/pl\/#\/schema\/logo\/image\/\",\"url\":\"https:\/\/retradycja.eu\/wp-content\/uploads\/2022\/06\/logo_retradycje-01.png\",\"contentUrl\":\"https:\/\/retradycja.eu\/wp-content\/uploads\/2022\/06\/logo_retradycje-01.png\",\"width\":332,\"height\":63,\"caption\":\"Warsztaty Kultury w Lublinie\"},\"image\":{\"@id\":\"https:\/\/retradycja.eu\/pl\/#\/schema\/logo\/image\/\"},\"sameAs\":[\"https:\/\/www.facebook.com\/retradycja\",\"https:\/\/www.instagram.com\/retradycja_jarmarkjagiellonski\/\",\"https:\/\/www.youtube.com\/user\/JarmarkJagiellonski\"]}]}<\/script>\n<!-- \/ Yoast SEO plugin. -->","yoast_head_json":{"title":"Piotr Mentel - Jarmark Jagiello\u0144ski","robots":{"index":"index","follow":"follow","max-snippet":"max-snippet:-1","max-image-preview":"max-image-preview:large","max-video-preview":"max-video-preview:-1"},"canonical":"https:\/\/retradycja.eu\/tworca\/piotr-mentel\/","og_locale":"en_US","og_type":"article","og_title":"Piotr Mentel - Jarmark Jagiello\u0144ski","og_description":"Piotr hails from Stryszawa, a village renowned for its toymaking heritage. His roots in this craft run deep, tracing back [&hellip;]","og_url":"https:\/\/retradycja.eu\/tworca\/piotr-mentel\/","og_site_name":"Jarmark Jagiello\u0144ski","article_publisher":"https:\/\/www.facebook.com\/retradycja","twitter_card":"summary_large_image","twitter_misc":{"Est. reading time":"1 minute"},"schema":{"@context":"https:\/\/schema.org","@graph":[{"@type":"WebPage","@id":"https:\/\/retradycja.eu\/tworca\/piotr-mentel\/","url":"https:\/\/retradycja.eu\/tworca\/piotr-mentel\/","name":"Piotr Mentel - Jarmark Jagiello\u0144ski","isPartOf":{"@id":"https:\/\/retradycja.eu\/pl\/#website"},"primaryImageOfPage":{"@id":"https:\/\/retradycja.eu\/tworca\/piotr-mentel\/#primaryimage"},"image":{"@id":"https:\/\/retradycja.eu\/tworca\/piotr-mentel\/#primaryimage"},"thumbnailUrl":"https:\/\/retradycja.eu\/wp-content\/uploads\/2020\/04\/Tomasz-Bylina-003-1.jpg","datePublished":"2024-08-12T14:20:56+00:00","dateModified":"2024-08-12T14:20:56+00:00","breadcrumb":{"@id":"https:\/\/retradycja.eu\/tworca\/piotr-mentel\/#breadcrumb"},"inLanguage":"en-US","potentialAction":[{"@type":"ReadAction","target":["https:\/\/retradycja.eu\/tworca\/piotr-mentel\/"]}]},{"@type":"ImageObject","inLanguage":"en-US","@id":"https:\/\/retradycja.eu\/tworca\/piotr-mentel\/#primaryimage","url":"https:\/\/retradycja.eu\/wp-content\/uploads\/2020\/04\/Tomasz-Bylina-003-1.jpg","contentUrl":"https:\/\/retradycja.eu\/wp-content\/uploads\/2020\/04\/Tomasz-Bylina-003-1.jpg","width":2000,"height":1333,"caption":"[M\u0142ody m\u0119zczyzna z m\u0142od\u0105 kobiet\u0105 ]"},{"@type":"BreadcrumbList","@id":"https:\/\/retradycja.eu\/tworca\/piotr-mentel\/#breadcrumb","itemListElement":[{"@type":"ListItem","position":1,"name":"Strona g\u0142\u00f3wna","item":"https:\/\/retradycja.eu\/en\/"},{"@type":"ListItem","position":2,"name":"Piotr Mentel"}]},{"@type":"WebSite","@id":"https:\/\/retradycja.eu\/pl\/#website","url":"https:\/\/retradycja.eu\/pl\/","name":"Jarmark Jagiello\u0144ski","description":"The Jagiellonian Fair 21-23 August 2020 |  Lublin, Old Town","publisher":{"@id":"https:\/\/retradycja.eu\/pl\/#organization"},"potentialAction":[{"@type":"SearchAction","target":{"@type":"EntryPoint","urlTemplate":"https:\/\/retradycja.eu\/pl\/?s={search_term_string}"},"query-input":"required name=search_term_string"}],"inLanguage":"en-US"},{"@type":"Organization","@id":"https:\/\/retradycja.eu\/pl\/#organization","name":"Warsztaty Kultury w Lublinie","url":"https:\/\/retradycja.eu\/pl\/","logo":{"@type":"ImageObject","inLanguage":"en-US","@id":"https:\/\/retradycja.eu\/pl\/#\/schema\/logo\/image\/","url":"https:\/\/retradycja.eu\/wp-content\/uploads\/2022\/06\/logo_retradycje-01.png","contentUrl":"https:\/\/retradycja.eu\/wp-content\/uploads\/2022\/06\/logo_retradycje-01.png","width":332,"height":63,"caption":"Warsztaty Kultury w Lublinie"},"image":{"@id":"https:\/\/retradycja.eu\/pl\/#\/schema\/logo\/image\/"},"sameAs":["https:\/\/www.facebook.com\/retradycja","https:\/\/www.instagram.com\/retradycja_jarmarkjagiellonski\/","https:\/\/www.youtube.com\/user\/JarmarkJagiellonski"]}]}},"_links":{"self":[{"href":"https:\/\/retradycja.eu\/en\/wp-json\/wp\/v2\/tworca\/55528"}],"collection":[{"href":"https:\/\/retradycja.eu\/en\/wp-json\/wp\/v2\/tworca"}],"about":[{"href":"https:\/\/retradycja.eu\/en\/wp-json\/wp\/v2\/types\/tworca"}],"wp:featuredmedia":[{"embeddable":true,"href":"https:\/\/retradycja.eu\/en\/wp-json\/wp\/v2\/media\/39401"}],"wp:attachment":[{"href":"https:\/\/retradycja.eu\/en\/wp-json\/wp\/v2\/media?parent=55528"}],"wp:term":[{"taxonomy":"dziedzina_tworczosci","embeddable":true,"href":"https:\/\/retradycja.eu\/en\/wp-json\/wp\/v2\/dziedzina_tworczosci?post=55528"},{"taxonomy":"kategoria_wydarzenia","embeddable":true,"href":"https:\/\/retradycja.eu\/en\/wp-json\/wp\/v2\/kategoria_wydarzenia?post=55528"},{"taxonomy":"kategoria_tworcy","embeddable":true,"href":"https:\/\/retradycja.eu\/en\/wp-json\/wp\/v2\/kategoria_tworcy?post=55528"},{"taxonomy":"edycja","embeddable":true,"href":"https:\/\/retradycja.eu\/en\/wp-json\/wp\/v2\/edycja?post=55528"},{"taxonomy":"kraj_tworcy","embeddable":true,"href":"https:\/\/retradycja.eu\/en\/wp-json\/wp\/v2\/kraj_tworcy?post=55528"}],"curies":[{"name":"wp","href":"https:\/\/api.w.org\/{rel}","templated":true}]}}

<p>Piotr hails from Stryszawa, a village renowned for its toymaking heritage. His roots in this craft run deep, tracing back to Teofil Mentel (1876-1944), a renowned ancestor and the originator of the iconic Stryszawa birds. Growing up in a family deeply immersed in this tradition, Piotr&#8217;s grandparents, Stefania and Julian, and his parents, Antonina and Tadeusz, nurtured his innate talent for crafting wooden toys.</p>
<p>Following in the footsteps of generations past, Piotr continues to create vibrant and whimsical wooden toys. His repertoire includes colorful birds,  horses and carriages, carousels, delightful rattles, and intricate nativity scenes. By meticulously handcrafting each piece from Weymouth pine, linden, spruce, and sycamore using a traditional shoemaker&#8217;s knife called a gnyp, he preserves the Mentel family patterns, a legacy spanning over 130 years.</p>
<p>A dedicated advocate for his craft, Piotr is a prominent member of the Folk Artists’ Association (Beskid branch), where he serves as president. His commitment to the community is further evidenced by his involvement with the LGD Podbabiogórze. In recognition of his exceptional talent, Piotr was awarded first prize in the &#8220;Oblicza Frasobliwgo&#8221; competition, hosted by the Zakopane Cultural Centre &#8211; the Red Manor Regional Culture Center in 2021.</p>

<!-- This site is optimized with the Yoast SEO plugin v22.2 - https://yoast.com/wordpress/plugins/seo/ -->
<title>Piotr Mentel - Jarmark Jagielloński</title>
<meta name="robots" content="index, follow, max-snippet:-1, max-image-preview:large, max-video-preview:-1" />
<link rel="canonical" href="https://retradycja.eu/tworca/piotr-mentel/" />
<meta property="og:locale" content="en_US" />
<meta property="og:type" content="article" />
<meta property="og:title" content="Piotr Mentel - Jarmark Jagielloński" />
<meta property="og:description" content="Piotr hails from Stryszawa, a village renowned for its toymaking heritage. His roots in this craft run deep, tracing back [&hellip;]" />
<meta property="og:url" content="https://retradycja.eu/tworca/piotr-mentel/" />
<meta property="og:site_name" content="Jarmark Jagielloński" />
<meta property="article:publisher" content="https://www.facebook.com/retradycja" />
<meta name="twitter:card" content="summary_large_image" />
<meta name="twitter:label1" content="Est. reading time" />
	<meta name="twitter:data1" content="1 minute" />
<script type="application/ld+json" class="yoast-schema-graph">{"@context":"https://schema.org","@graph":[{"@type":"WebPage","@id":"https://retradycja.eu/tworca/piotr-mentel/","url":"https://retradycja.eu/tworca/piotr-mentel/","name":"Piotr Mentel - Jarmark Jagielloński","isPartOf":{"@id":"https://retradycja.eu/pl/#website"},"primaryImageOfPage":{"@id":"https://retradycja.eu/tworca/piotr-mentel/#primaryimage"},"image":{"@id":"https://retradycja.eu/tworca/piotr-mentel/#primaryimage"},"thumbnailUrl":"https://retradycja.eu/wp-content/uploads/2020/04/Tomasz-Bylina-003-1.jpg","datePublished":"2024-08-12T14:20:56+00:00","dateModified":"2024-08-12T14:20:56+00:00","breadcrumb":{"@id":"https://retradycja.eu/tworca/piotr-mentel/#breadcrumb"},"inLanguage":"en-US","potentialAction":[{"@type":"ReadAction","target":["https://retradycja.eu/tworca/piotr-mentel/"]}]},{"@type":"ImageObject","inLanguage":"en-US","@id":"https://retradycja.eu/tworca/piotr-mentel/#primaryimage","url":"https://retradycja.eu/wp-content/uploads/2020/04/Tomasz-Bylina-003-1.jpg","contentUrl":"https://retradycja.eu/wp-content/uploads/2020/04/Tomasz-Bylina-003-1.jpg","width":2000,"height":1333,"caption":"[Młody męzczyzna z młodą kobietą ]"},{"@type":"BreadcrumbList","@id":"https://retradycja.eu/tworca/piotr-mentel/#breadcrumb","itemListElement":[{"@type":"ListItem","position":1,"name":"Strona główna","item":"https://retradycja.eu/en/"},{"@type":"ListItem","position":2,"name":"Piotr Mentel"}]},{"@type":"WebSite","@id":"https://retradycja.eu/pl/#website","url":"https://retradycja.eu/pl/","name":"Jarmark Jagielloński","description":"The Jagiellonian Fair 21-23 August 2020 |  Lublin, Old Town","publisher":{"@id":"https://retradycja.eu/pl/#organization"},"potentialAction":[{"@type":"SearchAction","target":{"@type":"EntryPoint","urlTemplate":"https://retradycja.eu/pl/?s={search_term_string}"},"query-input":"required name=search_term_string"}],"inLanguage":"en-US"},{"@type":"Organization","@id":"https://retradycja.eu/pl/#organization","name":"Warsztaty Kultury w Lublinie","url":"https://retradycja.eu/pl/","logo":{"@type":"ImageObject","inLanguage":"en-US","@id":"https://retradycja.eu/pl/#/schema/logo/image/","url":"https://retradycja.eu/wp-content/uploads/2022/06/logo_retradycje-01.png","contentUrl":"https://retradycja.eu/wp-content/uploads/2022/06/logo_retradycje-01.png","width":332,"height":63,"caption":"Warsztaty Kultury w Lublinie"},"image":{"@id":"https://retradycja.eu/pl/#/schema/logo/image/"},"sameAs":["https://www.facebook.com/retradycja","https://www.instagram.com/retradycja_jarmarkjagiellonski/","https://www.youtube.com/user/JarmarkJagiellonski"]}]}</script>
<!-- / Yoast SEO plugin. -->

Piotr Mentel - Jarmark Jagielloński

Jarmark Jagielloński

[Młody męzczyzna z młodą kobietą ]

Strona główna
