{"id":39908,"date":"2021-04-21T10:54:28","date_gmt":"2021-04-21T08:54:28","guid":{"rendered":"https:\/\/retradycja.eu\/tworca\/albertas-bartasius\/"},"modified":"2021-04-21T10:54:28","modified_gmt":"2021-04-21T08:54:28","slug":"albertas-bartasius","status":"publish","type":"tworca","link":"https:\/\/retradycja.eu\/en\/tworca\/albertas-bartasius\/","title":{"rendered":"Albertas Barta\u0161ius"},"content":{"rendered":"<p>Albertas Barta\u0161ius has been making traditional Lithuanian instruments since 1986. He picked up the skills from older crafters and field research expeditions. He leads two bands performing traditional music. His instruments are on the list of Lithuania&#8217;s heritage. He&#8217;s a member of the Lithuanian Folk Artists&#8217; Association.<\/p>\n<p>Contact<\/p>\n<p>e-mail: dambrelis@gmail.com<\/p>\n<p>phone:+370 69956726<\/p>\n<p>&nbsp;<\/p>\n<p>&nbsp;<\/p>\n","protected":false},"featured_media":34209,"template":"","meta":{"_acf_changed":false,"ngg_post_thumbnail":0},"dziedzina_tworczosci":[269],"kategoria_wydarzenia":[],"kategoria_tworcy":[156,157],"edycja":[166,164,162,222,300,324],"kraj_tworcy":[288],"acf":[],"yoast_head":"<!-- This site is optimized with the Yoast SEO plugin v22.2 - https:\/\/yoast.com\/wordpress\/plugins\/seo\/ -->\n<title>Albertas Barta\u0161ius - Jarmark Jagiello\u0144ski<\/title>\n<meta name=\"robots\" content=\"index, follow, max-snippet:-1, max-image-preview:large, max-video-preview:-1\" \/>\n<link rel=\"canonical\" href=\"https:\/\/retradycja.eu\/en\/tworca\/albertas-bartasius\/\" \/>\n<meta property=\"og:locale\" content=\"en_US\" \/>\n<meta property=\"og:type\" content=\"article\" \/>\n<meta property=\"og:title\" content=\"Albertas Barta\u0161ius - Jarmark Jagiello\u0144ski\" \/>\n<meta property=\"og:description\" content=\"Albertas Barta\u0161ius has been making traditional Lithuanian instruments since 1986. He picked up the skills from older crafters and field [&hellip;]\" \/>\n<meta property=\"og:url\" content=\"https:\/\/retradycja.eu\/en\/tworca\/albertas-bartasius\/\" \/>\n<meta property=\"og:site_name\" content=\"Jarmark Jagiello\u0144ski\" \/>\n<meta property=\"article:publisher\" content=\"https:\/\/www.facebook.com\/retradycja\" \/>\n<meta property=\"og:image\" content=\"https:\/\/retradycja.eu\/wp-content\/uploads\/2020\/08\/Tomasz-Bylina-1-10.jpg\" \/>\n\t<meta property=\"og:image:width\" content=\"2000\" \/>\n\t<meta property=\"og:image:height\" content=\"1333\" \/>\n\t<meta property=\"og:image:type\" content=\"image\/jpeg\" \/>\n<meta name=\"twitter:card\" content=\"summary_large_image\" \/>\n<script type=\"application\/ld+json\" class=\"yoast-schema-graph\">{\"@context\":\"https:\/\/schema.org\",\"@graph\":[{\"@type\":\"WebPage\",\"@id\":\"https:\/\/retradycja.eu\/en\/tworca\/albertas-bartasius\/\",\"url\":\"https:\/\/retradycja.eu\/en\/tworca\/albertas-bartasius\/\",\"name\":\"Albertas Barta\u0161ius - Jarmark Jagiello\u0144ski\",\"isPartOf\":{\"@id\":\"https:\/\/retradycja.eu\/pl\/#website\"},\"primaryImageOfPage\":{\"@id\":\"https:\/\/retradycja.eu\/en\/tworca\/albertas-bartasius\/#primaryimage\"},\"image\":{\"@id\":\"https:\/\/retradycja.eu\/en\/tworca\/albertas-bartasius\/#primaryimage\"},\"thumbnailUrl\":\"https:\/\/retradycja.eu\/wp-content\/uploads\/2020\/08\/Tomasz-Bylina-1-10.jpg\",\"datePublished\":\"2021-04-21T08:54:28+00:00\",\"dateModified\":\"2021-04-21T08:54:28+00:00\",\"breadcrumb\":{\"@id\":\"https:\/\/retradycja.eu\/en\/tworca\/albertas-bartasius\/#breadcrumb\"},\"inLanguage\":\"en-US\",\"potentialAction\":[{\"@type\":\"ReadAction\",\"target\":[\"https:\/\/retradycja.eu\/en\/tworca\/albertas-bartasius\/\"]}]},{\"@type\":\"ImageObject\",\"inLanguage\":\"en-US\",\"@id\":\"https:\/\/retradycja.eu\/en\/tworca\/albertas-bartasius\/#primaryimage\",\"url\":\"https:\/\/retradycja.eu\/wp-content\/uploads\/2020\/08\/Tomasz-Bylina-1-10.jpg\",\"contentUrl\":\"https:\/\/retradycja.eu\/wp-content\/uploads\/2020\/08\/Tomasz-Bylina-1-10.jpg\",\"width\":2000,\"height\":1333,\"caption\":\"An elderly gentleman is holding a traditional Lithuanian instrument\"},{\"@type\":\"BreadcrumbList\",\"@id\":\"https:\/\/retradycja.eu\/en\/tworca\/albertas-bartasius\/#breadcrumb\",\"itemListElement\":[{\"@type\":\"ListItem\",\"position\":1,\"name\":\"Strona g\u0142\u00f3wna\",\"item\":\"https:\/\/retradycja.eu\/en\/\"},{\"@type\":\"ListItem\",\"position\":2,\"name\":\"Albertas Barta\u0161ius\"}]},{\"@type\":\"WebSite\",\"@id\":\"https:\/\/retradycja.eu\/pl\/#website\",\"url\":\"https:\/\/retradycja.eu\/pl\/\",\"name\":\"Jarmark Jagiello\u0144ski\",\"description\":\"The Jagiellonian Fair 21-23 August 2020 |  Lublin, Old Town\",\"publisher\":{\"@id\":\"https:\/\/retradycja.eu\/pl\/#organization\"},\"potentialAction\":[{\"@type\":\"SearchAction\",\"target\":{\"@type\":\"EntryPoint\",\"urlTemplate\":\"https:\/\/retradycja.eu\/pl\/?s={search_term_string}\"},\"query-input\":\"required name=search_term_string\"}],\"inLanguage\":\"en-US\"},{\"@type\":\"Organization\",\"@id\":\"https:\/\/retradycja.eu\/pl\/#organization\",\"name\":\"Warsztaty Kultury w Lublinie\",\"url\":\"https:\/\/retradycja.eu\/pl\/\",\"logo\":{\"@type\":\"ImageObject\",\"inLanguage\":\"en-US\",\"@id\":\"https:\/\/retradycja.eu\/pl\/#\/schema\/logo\/image\/\",\"url\":\"https:\/\/retradycja.eu\/wp-content\/uploads\/2022\/06\/logo_retradycje-01.png\",\"contentUrl\":\"https:\/\/retradycja.eu\/wp-content\/uploads\/2022\/06\/logo_retradycje-01.png\",\"width\":332,\"height\":63,\"caption\":\"Warsztaty Kultury w Lublinie\"},\"image\":{\"@id\":\"https:\/\/retradycja.eu\/pl\/#\/schema\/logo\/image\/\"},\"sameAs\":[\"https:\/\/www.facebook.com\/retradycja\",\"https:\/\/www.instagram.com\/retradycja_jarmarkjagiellonski\/\",\"https:\/\/www.youtube.com\/user\/JarmarkJagiellonski\"]}]}<\/script>\n<!-- \/ Yoast SEO plugin. -->","yoast_head_json":{"title":"Albertas Barta\u0161ius - Jarmark Jagiello\u0144ski","robots":{"index":"index","follow":"follow","max-snippet":"max-snippet:-1","max-image-preview":"max-image-preview:large","max-video-preview":"max-video-preview:-1"},"canonical":"https:\/\/retradycja.eu\/en\/tworca\/albertas-bartasius\/","og_locale":"en_US","og_type":"article","og_title":"Albertas Barta\u0161ius - Jarmark Jagiello\u0144ski","og_description":"Albertas Barta\u0161ius has been making traditional Lithuanian instruments since 1986. He picked up the skills from older crafters and field [&hellip;]","og_url":"https:\/\/retradycja.eu\/en\/tworca\/albertas-bartasius\/","og_site_name":"Jarmark Jagiello\u0144ski","article_publisher":"https:\/\/www.facebook.com\/retradycja","og_image":[{"width":2000,"height":1333,"url":"https:\/\/retradycja.eu\/wp-content\/uploads\/2020\/08\/Tomasz-Bylina-1-10.jpg","type":"image\/jpeg"}],"twitter_card":"summary_large_image","schema":{"@context":"https:\/\/schema.org","@graph":[{"@type":"WebPage","@id":"https:\/\/retradycja.eu\/en\/tworca\/albertas-bartasius\/","url":"https:\/\/retradycja.eu\/en\/tworca\/albertas-bartasius\/","name":"Albertas Barta\u0161ius - Jarmark Jagiello\u0144ski","isPartOf":{"@id":"https:\/\/retradycja.eu\/pl\/#website"},"primaryImageOfPage":{"@id":"https:\/\/retradycja.eu\/en\/tworca\/albertas-bartasius\/#primaryimage"},"image":{"@id":"https:\/\/retradycja.eu\/en\/tworca\/albertas-bartasius\/#primaryimage"},"thumbnailUrl":"https:\/\/retradycja.eu\/wp-content\/uploads\/2020\/08\/Tomasz-Bylina-1-10.jpg","datePublished":"2021-04-21T08:54:28+00:00","dateModified":"2021-04-21T08:54:28+00:00","breadcrumb":{"@id":"https:\/\/retradycja.eu\/en\/tworca\/albertas-bartasius\/#breadcrumb"},"inLanguage":"en-US","potentialAction":[{"@type":"ReadAction","target":["https:\/\/retradycja.eu\/en\/tworca\/albertas-bartasius\/"]}]},{"@type":"ImageObject","inLanguage":"en-US","@id":"https:\/\/retradycja.eu\/en\/tworca\/albertas-bartasius\/#primaryimage","url":"https:\/\/retradycja.eu\/wp-content\/uploads\/2020\/08\/Tomasz-Bylina-1-10.jpg","contentUrl":"https:\/\/retradycja.eu\/wp-content\/uploads\/2020\/08\/Tomasz-Bylina-1-10.jpg","width":2000,"height":1333,"caption":"An elderly gentleman is holding a traditional Lithuanian instrument"},{"@type":"BreadcrumbList","@id":"https:\/\/retradycja.eu\/en\/tworca\/albertas-bartasius\/#breadcrumb","itemListElement":[{"@type":"ListItem","position":1,"name":"Strona g\u0142\u00f3wna","item":"https:\/\/retradycja.eu\/en\/"},{"@type":"ListItem","position":2,"name":"Albertas Barta\u0161ius"}]},{"@type":"WebSite","@id":"https:\/\/retradycja.eu\/pl\/#website","url":"https:\/\/retradycja.eu\/pl\/","name":"Jarmark Jagiello\u0144ski","description":"The Jagiellonian Fair 21-23 August 2020 |  Lublin, Old Town","publisher":{"@id":"https:\/\/retradycja.eu\/pl\/#organization"},"potentialAction":[{"@type":"SearchAction","target":{"@type":"EntryPoint","urlTemplate":"https:\/\/retradycja.eu\/pl\/?s={search_term_string}"},"query-input":"required name=search_term_string"}],"inLanguage":"en-US"},{"@type":"Organization","@id":"https:\/\/retradycja.eu\/pl\/#organization","name":"Warsztaty Kultury w Lublinie","url":"https:\/\/retradycja.eu\/pl\/","logo":{"@type":"ImageObject","inLanguage":"en-US","@id":"https:\/\/retradycja.eu\/pl\/#\/schema\/logo\/image\/","url":"https:\/\/retradycja.eu\/wp-content\/uploads\/2022\/06\/logo_retradycje-01.png","contentUrl":"https:\/\/retradycja.eu\/wp-content\/uploads\/2022\/06\/logo_retradycje-01.png","width":332,"height":63,"caption":"Warsztaty Kultury w Lublinie"},"image":{"@id":"https:\/\/retradycja.eu\/pl\/#\/schema\/logo\/image\/"},"sameAs":["https:\/\/www.facebook.com\/retradycja","https:\/\/www.instagram.com\/retradycja_jarmarkjagiellonski\/","https:\/\/www.youtube.com\/user\/JarmarkJagiellonski"]}]}},"_links":{"self":[{"href":"https:\/\/retradycja.eu\/en\/wp-json\/wp\/v2\/tworca\/39908"}],"collection":[{"href":"https:\/\/retradycja.eu\/en\/wp-json\/wp\/v2\/tworca"}],"about":[{"href":"https:\/\/retradycja.eu\/en\/wp-json\/wp\/v2\/types\/tworca"}],"wp:featuredmedia":[{"embeddable":true,"href":"https:\/\/retradycja.eu\/en\/wp-json\/wp\/v2\/media\/34209"}],"wp:attachment":[{"href":"https:\/\/retradycja.eu\/en\/wp-json\/wp\/v2\/media?parent=39908"}],"wp:term":[{"taxonomy":"dziedzina_tworczosci","embeddable":true,"href":"https:\/\/retradycja.eu\/en\/wp-json\/wp\/v2\/dziedzina_tworczosci?post=39908"},{"taxonomy":"kategoria_wydarzenia","embeddable":true,"href":"https:\/\/retradycja.eu\/en\/wp-json\/wp\/v2\/kategoria_wydarzenia?post=39908"},{"taxonomy":"kategoria_tworcy","embeddable":true,"href":"https:\/\/retradycja.eu\/en\/wp-json\/wp\/v2\/kategoria_tworcy?post=39908"},{"taxonomy":"edycja","embeddable":true,"href":"https:\/\/retradycja.eu\/en\/wp-json\/wp\/v2\/edycja?post=39908"},{"taxonomy":"kraj_tworcy","embeddable":true,"href":"https:\/\/retradycja.eu\/en\/wp-json\/wp\/v2\/kraj_tworcy?post=39908"}],"curies":[{"name":"wp","href":"https:\/\/api.w.org\/{rel}","templated":true}]}}

Albertas Bartašius

<p>Albertas Bartašius has been making traditional Lithuanian instruments since 1986. He picked up the skills from older crafters and field research expeditions. He leads two bands performing traditional music. His instruments are on the list of Lithuania&#8217;s heritage. He&#8217;s a member of the Lithuanian Folk Artists&#8217; Association.</p>
<p>Contact</p>
<p>e-mail: dambrelis@gmail.com</p>
<p>phone:+370 69956726</p>
<p>&nbsp;</p>
<p>&nbsp;</p>

<!-- This site is optimized with the Yoast SEO plugin v22.2 - https://yoast.com/wordpress/plugins/seo/ -->
<title>Albertas Bartašius - Jarmark Jagielloński</title>
<meta name="robots" content="index, follow, max-snippet:-1, max-image-preview:large, max-video-preview:-1" />
<link rel="canonical" href="https://retradycja.eu/en/tworca/albertas-bartasius/" />
<meta property="og:locale" content="en_US" />
<meta property="og:type" content="article" />
<meta property="og:title" content="Albertas Bartašius - Jarmark Jagielloński" />
<meta property="og:description" content="Albertas Bartašius has been making traditional Lithuanian instruments since 1986. He picked up the skills from older crafters and field [&hellip;]" />
<meta property="og:url" content="https://retradycja.eu/en/tworca/albertas-bartasius/" />
<meta property="og:site_name" content="Jarmark Jagielloński" />
<meta property="article:publisher" content="https://www.facebook.com/retradycja" />
<meta property="og:image" content="https://retradycja.eu/wp-content/uploads/2020/08/Tomasz-Bylina-1-10.jpg" />
	<meta property="og:image:width" content="2000" />
	<meta property="og:image:height" content="1333" />
	<meta property="og:image:type" content="image/jpeg" />
<meta name="twitter:card" content="summary_large_image" />
<script type="application/ld+json" class="yoast-schema-graph">{"@context":"https://schema.org","@graph":[{"@type":"WebPage","@id":"https://retradycja.eu/en/tworca/albertas-bartasius/","url":"https://retradycja.eu/en/tworca/albertas-bartasius/","name":"Albertas Bartašius - Jarmark Jagielloński","isPartOf":{"@id":"https://retradycja.eu/pl/#website"},"primaryImageOfPage":{"@id":"https://retradycja.eu/en/tworca/albertas-bartasius/#primaryimage"},"image":{"@id":"https://retradycja.eu/en/tworca/albertas-bartasius/#primaryimage"},"thumbnailUrl":"https://retradycja.eu/wp-content/uploads/2020/08/Tomasz-Bylina-1-10.jpg","datePublished":"2021-04-21T08:54:28+00:00","dateModified":"2021-04-21T08:54:28+00:00","breadcrumb":{"@id":"https://retradycja.eu/en/tworca/albertas-bartasius/#breadcrumb"},"inLanguage":"en-US","potentialAction":[{"@type":"ReadAction","target":["https://retradycja.eu/en/tworca/albertas-bartasius/"]}]},{"@type":"ImageObject","inLanguage":"en-US","@id":"https://retradycja.eu/en/tworca/albertas-bartasius/#primaryimage","url":"https://retradycja.eu/wp-content/uploads/2020/08/Tomasz-Bylina-1-10.jpg","contentUrl":"https://retradycja.eu/wp-content/uploads/2020/08/Tomasz-Bylina-1-10.jpg","width":2000,"height":1333,"caption":"An elderly gentleman is holding a traditional Lithuanian instrument"},{"@type":"BreadcrumbList","@id":"https://retradycja.eu/en/tworca/albertas-bartasius/#breadcrumb","itemListElement":[{"@type":"ListItem","position":1,"name":"Strona główna","item":"https://retradycja.eu/en/"},{"@type":"ListItem","position":2,"name":"Albertas Bartašius"}]},{"@type":"WebSite","@id":"https://retradycja.eu/pl/#website","url":"https://retradycja.eu/pl/","name":"Jarmark Jagielloński","description":"The Jagiellonian Fair 21-23 August 2020 |  Lublin, Old Town","publisher":{"@id":"https://retradycja.eu/pl/#organization"},"potentialAction":[{"@type":"SearchAction","target":{"@type":"EntryPoint","urlTemplate":"https://retradycja.eu/pl/?s={search_term_string}"},"query-input":"required name=search_term_string"}],"inLanguage":"en-US"},{"@type":"Organization","@id":"https://retradycja.eu/pl/#organization","name":"Warsztaty Kultury w Lublinie","url":"https://retradycja.eu/pl/","logo":{"@type":"ImageObject","inLanguage":"en-US","@id":"https://retradycja.eu/pl/#/schema/logo/image/","url":"https://retradycja.eu/wp-content/uploads/2022/06/logo_retradycje-01.png","contentUrl":"https://retradycja.eu/wp-content/uploads/2022/06/logo_retradycje-01.png","width":332,"height":63,"caption":"Warsztaty Kultury w Lublinie"},"image":{"@id":"https://retradycja.eu/pl/#/schema/logo/image/"},"sameAs":["https://www.facebook.com/retradycja","https://www.instagram.com/retradycja_jarmarkjagiellonski/","https://www.youtube.com/user/JarmarkJagiellonski"]}]}</script>
<!-- / Yoast SEO plugin. -->

Albertas Bartašius - Jarmark Jagielloński

Albertas Bartašius has been making traditional Lithuanian instruments since 1986. He picked up the skills from older crafters and field [&hellip;]

Jarmark Jagielloński

Strona główna
