{"id":38076,"date":"2021-02-12T15:30:20","date_gmt":"2021-02-12T14:30:20","guid":{"rendered":"https:\/\/retradycja.eu\/tworca\/malgorzata-and-krzysztof-boksa\/"},"modified":"2024-08-21T12:24:43","modified_gmt":"2024-08-21T10:24:43","slug":"malgorzata-and-krzysztof-boksa","status":"publish","type":"tworca","link":"https:\/\/retradycja.eu\/en\/tworca\/malgorzata-and-krzysztof-boksa\/","title":{"rendered":"Ma\u0142gorzata and Krzysztof Boksa"},"content":{"rendered":"<p>Ma\u0142gorzata and Krzysztof Boksa, a husband-and-wife artistic duo, have been dedicated to folk art for over four decades. Krzysztof, following in his father&#8217;s footsteps, has mastered the intricacies of ceramic craftsmanship. He has enriched his skills with knowledge gained from literature and interactions with folk artists and ethnographers.<\/p>\n<p>Ma\u0142gorzata&#8217;s father, Nikodem, was a skilled tailor who, together with his daughter, crafted intricate doll clothes and accessories. This early exposure to the arts sparked a lifelong passion for creativity. Today, the Boksas use chamotte clay and the coiling technique to create sculptures inspired by traditional folk art, often combining ceramics with wood. Their works, featuring angels, horses, birds, chapels, and religious reliefs, showcase their exquisite craftsmanship and deep connection to their cultural heritage. The Boksas&#8217; dedication to their art has been recognised with numerous awards at competitions throughout Poland. Their gallery and creative space, &#8220;Przystanek Raj,&#8221; serves as a testament to their passion and a source of inspiration for others.<\/p>\n<p>&nbsp;<\/p>\n<p><strong>Contact:\u00a0<\/strong><\/p>\n<p><strong>www:<\/strong>\u00a0<a href=\"https:\/\/www.facebook.com\/MalgorzataBoksaCeramika\/\" target=\"_blank\" rel=\"noopener\">facebook.com\/MalgorzataBoksaCeramika\/<br \/>\n<\/a><strong>e-mail<\/strong>:\u00a0mkboksa1@gmail.com<br \/>\n+48 663622135<\/p>\n","protected":false},"featured_media":32788,"template":"","meta":{"_acf_changed":false,"ngg_post_thumbnail":0},"dziedzina_tworczosci":[105,117],"kategoria_wydarzenia":[],"kategoria_tworcy":[156,157],"edycja":[167,168,166,164,162,153,324],"kraj_tworcy":[289],"acf":[],"yoast_head":"<!-- This site is optimized with the Yoast SEO plugin v22.2 - https:\/\/yoast.com\/wordpress\/plugins\/seo\/ -->\n<title>Ma\u0142gorzata and Krzysztof Boksa - Jarmark Jagiello\u0144ski<\/title>\n<meta name=\"robots\" content=\"index, follow, max-snippet:-1, max-image-preview:large, max-video-preview:-1\" \/>\n<link rel=\"canonical\" href=\"https:\/\/retradycja.eu\/en\/tworca\/malgorzata-and-krzysztof-boksa\/\" \/>\n<meta property=\"og:locale\" content=\"en_US\" \/>\n<meta property=\"og:type\" content=\"article\" \/>\n<meta property=\"og:title\" content=\"Ma\u0142gorzata and Krzysztof Boksa - Jarmark Jagiello\u0144ski\" \/>\n<meta property=\"og:description\" content=\"Ma\u0142gorzata and Krzysztof Boksa, a husband-and-wife artistic duo, have been dedicated to folk art for over four decades. Krzysztof, following [&hellip;]\" \/>\n<meta property=\"og:url\" content=\"https:\/\/retradycja.eu\/en\/tworca\/malgorzata-and-krzysztof-boksa\/\" \/>\n<meta property=\"og:site_name\" content=\"Jarmark Jagiello\u0144ski\" \/>\n<meta property=\"article:publisher\" content=\"https:\/\/www.facebook.com\/retradycja\" \/>\n<meta property=\"article:modified_time\" content=\"2024-08-21T10:24:43+00:00\" \/>\n<meta property=\"og:image\" content=\"https:\/\/retradycja.eu\/wp-content\/uploads\/2020\/08\/MG_7996-fot.-Tomasz-Bylina-scaled.jpg\" \/>\n\t<meta property=\"og:image:width\" content=\"2560\" \/>\n\t<meta property=\"og:image:height\" content=\"1707\" \/>\n\t<meta property=\"og:image:type\" content=\"image\/jpeg\" \/>\n<meta name=\"twitter:card\" content=\"summary_large_image\" \/>\n<meta name=\"twitter:label1\" content=\"Est. reading time\" \/>\n\t<meta name=\"twitter:data1\" content=\"1 minute\" \/>\n<script type=\"application\/ld+json\" class=\"yoast-schema-graph\">{\"@context\":\"https:\/\/schema.org\",\"@graph\":[{\"@type\":\"WebPage\",\"@id\":\"https:\/\/retradycja.eu\/en\/tworca\/malgorzata-and-krzysztof-boksa\/\",\"url\":\"https:\/\/retradycja.eu\/en\/tworca\/malgorzata-and-krzysztof-boksa\/\",\"name\":\"Ma\u0142gorzata and Krzysztof Boksa - Jarmark Jagiello\u0144ski\",\"isPartOf\":{\"@id\":\"https:\/\/retradycja.eu\/pl\/#website\"},\"primaryImageOfPage\":{\"@id\":\"https:\/\/retradycja.eu\/en\/tworca\/malgorzata-and-krzysztof-boksa\/#primaryimage\"},\"image\":{\"@id\":\"https:\/\/retradycja.eu\/en\/tworca\/malgorzata-and-krzysztof-boksa\/#primaryimage\"},\"thumbnailUrl\":\"https:\/\/retradycja.eu\/wp-content\/uploads\/2020\/08\/MG_7996-fot.-Tomasz-Bylina-scaled.jpg\",\"datePublished\":\"2021-02-12T14:30:20+00:00\",\"dateModified\":\"2024-08-21T10:24:43+00:00\",\"breadcrumb\":{\"@id\":\"https:\/\/retradycja.eu\/en\/tworca\/malgorzata-and-krzysztof-boksa\/#breadcrumb\"},\"inLanguage\":\"en-US\",\"potentialAction\":[{\"@type\":\"ReadAction\",\"target\":[\"https:\/\/retradycja.eu\/en\/tworca\/malgorzata-and-krzysztof-boksa\/\"]}]},{\"@type\":\"ImageObject\",\"inLanguage\":\"en-US\",\"@id\":\"https:\/\/retradycja.eu\/en\/tworca\/malgorzata-and-krzysztof-boksa\/#primaryimage\",\"url\":\"https:\/\/retradycja.eu\/wp-content\/uploads\/2020\/08\/MG_7996-fot.-Tomasz-Bylina-scaled.jpg\",\"contentUrl\":\"https:\/\/retradycja.eu\/wp-content\/uploads\/2020\/08\/MG_7996-fot.-Tomasz-Bylina-scaled.jpg\",\"width\":2560,\"height\":1707},{\"@type\":\"BreadcrumbList\",\"@id\":\"https:\/\/retradycja.eu\/en\/tworca\/malgorzata-and-krzysztof-boksa\/#breadcrumb\",\"itemListElement\":[{\"@type\":\"ListItem\",\"position\":1,\"name\":\"Strona g\u0142\u00f3wna\",\"item\":\"https:\/\/retradycja.eu\/en\/\"},{\"@type\":\"ListItem\",\"position\":2,\"name\":\"Ma\u0142gorzata and Krzysztof Boksa\"}]},{\"@type\":\"WebSite\",\"@id\":\"https:\/\/retradycja.eu\/pl\/#website\",\"url\":\"https:\/\/retradycja.eu\/pl\/\",\"name\":\"Jarmark Jagiello\u0144ski\",\"description\":\"The Jagiellonian Fair 21-23 August 2020 |  Lublin, Old Town\",\"publisher\":{\"@id\":\"https:\/\/retradycja.eu\/pl\/#organization\"},\"potentialAction\":[{\"@type\":\"SearchAction\",\"target\":{\"@type\":\"EntryPoint\",\"urlTemplate\":\"https:\/\/retradycja.eu\/pl\/?s={search_term_string}\"},\"query-input\":\"required name=search_term_string\"}],\"inLanguage\":\"en-US\"},{\"@type\":\"Organization\",\"@id\":\"https:\/\/retradycja.eu\/pl\/#organization\",\"name\":\"Warsztaty Kultury w Lublinie\",\"url\":\"https:\/\/retradycja.eu\/pl\/\",\"logo\":{\"@type\":\"ImageObject\",\"inLanguage\":\"en-US\",\"@id\":\"https:\/\/retradycja.eu\/pl\/#\/schema\/logo\/image\/\",\"url\":\"https:\/\/retradycja.eu\/wp-content\/uploads\/2022\/06\/logo_retradycje-01.png\",\"contentUrl\":\"https:\/\/retradycja.eu\/wp-content\/uploads\/2022\/06\/logo_retradycje-01.png\",\"width\":332,\"height\":63,\"caption\":\"Warsztaty Kultury w Lublinie\"},\"image\":{\"@id\":\"https:\/\/retradycja.eu\/pl\/#\/schema\/logo\/image\/\"},\"sameAs\":[\"https:\/\/www.facebook.com\/retradycja\",\"https:\/\/www.instagram.com\/retradycja_jarmarkjagiellonski\/\",\"https:\/\/www.youtube.com\/user\/JarmarkJagiellonski\"]}]}<\/script>\n<!-- \/ Yoast SEO plugin. -->","yoast_head_json":{"title":"Ma\u0142gorzata and Krzysztof Boksa - Jarmark Jagiello\u0144ski","robots":{"index":"index","follow":"follow","max-snippet":"max-snippet:-1","max-image-preview":"max-image-preview:large","max-video-preview":"max-video-preview:-1"},"canonical":"https:\/\/retradycja.eu\/en\/tworca\/malgorzata-and-krzysztof-boksa\/","og_locale":"en_US","og_type":"article","og_title":"Ma\u0142gorzata and Krzysztof Boksa - Jarmark Jagiello\u0144ski","og_description":"Ma\u0142gorzata and Krzysztof Boksa, a husband-and-wife artistic duo, have been dedicated to folk art for over four decades. Krzysztof, following [&hellip;]","og_url":"https:\/\/retradycja.eu\/en\/tworca\/malgorzata-and-krzysztof-boksa\/","og_site_name":"Jarmark Jagiello\u0144ski","article_publisher":"https:\/\/www.facebook.com\/retradycja","article_modified_time":"2024-08-21T10:24:43+00:00","og_image":[{"width":2560,"height":1707,"url":"https:\/\/retradycja.eu\/wp-content\/uploads\/2020\/08\/MG_7996-fot.-Tomasz-Bylina-scaled.jpg","type":"image\/jpeg"}],"twitter_card":"summary_large_image","twitter_misc":{"Est. reading time":"1 minute"},"schema":{"@context":"https:\/\/schema.org","@graph":[{"@type":"WebPage","@id":"https:\/\/retradycja.eu\/en\/tworca\/malgorzata-and-krzysztof-boksa\/","url":"https:\/\/retradycja.eu\/en\/tworca\/malgorzata-and-krzysztof-boksa\/","name":"Ma\u0142gorzata and Krzysztof Boksa - Jarmark Jagiello\u0144ski","isPartOf":{"@id":"https:\/\/retradycja.eu\/pl\/#website"},"primaryImageOfPage":{"@id":"https:\/\/retradycja.eu\/en\/tworca\/malgorzata-and-krzysztof-boksa\/#primaryimage"},"image":{"@id":"https:\/\/retradycja.eu\/en\/tworca\/malgorzata-and-krzysztof-boksa\/#primaryimage"},"thumbnailUrl":"https:\/\/retradycja.eu\/wp-content\/uploads\/2020\/08\/MG_7996-fot.-Tomasz-Bylina-scaled.jpg","datePublished":"2021-02-12T14:30:20+00:00","dateModified":"2024-08-21T10:24:43+00:00","breadcrumb":{"@id":"https:\/\/retradycja.eu\/en\/tworca\/malgorzata-and-krzysztof-boksa\/#breadcrumb"},"inLanguage":"en-US","potentialAction":[{"@type":"ReadAction","target":["https:\/\/retradycja.eu\/en\/tworca\/malgorzata-and-krzysztof-boksa\/"]}]},{"@type":"ImageObject","inLanguage":"en-US","@id":"https:\/\/retradycja.eu\/en\/tworca\/malgorzata-and-krzysztof-boksa\/#primaryimage","url":"https:\/\/retradycja.eu\/wp-content\/uploads\/2020\/08\/MG_7996-fot.-Tomasz-Bylina-scaled.jpg","contentUrl":"https:\/\/retradycja.eu\/wp-content\/uploads\/2020\/08\/MG_7996-fot.-Tomasz-Bylina-scaled.jpg","width":2560,"height":1707},{"@type":"BreadcrumbList","@id":"https:\/\/retradycja.eu\/en\/tworca\/malgorzata-and-krzysztof-boksa\/#breadcrumb","itemListElement":[{"@type":"ListItem","position":1,"name":"Strona g\u0142\u00f3wna","item":"https:\/\/retradycja.eu\/en\/"},{"@type":"ListItem","position":2,"name":"Ma\u0142gorzata and Krzysztof Boksa"}]},{"@type":"WebSite","@id":"https:\/\/retradycja.eu\/pl\/#website","url":"https:\/\/retradycja.eu\/pl\/","name":"Jarmark Jagiello\u0144ski","description":"The Jagiellonian Fair 21-23 August 2020 |  Lublin, Old Town","publisher":{"@id":"https:\/\/retradycja.eu\/pl\/#organization"},"potentialAction":[{"@type":"SearchAction","target":{"@type":"EntryPoint","urlTemplate":"https:\/\/retradycja.eu\/pl\/?s={search_term_string}"},"query-input":"required name=search_term_string"}],"inLanguage":"en-US"},{"@type":"Organization","@id":"https:\/\/retradycja.eu\/pl\/#organization","name":"Warsztaty Kultury w Lublinie","url":"https:\/\/retradycja.eu\/pl\/","logo":{"@type":"ImageObject","inLanguage":"en-US","@id":"https:\/\/retradycja.eu\/pl\/#\/schema\/logo\/image\/","url":"https:\/\/retradycja.eu\/wp-content\/uploads\/2022\/06\/logo_retradycje-01.png","contentUrl":"https:\/\/retradycja.eu\/wp-content\/uploads\/2022\/06\/logo_retradycje-01.png","width":332,"height":63,"caption":"Warsztaty Kultury w Lublinie"},"image":{"@id":"https:\/\/retradycja.eu\/pl\/#\/schema\/logo\/image\/"},"sameAs":["https:\/\/www.facebook.com\/retradycja","https:\/\/www.instagram.com\/retradycja_jarmarkjagiellonski\/","https:\/\/www.youtube.com\/user\/JarmarkJagiellonski"]}]}},"_links":{"self":[{"href":"https:\/\/retradycja.eu\/en\/wp-json\/wp\/v2\/tworca\/38076"}],"collection":[{"href":"https:\/\/retradycja.eu\/en\/wp-json\/wp\/v2\/tworca"}],"about":[{"href":"https:\/\/retradycja.eu\/en\/wp-json\/wp\/v2\/types\/tworca"}],"wp:featuredmedia":[{"embeddable":true,"href":"https:\/\/retradycja.eu\/en\/wp-json\/wp\/v2\/media\/32788"}],"wp:attachment":[{"href":"https:\/\/retradycja.eu\/en\/wp-json\/wp\/v2\/media?parent=38076"}],"wp:term":[{"taxonomy":"dziedzina_tworczosci","embeddable":true,"href":"https:\/\/retradycja.eu\/en\/wp-json\/wp\/v2\/dziedzina_tworczosci?post=38076"},{"taxonomy":"kategoria_wydarzenia","embeddable":true,"href":"https:\/\/retradycja.eu\/en\/wp-json\/wp\/v2\/kategoria_wydarzenia?post=38076"},{"taxonomy":"kategoria_tworcy","embeddable":true,"href":"https:\/\/retradycja.eu\/en\/wp-json\/wp\/v2\/kategoria_tworcy?post=38076"},{"taxonomy":"edycja","embeddable":true,"href":"https:\/\/retradycja.eu\/en\/wp-json\/wp\/v2\/edycja?post=38076"},{"taxonomy":"kraj_tworcy","embeddable":true,"href":"https:\/\/retradycja.eu\/en\/wp-json\/wp\/v2\/kraj_tworcy?post=38076"}],"curies":[{"name":"wp","href":"https:\/\/api.w.org\/{rel}","templated":true}]}}

Małgorzata and Krzysztof Boksa

<p>Małgorzata and Krzysztof Boksa, a husband-and-wife artistic duo, have been dedicated to folk art for over four decades. Krzysztof, following in his father&#8217;s footsteps, has mastered the intricacies of ceramic craftsmanship. He has enriched his skills with knowledge gained from literature and interactions with folk artists and ethnographers.</p>
<p>Małgorzata&#8217;s father, Nikodem, was a skilled tailor who, together with his daughter, crafted intricate doll clothes and accessories. This early exposure to the arts sparked a lifelong passion for creativity. Today, the Boksas use chamotte clay and the coiling technique to create sculptures inspired by traditional folk art, often combining ceramics with wood. Their works, featuring angels, horses, birds, chapels, and religious reliefs, showcase their exquisite craftsmanship and deep connection to their cultural heritage. The Boksas&#8217; dedication to their art has been recognised with numerous awards at competitions throughout Poland. Their gallery and creative space, &#8220;Przystanek Raj,&#8221; serves as a testament to their passion and a source of inspiration for others.</p>
<p>&nbsp;</p>
<p><strong>Contact: </strong></p>
<p><strong>www:</strong> <a href="https://www.facebook.com/MalgorzataBoksaCeramika/" target="_blank" rel="noopener">facebook.com/MalgorzataBoksaCeramika/<br />
</a><strong>e-mail</strong>: mkboksa1@gmail.com<br />
+48 663622135</p>

<!-- This site is optimized with the Yoast SEO plugin v22.2 - https://yoast.com/wordpress/plugins/seo/ -->
<title>Małgorzata and Krzysztof Boksa - Jarmark Jagielloński</title>
<meta name="robots" content="index, follow, max-snippet:-1, max-image-preview:large, max-video-preview:-1" />
<link rel="canonical" href="https://retradycja.eu/en/tworca/malgorzata-and-krzysztof-boksa/" />
<meta property="og:locale" content="en_US" />
<meta property="og:type" content="article" />
<meta property="og:title" content="Małgorzata and Krzysztof Boksa - Jarmark Jagielloński" />
<meta property="og:description" content="Małgorzata and Krzysztof Boksa, a husband-and-wife artistic duo, have been dedicated to folk art for over four decades. Krzysztof, following [&hellip;]" />
<meta property="og:url" content="https://retradycja.eu/en/tworca/malgorzata-and-krzysztof-boksa/" />
<meta property="og:site_name" content="Jarmark Jagielloński" />
<meta property="article:publisher" content="https://www.facebook.com/retradycja" />
<meta property="article:modified_time" content="2024-08-21T10:24:43+00:00" />
<meta property="og:image" content="https://retradycja.eu/wp-content/uploads/2020/08/MG_7996-fot.-Tomasz-Bylina-scaled.jpg" />
	<meta property="og:image:width" content="2560" />
	<meta property="og:image:height" content="1707" />
	<meta property="og:image:type" content="image/jpeg" />
<meta name="twitter:card" content="summary_large_image" />
<meta name="twitter:label1" content="Est. reading time" />
	<meta name="twitter:data1" content="1 minute" />
<script type="application/ld+json" class="yoast-schema-graph">{"@context":"https://schema.org","@graph":[{"@type":"WebPage","@id":"https://retradycja.eu/en/tworca/malgorzata-and-krzysztof-boksa/","url":"https://retradycja.eu/en/tworca/malgorzata-and-krzysztof-boksa/","name":"Małgorzata and Krzysztof Boksa - Jarmark Jagielloński","isPartOf":{"@id":"https://retradycja.eu/pl/#website"},"primaryImageOfPage":{"@id":"https://retradycja.eu/en/tworca/malgorzata-and-krzysztof-boksa/#primaryimage"},"image":{"@id":"https://retradycja.eu/en/tworca/malgorzata-and-krzysztof-boksa/#primaryimage"},"thumbnailUrl":"https://retradycja.eu/wp-content/uploads/2020/08/MG_7996-fot.-Tomasz-Bylina-scaled.jpg","datePublished":"2021-02-12T14:30:20+00:00","dateModified":"2024-08-21T10:24:43+00:00","breadcrumb":{"@id":"https://retradycja.eu/en/tworca/malgorzata-and-krzysztof-boksa/#breadcrumb"},"inLanguage":"en-US","potentialAction":[{"@type":"ReadAction","target":["https://retradycja.eu/en/tworca/malgorzata-and-krzysztof-boksa/"]}]},{"@type":"ImageObject","inLanguage":"en-US","@id":"https://retradycja.eu/en/tworca/malgorzata-and-krzysztof-boksa/#primaryimage","url":"https://retradycja.eu/wp-content/uploads/2020/08/MG_7996-fot.-Tomasz-Bylina-scaled.jpg","contentUrl":"https://retradycja.eu/wp-content/uploads/2020/08/MG_7996-fot.-Tomasz-Bylina-scaled.jpg","width":2560,"height":1707},{"@type":"BreadcrumbList","@id":"https://retradycja.eu/en/tworca/malgorzata-and-krzysztof-boksa/#breadcrumb","itemListElement":[{"@type":"ListItem","position":1,"name":"Strona główna","item":"https://retradycja.eu/en/"},{"@type":"ListItem","position":2,"name":"Małgorzata and Krzysztof Boksa"}]},{"@type":"WebSite","@id":"https://retradycja.eu/pl/#website","url":"https://retradycja.eu/pl/","name":"Jarmark Jagielloński","description":"The Jagiellonian Fair 21-23 August 2020 |  Lublin, Old Town","publisher":{"@id":"https://retradycja.eu/pl/#organization"},"potentialAction":[{"@type":"SearchAction","target":{"@type":"EntryPoint","urlTemplate":"https://retradycja.eu/pl/?s={search_term_string}"},"query-input":"required name=search_term_string"}],"inLanguage":"en-US"},{"@type":"Organization","@id":"https://retradycja.eu/pl/#organization","name":"Warsztaty Kultury w Lublinie","url":"https://retradycja.eu/pl/","logo":{"@type":"ImageObject","inLanguage":"en-US","@id":"https://retradycja.eu/pl/#/schema/logo/image/","url":"https://retradycja.eu/wp-content/uploads/2022/06/logo_retradycje-01.png","contentUrl":"https://retradycja.eu/wp-content/uploads/2022/06/logo_retradycje-01.png","width":332,"height":63,"caption":"Warsztaty Kultury w Lublinie"},"image":{"@id":"https://retradycja.eu/pl/#/schema/logo/image/"},"sameAs":["https://www.facebook.com/retradycja","https://www.instagram.com/retradycja_jarmarkjagiellonski/","https://www.youtube.com/user/JarmarkJagiellonski"]}]}</script>
<!-- / Yoast SEO plugin. -->

Małgorzata and Krzysztof Boksa - Jarmark Jagielloński

Małgorzata and Krzysztof Boksa, a husband-and-wife artistic duo, have been dedicated to folk art for over four decades. Krzysztof, following [&hellip;]

Jarmark Jagielloński

Strona główna
