{"id":51156,"date":"2023-08-08T16:04:48","date_gmt":"2023-08-08T14:04:48","guid":{"rendered":"https:\/\/retradycja.eu\/artysta\/teatr-echa\/"},"modified":"2024-07-12T14:02:03","modified_gmt":"2024-07-12T12:02:03","slug":"teatr-echa","status":"publish","type":"artysta","link":"https:\/\/retradycja.eu\/en\/artysta\/teatr-echa\/","title":{"rendered":"Teatr Echa"},"content":{"rendered":"\n<p><span style=\"font-weight: 400;\">Teatr Echa creates musical, interactive fairy tales using instruments like cymbaloms,\u00a0 violins, zither, accordion, flutes, oud lute, duduk, drums, ocarina, and more. They draw inspiration from ancient traditional fairy tales, weaving their own stories with sounds and words<\/span><b>.<\/b><\/p>\n\n<p><strong>Teatra Echa\u00a0 will perform with the following lineup:<\/strong><\/p>\n\n<p>Kasia \u017bytomirska \u2013 baraban, vocals<\/p>\n\n<p>Marijka \u0141ubjancewa \u2013 fiddle, sopilka, vocals, Ukrainian language<\/p>\n\n<p>Piotr Pardela \u2013 accordion, vocals<\/p>\n\n<p><strong>Artists:<\/strong><\/p>\n\n<p><b>Katarzyna \u017bytomirska<\/b><span style=\"font-weight: 400;\"> is a storyteller, writer, singer, actress, animator, scriptwriter, and ethnographer. She is the author of ethnographic-magical tales like &#8220;Opowie\u015bci roztocza\u0144skie&#8221; (Tales from Roztocze) and &#8220;O kogutku, co umia\u0142 dzia\u0142a\u0107 do skutku&#8221; (\u201cAbout a cockerel who keeps trying until it succeeds\u201d)\u00a0 and various musical performances for children.. She received three scholarships from the Ministry of Culture and National Heritage in the fields of animation, fairy tales, and folk culture. She is the founder of Teatr Echa.<\/span>&#13;\n&#13;\n<span style=\"font-weight: 400;\">www.zytomirska.pl<\/span><\/p>\n\n<p><strong>Piotr Pardela<\/strong> is a composer, multi-instrumentalist, photographer, filmmaker, and set designer. He creates performances and conducts music workshops for young children. He is also a father of four. Currently, he is working on musical and theatrical projects. He has co-founded the itinerant theatre Teatr Echa with Katarzyna \u017bytomirska. They travel and present musical fairy tales across the country. Piotr creates and performs music for theatre and film. He is a member of musical bands like &#8220;Muzyko Graj&#8221;, &#8220;Wsp\u00f3lna Droga&#8221;, &#8220;Sen Motyla&#8221;, playing instruments like the guitar, flutes, duduk, clarinet, accordion, cymbals, cytra, and oud lute. He has also founded the groups &#8220;Ogie\u0144 z Wody&#8221; and &#8220;Echa dla dzieci.&#8221;<\/p>\n\n<p><span style=\"font-weight: 400;\"><strong>Marijka \u0141ubjancewa<\/strong>, born in Kyiv, is a multi-talented individual. She is an actress, singer, dancer, and instrumentalist proficient in the violin, piano, accordion, and sopilka. Additionally, she is a music therapist and sociocultural animator. Marijka completed her education at the Music School in Kyiv (1st level), Collegium Wratislaviense School of Tutors, Academy of Social Skills, and Academy of Intercultural Mentors. Marijka has conducted research projects and expeditions focused on musical and ritual traditions in Belarus, Ukraine, Macedonia, and the borderlands of Poland. From 1993 to 2012, she worked as an actress at Teatr W\u0119gajty. She has also collaborated with Teatr Remus since 2003 and Teatr Scena Lubelska 30\/32 since 2006. Marijka is a co-author of performances involving immigrant youth and sociocultural animation projects for refugee children, conducted by the Culture Practitioners Association. She actively works with theatre and music groups that include children from Poland and refugees from Georgia, Kyrgyzstan, Chechnya, and Ukraine. In collaboration with the Refugee.pl Foundation, Marijka managed a kindergarten and community centre for refugees in D\u0119baki from 2016 to 2017. Since 2017, she has been working as a music therapist at the Community House of Self-Help, which is part of the Otwarte Drzwi Association. Currently, Marijka is involved in the implementation of the project &#8220;Protecting children, including children without care seeking asylum, from violence&#8221; in refugee centres. This project is carried out in collaboration with the Dajemy Dzieciom Si\u0142\u0119 Foundation and started in 2021.<\/span>&#13;\n&#13;\n\u00a0<\/p>\n","protected":false},"featured_media":0,"template":"","meta":{"_acf_changed":true,"ngg_post_thumbnail":0},"kategoria_wydarzenia":[],"edycja":[222,300],"acf":[],"yoast_head":"<!-- This site is optimized with the Yoast SEO plugin v22.2 - https:\/\/yoast.com\/wordpress\/plugins\/seo\/ -->\n<title>Teatr Echa - Jarmark Jagiello\u0144ski<\/title>\n<meta name=\"robots\" content=\"index, follow, max-snippet:-1, max-image-preview:large, max-video-preview:-1\" \/>\n<link rel=\"canonical\" href=\"https:\/\/retradycja.eu\/en\/artysta\/teatr-echa\/\" \/>\n<meta property=\"og:locale\" content=\"en_US\" \/>\n<meta property=\"og:type\" content=\"article\" \/>\n<meta property=\"og:title\" content=\"Teatr Echa - Jarmark Jagiello\u0144ski\" \/>\n<meta property=\"og:description\" content=\"Teatr Echa creates musical, interactive fairy tales using instruments like cymbaloms,\u00a0 violins, zither, accordion, flutes, oud lute, duduk, drums, ocarina, [&hellip;]\" \/>\n<meta property=\"og:url\" content=\"https:\/\/retradycja.eu\/en\/artysta\/teatr-echa\/\" \/>\n<meta property=\"og:site_name\" content=\"Jarmark Jagiello\u0144ski\" \/>\n<meta property=\"article:publisher\" content=\"https:\/\/www.facebook.com\/retradycja\" \/>\n<meta property=\"article:modified_time\" content=\"2024-07-12T12:02:03+00:00\" \/>\n<meta property=\"og:image\" content=\"https:\/\/retradycja.eu\/wp-content\/uploads\/2022\/07\/Teatr-Echa-w-kapeluszu-e1658481984377.jpg\" \/>\n\t<meta property=\"og:image:width\" content=\"1799\" \/>\n\t<meta property=\"og:image:height\" content=\"2205\" \/>\n\t<meta property=\"og:image:type\" content=\"image\/jpeg\" \/>\n<meta name=\"twitter:card\" content=\"summary_large_image\" \/>\n<meta name=\"twitter:label1\" content=\"Est. reading time\" \/>\n\t<meta name=\"twitter:data1\" content=\"4 minutes\" \/>\n<script type=\"application\/ld+json\" class=\"yoast-schema-graph\">{\"@context\":\"https:\/\/schema.org\",\"@graph\":[{\"@type\":\"WebPage\",\"@id\":\"https:\/\/retradycja.eu\/en\/artysta\/teatr-echa\/\",\"url\":\"https:\/\/retradycja.eu\/en\/artysta\/teatr-echa\/\",\"name\":\"Teatr Echa - Jarmark Jagiello\u0144ski\",\"isPartOf\":{\"@id\":\"https:\/\/retradycja.eu\/pl\/#website\"},\"datePublished\":\"2023-08-08T14:04:48+00:00\",\"dateModified\":\"2024-07-12T12:02:03+00:00\",\"breadcrumb\":{\"@id\":\"https:\/\/retradycja.eu\/en\/artysta\/teatr-echa\/#breadcrumb\"},\"inLanguage\":\"en-US\",\"potentialAction\":[{\"@type\":\"ReadAction\",\"target\":[\"https:\/\/retradycja.eu\/en\/artysta\/teatr-echa\/\"]}]},{\"@type\":\"BreadcrumbList\",\"@id\":\"https:\/\/retradycja.eu\/en\/artysta\/teatr-echa\/#breadcrumb\",\"itemListElement\":[{\"@type\":\"ListItem\",\"position\":1,\"name\":\"Strona g\u0142\u00f3wna\",\"item\":\"https:\/\/retradycja.eu\/en\/\"},{\"@type\":\"ListItem\",\"position\":2,\"name\":\"Teatr Echa\"}]},{\"@type\":\"WebSite\",\"@id\":\"https:\/\/retradycja.eu\/pl\/#website\",\"url\":\"https:\/\/retradycja.eu\/pl\/\",\"name\":\"Jarmark Jagiello\u0144ski\",\"description\":\"The Jagiellonian Fair 21-23 August 2020 |  Lublin, Old Town\",\"publisher\":{\"@id\":\"https:\/\/retradycja.eu\/pl\/#organization\"},\"potentialAction\":[{\"@type\":\"SearchAction\",\"target\":{\"@type\":\"EntryPoint\",\"urlTemplate\":\"https:\/\/retradycja.eu\/pl\/?s={search_term_string}\"},\"query-input\":\"required name=search_term_string\"}],\"inLanguage\":\"en-US\"},{\"@type\":\"Organization\",\"@id\":\"https:\/\/retradycja.eu\/pl\/#organization\",\"name\":\"Warsztaty Kultury w Lublinie\",\"url\":\"https:\/\/retradycja.eu\/pl\/\",\"logo\":{\"@type\":\"ImageObject\",\"inLanguage\":\"en-US\",\"@id\":\"https:\/\/retradycja.eu\/pl\/#\/schema\/logo\/image\/\",\"url\":\"https:\/\/retradycja.eu\/wp-content\/uploads\/2022\/06\/logo_retradycje-01.png\",\"contentUrl\":\"https:\/\/retradycja.eu\/wp-content\/uploads\/2022\/06\/logo_retradycje-01.png\",\"width\":332,\"height\":63,\"caption\":\"Warsztaty Kultury w Lublinie\"},\"image\":{\"@id\":\"https:\/\/retradycja.eu\/pl\/#\/schema\/logo\/image\/\"},\"sameAs\":[\"https:\/\/www.facebook.com\/retradycja\",\"https:\/\/www.instagram.com\/retradycja_jarmarkjagiellonski\/\",\"https:\/\/www.youtube.com\/user\/JarmarkJagiellonski\"]}]}<\/script>\n<!-- \/ Yoast SEO plugin. -->","yoast_head_json":{"title":"Teatr Echa - Jarmark Jagiello\u0144ski","robots":{"index":"index","follow":"follow","max-snippet":"max-snippet:-1","max-image-preview":"max-image-preview:large","max-video-preview":"max-video-preview:-1"},"canonical":"https:\/\/retradycja.eu\/en\/artysta\/teatr-echa\/","og_locale":"en_US","og_type":"article","og_title":"Teatr Echa - Jarmark Jagiello\u0144ski","og_description":"Teatr Echa creates musical, interactive fairy tales using instruments like cymbaloms,\u00a0 violins, zither, accordion, flutes, oud lute, duduk, drums, ocarina, [&hellip;]","og_url":"https:\/\/retradycja.eu\/en\/artysta\/teatr-echa\/","og_site_name":"Jarmark Jagiello\u0144ski","article_publisher":"https:\/\/www.facebook.com\/retradycja","article_modified_time":"2024-07-12T12:02:03+00:00","og_image":[{"width":1799,"height":2205,"url":"https:\/\/retradycja.eu\/wp-content\/uploads\/2022\/07\/Teatr-Echa-w-kapeluszu-e1658481984377.jpg","type":"image\/jpeg"}],"twitter_card":"summary_large_image","twitter_misc":{"Est. reading time":"4 minutes"},"schema":{"@context":"https:\/\/schema.org","@graph":[{"@type":"WebPage","@id":"https:\/\/retradycja.eu\/en\/artysta\/teatr-echa\/","url":"https:\/\/retradycja.eu\/en\/artysta\/teatr-echa\/","name":"Teatr Echa - Jarmark Jagiello\u0144ski","isPartOf":{"@id":"https:\/\/retradycja.eu\/pl\/#website"},"datePublished":"2023-08-08T14:04:48+00:00","dateModified":"2024-07-12T12:02:03+00:00","breadcrumb":{"@id":"https:\/\/retradycja.eu\/en\/artysta\/teatr-echa\/#breadcrumb"},"inLanguage":"en-US","potentialAction":[{"@type":"ReadAction","target":["https:\/\/retradycja.eu\/en\/artysta\/teatr-echa\/"]}]},{"@type":"BreadcrumbList","@id":"https:\/\/retradycja.eu\/en\/artysta\/teatr-echa\/#breadcrumb","itemListElement":[{"@type":"ListItem","position":1,"name":"Strona g\u0142\u00f3wna","item":"https:\/\/retradycja.eu\/en\/"},{"@type":"ListItem","position":2,"name":"Teatr Echa"}]},{"@type":"WebSite","@id":"https:\/\/retradycja.eu\/pl\/#website","url":"https:\/\/retradycja.eu\/pl\/","name":"Jarmark Jagiello\u0144ski","description":"The Jagiellonian Fair 21-23 August 2020 |  Lublin, Old Town","publisher":{"@id":"https:\/\/retradycja.eu\/pl\/#organization"},"potentialAction":[{"@type":"SearchAction","target":{"@type":"EntryPoint","urlTemplate":"https:\/\/retradycja.eu\/pl\/?s={search_term_string}"},"query-input":"required name=search_term_string"}],"inLanguage":"en-US"},{"@type":"Organization","@id":"https:\/\/retradycja.eu\/pl\/#organization","name":"Warsztaty Kultury w Lublinie","url":"https:\/\/retradycja.eu\/pl\/","logo":{"@type":"ImageObject","inLanguage":"en-US","@id":"https:\/\/retradycja.eu\/pl\/#\/schema\/logo\/image\/","url":"https:\/\/retradycja.eu\/wp-content\/uploads\/2022\/06\/logo_retradycje-01.png","contentUrl":"https:\/\/retradycja.eu\/wp-content\/uploads\/2022\/06\/logo_retradycje-01.png","width":332,"height":63,"caption":"Warsztaty Kultury w Lublinie"},"image":{"@id":"https:\/\/retradycja.eu\/pl\/#\/schema\/logo\/image\/"},"sameAs":["https:\/\/www.facebook.com\/retradycja","https:\/\/www.instagram.com\/retradycja_jarmarkjagiellonski\/","https:\/\/www.youtube.com\/user\/JarmarkJagiellonski"]}]}},"_links":{"self":[{"href":"https:\/\/retradycja.eu\/en\/wp-json\/wp\/v2\/artysta\/51156"}],"collection":[{"href":"https:\/\/retradycja.eu\/en\/wp-json\/wp\/v2\/artysta"}],"about":[{"href":"https:\/\/retradycja.eu\/en\/wp-json\/wp\/v2\/types\/artysta"}],"wp:attachment":[{"href":"https:\/\/retradycja.eu\/en\/wp-json\/wp\/v2\/media?parent=51156"}],"wp:term":[{"taxonomy":"kategoria_wydarzenia","embeddable":true,"href":"https:\/\/retradycja.eu\/en\/wp-json\/wp\/v2\/kategoria_wydarzenia?post=51156"},{"taxonomy":"edycja","embeddable":true,"href":"https:\/\/retradycja.eu\/en\/wp-json\/wp\/v2\/edycja?post=51156"}],"curies":[{"name":"wp","href":"https:\/\/api.w.org\/{rel}","templated":true}]}}

<p><span style="font-weight: 400;">Teatr Echa creates musical, interactive fairy tales using instruments like cymbaloms,  violins, zither, accordion, flutes, oud lute, duduk, drums, ocarina, and more. They draw inspiration from ancient traditional fairy tales, weaving their own stories with sounds and words</span><b>.</b></p>

<p><strong>Teatra Echa  will perform with the following lineup:</strong></p>

<p>Kasia Żytomirska – baraban, vocals</p>

<p>Marijka Łubjancewa – fiddle, sopilka, vocals, Ukrainian language</p>

<p>Piotr Pardela – accordion, vocals</p>

<p><strong>Artists:</strong></p>

<p><b>Katarzyna Żytomirska</b><span style="font-weight: 400;"> is a storyteller, writer, singer, actress, animator, scriptwriter, and ethnographer. She is the author of ethnographic-magical tales like &#8220;Opowieści roztoczańskie&#8221; (Tales from Roztocze) and &#8220;O kogutku, co umiał działać do skutku&#8221; (“About a cockerel who keeps trying until it succeeds”)  and various musical performances for children.. She received three scholarships from the Ministry of Culture and National Heritage in the fields of animation, fairy tales, and folk culture. She is the founder of Teatr Echa.</span>&#13;
&#13;
<span style="font-weight: 400;">www.zytomirska.pl</span></p>

<p><strong>Piotr Pardela</strong> is a composer, multi-instrumentalist, photographer, filmmaker, and set designer. He creates performances and conducts music workshops for young children. He is also a father of four. Currently, he is working on musical and theatrical projects. He has co-founded the itinerant theatre Teatr Echa with Katarzyna Żytomirska. They travel and present musical fairy tales across the country. Piotr creates and performs music for theatre and film. He is a member of musical bands like &#8220;Muzyko Graj&#8221;, &#8220;Wspólna Droga&#8221;, &#8220;Sen Motyla&#8221;, playing instruments like the guitar, flutes, duduk, clarinet, accordion, cymbals, cytra, and oud lute. He has also founded the groups &#8220;Ogień z Wody&#8221; and &#8220;Echa dla dzieci.&#8221;</p>

<p><span style="font-weight: 400;"><strong>Marijka Łubjancewa</strong>, born in Kyiv, is a multi-talented individual. She is an actress, singer, dancer, and instrumentalist proficient in the violin, piano, accordion, and sopilka. Additionally, she is a music therapist and sociocultural animator. Marijka completed her education at the Music School in Kyiv (1st level), Collegium Wratislaviense School of Tutors, Academy of Social Skills, and Academy of Intercultural Mentors. Marijka has conducted research projects and expeditions focused on musical and ritual traditions in Belarus, Ukraine, Macedonia, and the borderlands of Poland. From 1993 to 2012, she worked as an actress at Teatr Węgajty. She has also collaborated with Teatr Remus since 2003 and Teatr Scena Lubelska 30/32 since 2006. Marijka is a co-author of performances involving immigrant youth and sociocultural animation projects for refugee children, conducted by the Culture Practitioners Association. She actively works with theatre and music groups that include children from Poland and refugees from Georgia, Kyrgyzstan, Chechnya, and Ukraine. In collaboration with the Refugee.pl Foundation, Marijka managed a kindergarten and community centre for refugees in Dębaki from 2016 to 2017. Since 2017, she has been working as a music therapist at the Community House of Self-Help, which is part of the Otwarte Drzwi Association. Currently, Marijka is involved in the implementation of the project &#8220;Protecting children, including children without care seeking asylum, from violence&#8221; in refugee centres. This project is carried out in collaboration with the Dajemy Dzieciom Siłę Foundation and started in 2021.</span>&#13;
&#13;
 </p>

<!-- This site is optimized with the Yoast SEO plugin v22.2 - https://yoast.com/wordpress/plugins/seo/ -->
<title>Teatr Echa - Jarmark Jagielloński</title>
<meta name="robots" content="index, follow, max-snippet:-1, max-image-preview:large, max-video-preview:-1" />
<link rel="canonical" href="https://retradycja.eu/en/artysta/teatr-echa/" />
<meta property="og:locale" content="en_US" />
<meta property="og:type" content="article" />
<meta property="og:title" content="Teatr Echa - Jarmark Jagielloński" />
<meta property="og:description" content="Teatr Echa creates musical, interactive fairy tales using instruments like cymbaloms,  violins, zither, accordion, flutes, oud lute, duduk, drums, ocarina, [&hellip;]" />
<meta property="og:url" content="https://retradycja.eu/en/artysta/teatr-echa/" />
<meta property="og:site_name" content="Jarmark Jagielloński" />
<meta property="article:publisher" content="https://www.facebook.com/retradycja" />
<meta property="article:modified_time" content="2024-07-12T12:02:03+00:00" />
<meta property="og:image" content="https://retradycja.eu/wp-content/uploads/2022/07/Teatr-Echa-w-kapeluszu-e1658481984377.jpg" />
	<meta property="og:image:width" content="1799" />
	<meta property="og:image:height" content="2205" />
	<meta property="og:image:type" content="image/jpeg" />
<meta name="twitter:card" content="summary_large_image" />
<meta name="twitter:label1" content="Est. reading time" />
	<meta name="twitter:data1" content="4 minutes" />
<script type="application/ld+json" class="yoast-schema-graph">{"@context":"https://schema.org","@graph":[{"@type":"WebPage","@id":"https://retradycja.eu/en/artysta/teatr-echa/","url":"https://retradycja.eu/en/artysta/teatr-echa/","name":"Teatr Echa - Jarmark Jagielloński","isPartOf":{"@id":"https://retradycja.eu/pl/#website"},"datePublished":"2023-08-08T14:04:48+00:00","dateModified":"2024-07-12T12:02:03+00:00","breadcrumb":{"@id":"https://retradycja.eu/en/artysta/teatr-echa/#breadcrumb"},"inLanguage":"en-US","potentialAction":[{"@type":"ReadAction","target":["https://retradycja.eu/en/artysta/teatr-echa/"]}]},{"@type":"BreadcrumbList","@id":"https://retradycja.eu/en/artysta/teatr-echa/#breadcrumb","itemListElement":[{"@type":"ListItem","position":1,"name":"Strona główna","item":"https://retradycja.eu/en/"},{"@type":"ListItem","position":2,"name":"Teatr Echa"}]},{"@type":"WebSite","@id":"https://retradycja.eu/pl/#website","url":"https://retradycja.eu/pl/","name":"Jarmark Jagielloński","description":"The Jagiellonian Fair 21-23 August 2020 |  Lublin, Old Town","publisher":{"@id":"https://retradycja.eu/pl/#organization"},"potentialAction":[{"@type":"SearchAction","target":{"@type":"EntryPoint","urlTemplate":"https://retradycja.eu/pl/?s={search_term_string}"},"query-input":"required name=search_term_string"}],"inLanguage":"en-US"},{"@type":"Organization","@id":"https://retradycja.eu/pl/#organization","name":"Warsztaty Kultury w Lublinie","url":"https://retradycja.eu/pl/","logo":{"@type":"ImageObject","inLanguage":"en-US","@id":"https://retradycja.eu/pl/#/schema/logo/image/","url":"https://retradycja.eu/wp-content/uploads/2022/06/logo_retradycje-01.png","contentUrl":"https://retradycja.eu/wp-content/uploads/2022/06/logo_retradycje-01.png","width":332,"height":63,"caption":"Warsztaty Kultury w Lublinie"},"image":{"@id":"https://retradycja.eu/pl/#/schema/logo/image/"},"sameAs":["https://www.facebook.com/retradycja","https://www.instagram.com/retradycja_jarmarkjagiellonski/","https://www.youtube.com/user/JarmarkJagiellonski"]}]}</script>
<!-- / Yoast SEO plugin. -->

Teatr Echa - Jarmark Jagielloński

Jarmark Jagielloński

Strona główna
