{"id":50837,"date":"2023-07-21T16:04:17","date_gmt":"2023-07-21T14:04:17","guid":{"rendered":"https:\/\/retradycja.eu\/artysta\/ewa-grochowska\/"},"modified":"2024-07-12T13:53:36","modified_gmt":"2024-07-12T11:53:36","slug":"ewa-grochowska","status":"publish","type":"artysta","link":"https:\/\/retradycja.eu\/en\/artysta\/ewa-grochowska\/","title":{"rendered":"Ewa Grochowska\u00a0"},"content":{"rendered":"\n<p>The violinist and singer draws inspiration from authentic source traditional music and culture in which she was raised. <\/p>\n\n<p>She was a student of the fiddler Jan Gaca from Przysta\u0142owice Ma\u0142e (between 2000-2013).<\/p>\n\n<p>She is an enthusiast of traditional village wedding singing which leaves no room\u00a0 for half-heartedness. She has been learning this art from village singers in Poland, Ukraine, and Belarus since 1999.&#13;\n&#13;\nStarting from 2004, she has been sharing her experiences through various workshops. Apart from her workshops, she actively participates in several music groups and projects, including T\u0119gie Ch\u0142opy, Z Lasu, Warszawa Wschodnia, The Jagiellonian Fair Orchestra, MZK Toru\u0144, Bujne Ziele, and PoMore TanzOrkiestra. Her talent and dedication have been acknowledged through scholarships awarded by the Minister of Culture and National Heritage in 2006, 2014, and 2018. Additionally, she holds a Ph.D. in humanities.&#13;\n&#13;\n\u00a0&#13;\n&#13;\n\u00a0<\/p>\n","protected":false},"featured_media":35001,"template":"","meta":{"_acf_changed":true,"ngg_post_thumbnail":0},"kategoria_wydarzenia":[],"edycja":[222,300,324],"acf":[],"yoast_head":"<!-- This site is optimized with the Yoast SEO plugin v22.2 - https:\/\/yoast.com\/wordpress\/plugins\/seo\/ -->\n<title>Ewa Grochowska<\/title>\n<meta name=\"description\" content=\"The violinist and singer draws inspiration from authentic source traditional music and culture in which she was raised\" \/>\n<meta name=\"robots\" content=\"index, follow, max-snippet:-1, max-image-preview:large, max-video-preview:-1\" \/>\n<link rel=\"canonical\" href=\"https:\/\/retradycja.eu\/en\/artysta\/ewa-grochowska\/\" \/>\n<meta property=\"og:locale\" content=\"en_US\" \/>\n<meta property=\"og:type\" content=\"article\" \/>\n<meta property=\"og:title\" content=\"Ewa Grochowska\" \/>\n<meta property=\"og:description\" content=\"The violinist and singer draws inspiration from authentic source traditional music and culture in which she was raised\" \/>\n<meta property=\"og:url\" content=\"https:\/\/retradycja.eu\/en\/artysta\/ewa-grochowska\/\" \/>\n<meta property=\"og:site_name\" content=\"Jarmark Jagiello\u0144ski\" \/>\n<meta property=\"article:publisher\" content=\"https:\/\/www.facebook.com\/retradycja\" \/>\n<meta property=\"article:modified_time\" content=\"2024-07-12T11:53:36+00:00\" \/>\n<meta property=\"og:image\" content=\"https:\/\/retradycja.eu\/wp-content\/uploads\/2021\/08\/EG_fot_Zvika_Gregory_Portnoy.jpg\" \/>\n\t<meta property=\"og:image:width\" content=\"1920\" \/>\n\t<meta property=\"og:image:height\" content=\"1282\" \/>\n\t<meta property=\"og:image:type\" content=\"image\/jpeg\" \/>\n<meta name=\"twitter:card\" content=\"summary_large_image\" \/>\n<meta name=\"twitter:label1\" content=\"Est. reading time\" \/>\n\t<meta name=\"twitter:data1\" content=\"2 minutes\" \/>\n<script type=\"application\/ld+json\" class=\"yoast-schema-graph\">{\"@context\":\"https:\/\/schema.org\",\"@graph\":[{\"@type\":\"WebPage\",\"@id\":\"https:\/\/retradycja.eu\/en\/artysta\/ewa-grochowska\/\",\"url\":\"https:\/\/retradycja.eu\/en\/artysta\/ewa-grochowska\/\",\"name\":\"Ewa Grochowska\",\"isPartOf\":{\"@id\":\"https:\/\/retradycja.eu\/pl\/#website\"},\"primaryImageOfPage\":{\"@id\":\"https:\/\/retradycja.eu\/en\/artysta\/ewa-grochowska\/#primaryimage\"},\"image\":{\"@id\":\"https:\/\/retradycja.eu\/en\/artysta\/ewa-grochowska\/#primaryimage\"},\"thumbnailUrl\":\"https:\/\/retradycja.eu\/wp-content\/uploads\/2020\/08\/Ewa_Grochowska_fot.P.Grochocki-e1563363615308.jpg\",\"datePublished\":\"2023-07-21T14:04:17+00:00\",\"dateModified\":\"2024-07-12T11:53:36+00:00\",\"description\":\"The violinist and singer draws inspiration from authentic source traditional music and culture in which she was raised\",\"breadcrumb\":{\"@id\":\"https:\/\/retradycja.eu\/en\/artysta\/ewa-grochowska\/#breadcrumb\"},\"inLanguage\":\"en-US\",\"potentialAction\":[{\"@type\":\"ReadAction\",\"target\":[\"https:\/\/retradycja.eu\/en\/artysta\/ewa-grochowska\/\"]}]},{\"@type\":\"ImageObject\",\"inLanguage\":\"en-US\",\"@id\":\"https:\/\/retradycja.eu\/en\/artysta\/ewa-grochowska\/#primaryimage\",\"url\":\"https:\/\/retradycja.eu\/wp-content\/uploads\/2020\/08\/Ewa_Grochowska_fot.P.Grochocki-e1563363615308.jpg\",\"contentUrl\":\"https:\/\/retradycja.eu\/wp-content\/uploads\/2020\/08\/Ewa_Grochowska_fot.P.Grochocki-e1563363615308.jpg\",\"width\":500,\"height\":331,\"caption\":\"\"},{\"@type\":\"BreadcrumbList\",\"@id\":\"https:\/\/retradycja.eu\/en\/artysta\/ewa-grochowska\/#breadcrumb\",\"itemListElement\":[{\"@type\":\"ListItem\",\"position\":1,\"name\":\"Strona g\u0142\u00f3wna\",\"item\":\"https:\/\/retradycja.eu\/en\/\"},{\"@type\":\"ListItem\",\"position\":2,\"name\":\"Ewa Grochowska\u00a0\"}]},{\"@type\":\"WebSite\",\"@id\":\"https:\/\/retradycja.eu\/pl\/#website\",\"url\":\"https:\/\/retradycja.eu\/pl\/\",\"name\":\"Jarmark Jagiello\u0144ski\",\"description\":\"The Jagiellonian Fair 21-23 August 2020 |  Lublin, Old Town\",\"publisher\":{\"@id\":\"https:\/\/retradycja.eu\/pl\/#organization\"},\"potentialAction\":[{\"@type\":\"SearchAction\",\"target\":{\"@type\":\"EntryPoint\",\"urlTemplate\":\"https:\/\/retradycja.eu\/pl\/?s={search_term_string}\"},\"query-input\":\"required name=search_term_string\"}],\"inLanguage\":\"en-US\"},{\"@type\":\"Organization\",\"@id\":\"https:\/\/retradycja.eu\/pl\/#organization\",\"name\":\"Warsztaty Kultury w Lublinie\",\"url\":\"https:\/\/retradycja.eu\/pl\/\",\"logo\":{\"@type\":\"ImageObject\",\"inLanguage\":\"en-US\",\"@id\":\"https:\/\/retradycja.eu\/pl\/#\/schema\/logo\/image\/\",\"url\":\"https:\/\/retradycja.eu\/wp-content\/uploads\/2022\/06\/logo_retradycje-01.png\",\"contentUrl\":\"https:\/\/retradycja.eu\/wp-content\/uploads\/2022\/06\/logo_retradycje-01.png\",\"width\":332,\"height\":63,\"caption\":\"Warsztaty Kultury w Lublinie\"},\"image\":{\"@id\":\"https:\/\/retradycja.eu\/pl\/#\/schema\/logo\/image\/\"},\"sameAs\":[\"https:\/\/www.facebook.com\/retradycja\",\"https:\/\/www.instagram.com\/retradycja_jarmarkjagiellonski\/\",\"https:\/\/www.youtube.com\/user\/JarmarkJagiellonski\"]}]}<\/script>\n<!-- \/ Yoast SEO plugin. -->","yoast_head_json":{"title":"Ewa Grochowska","description":"The violinist and singer draws inspiration from authentic source traditional music and culture in which she was raised","robots":{"index":"index","follow":"follow","max-snippet":"max-snippet:-1","max-image-preview":"max-image-preview:large","max-video-preview":"max-video-preview:-1"},"canonical":"https:\/\/retradycja.eu\/en\/artysta\/ewa-grochowska\/","og_locale":"en_US","og_type":"article","og_title":"Ewa Grochowska","og_description":"The violinist and singer draws inspiration from authentic source traditional music and culture in which she was raised","og_url":"https:\/\/retradycja.eu\/en\/artysta\/ewa-grochowska\/","og_site_name":"Jarmark Jagiello\u0144ski","article_publisher":"https:\/\/www.facebook.com\/retradycja","article_modified_time":"2024-07-12T11:53:36+00:00","og_image":[{"width":1920,"height":1282,"url":"https:\/\/retradycja.eu\/wp-content\/uploads\/2021\/08\/EG_fot_Zvika_Gregory_Portnoy.jpg","type":"image\/jpeg"}],"twitter_card":"summary_large_image","twitter_misc":{"Est. reading time":"2 minutes"},"schema":{"@context":"https:\/\/schema.org","@graph":[{"@type":"WebPage","@id":"https:\/\/retradycja.eu\/en\/artysta\/ewa-grochowska\/","url":"https:\/\/retradycja.eu\/en\/artysta\/ewa-grochowska\/","name":"Ewa Grochowska","isPartOf":{"@id":"https:\/\/retradycja.eu\/pl\/#website"},"primaryImageOfPage":{"@id":"https:\/\/retradycja.eu\/en\/artysta\/ewa-grochowska\/#primaryimage"},"image":{"@id":"https:\/\/retradycja.eu\/en\/artysta\/ewa-grochowska\/#primaryimage"},"thumbnailUrl":"https:\/\/retradycja.eu\/wp-content\/uploads\/2020\/08\/Ewa_Grochowska_fot.P.Grochocki-e1563363615308.jpg","datePublished":"2023-07-21T14:04:17+00:00","dateModified":"2024-07-12T11:53:36+00:00","description":"The violinist and singer draws inspiration from authentic source traditional music and culture in which she was raised","breadcrumb":{"@id":"https:\/\/retradycja.eu\/en\/artysta\/ewa-grochowska\/#breadcrumb"},"inLanguage":"en-US","potentialAction":[{"@type":"ReadAction","target":["https:\/\/retradycja.eu\/en\/artysta\/ewa-grochowska\/"]}]},{"@type":"ImageObject","inLanguage":"en-US","@id":"https:\/\/retradycja.eu\/en\/artysta\/ewa-grochowska\/#primaryimage","url":"https:\/\/retradycja.eu\/wp-content\/uploads\/2020\/08\/Ewa_Grochowska_fot.P.Grochocki-e1563363615308.jpg","contentUrl":"https:\/\/retradycja.eu\/wp-content\/uploads\/2020\/08\/Ewa_Grochowska_fot.P.Grochocki-e1563363615308.jpg","width":500,"height":331,"caption":""},{"@type":"BreadcrumbList","@id":"https:\/\/retradycja.eu\/en\/artysta\/ewa-grochowska\/#breadcrumb","itemListElement":[{"@type":"ListItem","position":1,"name":"Strona g\u0142\u00f3wna","item":"https:\/\/retradycja.eu\/en\/"},{"@type":"ListItem","position":2,"name":"Ewa Grochowska\u00a0"}]},{"@type":"WebSite","@id":"https:\/\/retradycja.eu\/pl\/#website","url":"https:\/\/retradycja.eu\/pl\/","name":"Jarmark Jagiello\u0144ski","description":"The Jagiellonian Fair 21-23 August 2020 |  Lublin, Old Town","publisher":{"@id":"https:\/\/retradycja.eu\/pl\/#organization"},"potentialAction":[{"@type":"SearchAction","target":{"@type":"EntryPoint","urlTemplate":"https:\/\/retradycja.eu\/pl\/?s={search_term_string}"},"query-input":"required name=search_term_string"}],"inLanguage":"en-US"},{"@type":"Organization","@id":"https:\/\/retradycja.eu\/pl\/#organization","name":"Warsztaty Kultury w Lublinie","url":"https:\/\/retradycja.eu\/pl\/","logo":{"@type":"ImageObject","inLanguage":"en-US","@id":"https:\/\/retradycja.eu\/pl\/#\/schema\/logo\/image\/","url":"https:\/\/retradycja.eu\/wp-content\/uploads\/2022\/06\/logo_retradycje-01.png","contentUrl":"https:\/\/retradycja.eu\/wp-content\/uploads\/2022\/06\/logo_retradycje-01.png","width":332,"height":63,"caption":"Warsztaty Kultury w Lublinie"},"image":{"@id":"https:\/\/retradycja.eu\/pl\/#\/schema\/logo\/image\/"},"sameAs":["https:\/\/www.facebook.com\/retradycja","https:\/\/www.instagram.com\/retradycja_jarmarkjagiellonski\/","https:\/\/www.youtube.com\/user\/JarmarkJagiellonski"]}]}},"_links":{"self":[{"href":"https:\/\/retradycja.eu\/en\/wp-json\/wp\/v2\/artysta\/50837"}],"collection":[{"href":"https:\/\/retradycja.eu\/en\/wp-json\/wp\/v2\/artysta"}],"about":[{"href":"https:\/\/retradycja.eu\/en\/wp-json\/wp\/v2\/types\/artysta"}],"wp:featuredmedia":[{"embeddable":true,"href":"https:\/\/retradycja.eu\/en\/wp-json\/wp\/v2\/media\/35001"}],"wp:attachment":[{"href":"https:\/\/retradycja.eu\/en\/wp-json\/wp\/v2\/media?parent=50837"}],"wp:term":[{"taxonomy":"kategoria_wydarzenia","embeddable":true,"href":"https:\/\/retradycja.eu\/en\/wp-json\/wp\/v2\/kategoria_wydarzenia?post=50837"},{"taxonomy":"edycja","embeddable":true,"href":"https:\/\/retradycja.eu\/en\/wp-json\/wp\/v2\/edycja?post=50837"}],"curies":[{"name":"wp","href":"https:\/\/api.w.org\/{rel}","templated":true}]}}

<p>The violinist and singer draws inspiration from authentic source traditional music and culture in which she was raised. </p>

<p>She was a student of the fiddler Jan Gaca from Przystałowice Małe (between 2000-2013).</p>

<p>She is an enthusiast of traditional village wedding singing which leaves no room  for half-heartedness. She has been learning this art from village singers in Poland, Ukraine, and Belarus since 1999.&#13;
&#13;
Starting from 2004, she has been sharing her experiences through various workshops. Apart from her workshops, she actively participates in several music groups and projects, including Tęgie Chłopy, Z Lasu, Warszawa Wschodnia, The Jagiellonian Fair Orchestra, MZK Toruń, Bujne Ziele, and PoMore TanzOrkiestra. Her talent and dedication have been acknowledged through scholarships awarded by the Minister of Culture and National Heritage in 2006, 2014, and 2018. Additionally, she holds a Ph.D. in humanities.&#13;
&#13;
 &#13;
&#13;
 </p>

<!-- This site is optimized with the Yoast SEO plugin v22.2 - https://yoast.com/wordpress/plugins/seo/ -->
<title>Ewa Grochowska</title>
<meta name="description" content="The violinist and singer draws inspiration from authentic source traditional music and culture in which she was raised" />
<meta name="robots" content="index, follow, max-snippet:-1, max-image-preview:large, max-video-preview:-1" />
<link rel="canonical" href="https://retradycja.eu/en/artysta/ewa-grochowska/" />
<meta property="og:locale" content="en_US" />
<meta property="og:type" content="article" />
<meta property="og:title" content="Ewa Grochowska" />
<meta property="og:description" content="The violinist and singer draws inspiration from authentic source traditional music and culture in which she was raised" />
<meta property="og:url" content="https://retradycja.eu/en/artysta/ewa-grochowska/" />
<meta property="og:site_name" content="Jarmark Jagielloński" />
<meta property="article:publisher" content="https://www.facebook.com/retradycja" />
<meta property="article:modified_time" content="2024-07-12T11:53:36+00:00" />
<meta property="og:image" content="https://retradycja.eu/wp-content/uploads/2021/08/EG_fot_Zvika_Gregory_Portnoy.jpg" />
	<meta property="og:image:width" content="1920" />
	<meta property="og:image:height" content="1282" />
	<meta property="og:image:type" content="image/jpeg" />
<meta name="twitter:card" content="summary_large_image" />
<meta name="twitter:label1" content="Est. reading time" />
	<meta name="twitter:data1" content="2 minutes" />
<script type="application/ld+json" class="yoast-schema-graph">{"@context":"https://schema.org","@graph":[{"@type":"WebPage","@id":"https://retradycja.eu/en/artysta/ewa-grochowska/","url":"https://retradycja.eu/en/artysta/ewa-grochowska/","name":"Ewa Grochowska","isPartOf":{"@id":"https://retradycja.eu/pl/#website"},"primaryImageOfPage":{"@id":"https://retradycja.eu/en/artysta/ewa-grochowska/#primaryimage"},"image":{"@id":"https://retradycja.eu/en/artysta/ewa-grochowska/#primaryimage"},"thumbnailUrl":"https://retradycja.eu/wp-content/uploads/2020/08/Ewa_Grochowska_fot.P.Grochocki-e1563363615308.jpg","datePublished":"2023-07-21T14:04:17+00:00","dateModified":"2024-07-12T11:53:36+00:00","description":"The violinist and singer draws inspiration from authentic source traditional music and culture in which she was raised","breadcrumb":{"@id":"https://retradycja.eu/en/artysta/ewa-grochowska/#breadcrumb"},"inLanguage":"en-US","potentialAction":[{"@type":"ReadAction","target":["https://retradycja.eu/en/artysta/ewa-grochowska/"]}]},{"@type":"ImageObject","inLanguage":"en-US","@id":"https://retradycja.eu/en/artysta/ewa-grochowska/#primaryimage","url":"https://retradycja.eu/wp-content/uploads/2020/08/Ewa_Grochowska_fot.P.Grochocki-e1563363615308.jpg","contentUrl":"https://retradycja.eu/wp-content/uploads/2020/08/Ewa_Grochowska_fot.P.Grochocki-e1563363615308.jpg","width":500,"height":331,"caption":""},{"@type":"BreadcrumbList","@id":"https://retradycja.eu/en/artysta/ewa-grochowska/#breadcrumb","itemListElement":[{"@type":"ListItem","position":1,"name":"Strona główna","item":"https://retradycja.eu/en/"},{"@type":"ListItem","position":2,"name":"Ewa Grochowska "}]},{"@type":"WebSite","@id":"https://retradycja.eu/pl/#website","url":"https://retradycja.eu/pl/","name":"Jarmark Jagielloński","description":"The Jagiellonian Fair 21-23 August 2020 |  Lublin, Old Town","publisher":{"@id":"https://retradycja.eu/pl/#organization"},"potentialAction":[{"@type":"SearchAction","target":{"@type":"EntryPoint","urlTemplate":"https://retradycja.eu/pl/?s={search_term_string}"},"query-input":"required name=search_term_string"}],"inLanguage":"en-US"},{"@type":"Organization","@id":"https://retradycja.eu/pl/#organization","name":"Warsztaty Kultury w Lublinie","url":"https://retradycja.eu/pl/","logo":{"@type":"ImageObject","inLanguage":"en-US","@id":"https://retradycja.eu/pl/#/schema/logo/image/","url":"https://retradycja.eu/wp-content/uploads/2022/06/logo_retradycje-01.png","contentUrl":"https://retradycja.eu/wp-content/uploads/2022/06/logo_retradycje-01.png","width":332,"height":63,"caption":"Warsztaty Kultury w Lublinie"},"image":{"@id":"https://retradycja.eu/pl/#/schema/logo/image/"},"sameAs":["https://www.facebook.com/retradycja","https://www.instagram.com/retradycja_jarmarkjagiellonski/","https://www.youtube.com/user/JarmarkJagiellonski"]}]}</script>
<!-- / Yoast SEO plugin. -->

Jarmark Jagielloński

Strona główna
